{"text_format":"1","workbook":"xlsx","n_sheets":10,"sheets":["PA Form","Union Code","Job Code","HR Account Info","Action Reason","Class","Type","Dept","Location","Pay"],"not_rendered":{"charts":0,"images":1,"macros":1,"external_links":0,"defined_names":14,"comments":1,"pivot_tables":0},"unopened":[],"bounds":{"document_bytes":16777216,"sheet_cells":100000,"rows_first":2000,"rows_last":500,"rows_between":2000,"halvings":0,"cell_chars":16384,"cell_head_chars":4096},"cells_cut":0,"cells_raw":0,"read":"whole","date_system":"1900"}

{"sheet":"PA Form","index":0,"n_rows":70,"n_cols":25,"rows_kept":70,"cut":false,"hidden":false,"merged":[[34,8,34,11],[34,17,34,18],[0,0,19,0],[20,0,54,0],[18,6,18,7],[49,2,49,3],[51,2,51,3],[23,5,23,6],[2,4,2,12],[23,2,23,3],[20,1,21,1],[25,8,25,11],[30,5,30,6],[27,8,27,11],[28,8,28,11],[29,8,29,11],[25,2,25,3],[36,2,36,3],[42,2,42,3],[43,5,43,6],[42,5,42,6],[37,1,37,13],[43,8,43,11],[48,5,48,6],[43,2,43,3],[41,2,41,3],[44,2,44,3],[45,2,45,3],[38,8,38,11],[38,2,38,3],[41,5,41,6],[40,5,40,6],[40,2,40,3],[39,2,39,3],[42,8,42,11],[39,5,39,6],[44,8,44,11],[45,5,45,6],[44,5,44,6],[38,5,38,6],[41,8,41,11],[39,8,39,11],[45,8,45,11],[54,17,54,18],[63,1,63,5],[56,4,59,23],[65,6,65,7],[63,6,63,7],[63,22,63,24],[61,17,61,20],[61,23,61,24],[65,22,65,24],[63,16,63,21],[61,12,61,13],[65,16,65,21],[61,5,61,7],[55,0,67,0],[52,2,52,3],[65,1,65,5],[52,5,52,6],[53,1,53,13],[65,9,65,13],[46,15,46,16],[63,9,63,13],[61,14,61,16],[53,15,53,16],[47,15,47,16],[61,8,61,11],[54,15,54,16],[46,8,46,11],[46,2,46,3],[47,2,47,3],[51,5,51,6],[52,8,52,11],[48,8,48,11],[50,2,50,3],[49,5,49,6],[49,8,49,11],[50,8,50,11],[50,5,50,6],[53,17,53,18],[51,17,51,18],[45,17,45,18],[44,17,44,18],[49,15,49,16],[48,15,48,16],[52,21,52,22],[51,19,51,20],[45,19,45,20],[52,15,52,16],[47,17,47,18],[48,17,48,18],[50,15,50,16],[44,15,44,16],[51,15,51,16],[45,15,45,16],[50,19,50,20],[48,21,48,22],[51,21,51,22],[46,21,46,22],[46,17,46,18],[53,19,53,22],[48,2,48,3],[42,15,42,16],[52,23,52,24],[50,23,50,24],[49,23,49,24],[48,23,48,24],[44,19,44,20],[43,19,43,20],[46,19,46,20],[52,19,52,20],[52,17,52,18],[45,23,45,24],[46,23,46,24],[43,17,43,18],[51,23,51,24],[48,19,48,20],[47,19,47,20],[49,19,49,20],[47,23,47,24],[43,15,43,16],[47,8,47,11],[47,5,47,6],[46,5,46,6],[51,8,51,11],[25,23,25,24],[33,19,33,20],[42,17,42,18],[42,19,42,20],[50,17,50,18],[49,17,49,18],[41,17,41,18],[41,19,41,20],[27,23,27,24],[31,21,31,22],[27,21,27,22],[38,21,38,22],[40,21,40,22],[38,23,38,24],[49,21,49,22],[50,21,50,22],[43,21,43,22],[41,21,41,22],[42,21,42,22],[47,21,47,22],[44,21,44,22],[45,21,45,22],[39,19,39,20],[26,17,26,18],[0,22,0,24],[24,19,24,20],[0,19,0,21],[20,19,20,22],[24,23,24,24],[23,17,23,18],[23,19,23,20],[4,17,4,19],[22,23,22,24],[22,21,22,22],[22,19,22,20],[23,21,23,22],[14,15,14,19],[16,19,16,21],[2,14,2,24],[12,8,12,15],[23,15,23,16],[24,15,24,16],[24,8,24,11],[24,21,24,22],[8,3,8,8],[10,3,10,8],[24,2,24,3],[22,15,22,16],[25,21,25,22],[25,19,25,20],[29,21,29,22],[29,2,29,3],[31,5,31,6],[26,5,26,6],[25,5,25,6],[31,2,31,3],[26,8,26,11],[26,21,26,22],[28,15,28,16],[31,8,31,11],[30,8,30,11],[28,19,28,20],[28,17,28,18],[27,15,27,16],[27,17,27,18],[28,2,28,3],[25,15,25,16],[26,15,26,16],[24,17,24,18],[33,5,33,6],[32,17,32,18],[27,2,27,3],[26,2,26,3],[22,5,22,6],[32,8,32,11],[29,15,29,16],[28,5,28,6],[27,5,27,6],[29,5,29,6],[33,15,33,16],[32,5,32,6],[22,2,22,3],[40,19,40,20],[39,21,39,22],[37,19,37,22],[32,2,32,3],[32,19,32,20],[32,21,32,22],[35,2,35,3],[34,2,34,3],[22,17,22,18],[27,19,27,20],[26,19,26,20],[30,2,30,3],[31,15,31,16],[32,15,32,16],[24,5,24,6],[36,17,36,18],[37,15,37,16],[37,17,37,18],[36,19,36,20],[33,2,33,3],[23,8,23,11],[22,8,22,11],[25,17,25,18],[33,8,33,11],[43,23,43,24],[44,23,44,24],[36,5,36,6],[29,19,29,20],[31,17,31,18],[33,17,33,18],[30,19,30,20],[31,19,31,20],[39,23,39,24],[41,15,41,16],[38,15,38,16],[42,23,42,24],[41,23,41,24],[40,23,40,24],[38,19,38,20],[40,17,40,18],[40,8,40,11],[38,17,38,18],[40,15,40,16],[34,5,34,6],[35,5,35,6],[39,17,39,18],[36,15,36,16],[39,15,39,16],[28,23,28,24],[36,23,36,24],[23,23,23,24],[29,23,29,24],[28,21,28,22],[26,23,26,24],[30,21,30,22],[30,23,30,24],[36,8,36,11],[32,23,32,24],[31,23,31,24],[36,21,36,22],[33,23,33,24],[33,21,33,22],[35,21,35,22],[34,15,34,16],[34,19,34,20],[35,8,35,11],[35,15,35,16],[35,17,35,18],[35,19,35,20],[29,17,29,18],[30,17,30,18],[30,15,30,16],[4,8,4,11],[4,12,4,13],[9,22,9,23],[10,22,10,23],[12,22,12,23],[20,23,21,24],[7,22,7,23],[14,21,14,23],[21,21,21,22],[18,17,18,19],[18,22,18,23],[4,1,4,4],[20,15,21,16],[14,4,14,5],[16,11,16,12],[16,4,16,6],[4,23,4,24],[14,8,14,9],[12,4,12,5],[20,13,21,13],[20,2,21,3],[20,5,21,6],[20,7,21,7],[20,8,21,11],[20,4,21,4],[20,17,21,18],[20,12,21,12],[20,14,21,14],[6,22,6,24],[21,19,21,20],[8,22,8,23],[8,11,8,16],[10,11,10,16],[18,8,18,12],[4,5,4,7]]}
["Section 1",null,null,null,null,null,null,null,null,null,null,null,"University of Massachusetts Medical School",null,null,null,null,null,null,"Date filled in:",null,null,{"$f":"TODAY()","v":"2021-04-23"}]
[null,null,null,null,null,null,null,null,null,null,null,null,"Personnel Action Form"]
[null,null,null,null,"Gray shaded fields are formulas and will fill in automatically.",null,null,null,null,null,null,null,null,null,"If this person is on a VISA, please contact Immigration Services before making any changes"]
[]
[null,"     1. Employee Name:",null,null,null,null,null,null,null,null,null,null,null,null,"         2.  Employee ID:",null,null,null,null,null,"2a.","Requisition #:"]
[null,null,null,null,null,"       Last Name",null,null,"    First Name",null,null,null,"          Middle Initial"]
[null,null,null,null,null,null,null,null,null,null,null,null,null,null,null,null,null,null,null,null,null,null," "]
[null,null,"3.","Action Code/Action Reason   Choose all applicable actions",null,null,null,null,null,null,null,null,null,null,null,null,null,null,"4.  Effective Begin Date"]
[null,null,"A.",null,null,null,null,null,null,null,"C.",null,null,null,null,null,null,null,"5.  Effective End Date"]
[null,null,null,null,null,null,null,null,null,null,null,null,null,null,null,null,null,null,"6.  Expected Return Date"]
[null,null,"B.",null,null,null,null,null,null,null,"D.",null,null,null,null,null,null,null,"7.  Position Number"]
[]
[null," 8. Job Code:",null,null,null,null,"          9. Job Title:",null,{"$f":"IFERROR(VLOOKUP(E13,'Job Code'!A1:E5717,2,FALSE), 0)","v":0},null,null,null,null,null,null,null,"10. Grade:",{"$f":"IFERROR(VLOOKUP(E13,'Job Code'!A1:E5772,3,FALSE), 0)","v":0},"11. Step:",null,"  12. Class:"]
[]
[null," 13. Emp. Type:",null,null,null,null,"14. Weekly Hours:",null,null,null,"  15. FTE:",null,{"$f":"I15/40","v":0},"  16. Home Dept.:",null,null,null,null,null,null,"17. Loc:"]
[]
[null,"18. Union Code:",null,null,null,null,null,"  19. Pay Frequency:",null,null,null,null,null,"  20. Leased",null,null,"21. Annual Rate Change:",null,null,{"$f":"IF(R19>0,W19-G19,0)","v":0},null,null,null,{"$f":"IF(AND(G19>0,R19=\"\"),\"0%\",(T17/G19))","v":{"$error":"#DIV/0!"}}]
[]
[null,"  22. Curr. Annual Rate: Base",null,null,null,null,null,null,null,null,null,null,null,"        23. New Annual Rate:   Base:",null,null,null,null,null,null,null,null,{"$f":"IF(AND(R19<>G19,R19<>0),R19, 0)","v":0}]
[]
["Section 2",null,"24.\nHR Acct\nCode",null,"25.\nFund","26.\nDepartment ID",null,"27.\nProgram","28.\nProject /\nGrant",null,null,null,"29.\nClass","30.\nEarn Code","31.\nChart\nString\n% Split","32.\nComp Rate\nBi-Weekly\n or Hourly",null,"33.\nAnnual \nRate",null,"34.\nEncumbrance Exceptions"]
[null,null,null,null,null,null,null,null,null,null,null,null,null,null,null,null,null,null,null,"End Date",null,"Fixed Amt."]
[null,"a",null,null,{"$f":"IFERROR(VLOOKUP(C23,'HR Account Info'!$A$2:$F$9702,2,FALSE),0)","v":0},{"$f":"IFERROR(VLOOKUP(C23,'HR Account Info'!$A$2:$F$9702,3,FALSE),0)","v":0},{"$f":"IF($C23<>0,IF(LEFT(#REF!,2)=\"No\",\"#####\",#REF!),\"\")","v":""},{"$f":"IFERROR(VLOOKUP(C23,'HR Account Info'!$A$2:$F$9702,4,FALSE),0)","v":0},{"$f":"IFERROR(VLOOKUP(C23,'HR Account Info'!$A$2:$F$9702,5,FALSE),0)","v":0},{"$f":"IF($C23<>0,IF(LEFT(#REF!,2)=\"No\",\"#####\",#REF!),\"\")","v":""},{"$f":"IF($C23<>0,IF(LEFT(#REF!,2)=\"No\",\"#####\",#REF!),\"\")","v":""},{"$f":"IF($C23<>0,IF(LEFT(#REF!,2)=\"No\",\"#####\",#REF!),\"\")","v":""},{"$f":"IFERROR(VLOOKUP(C23,'HR Account Info'!$A$2:$F$9702,6,FALSE),0)","v":0},null,null,{"$f":"IF(O23=\"\",0,(IF(L$17=\"hourly\",(G$19+T$17)/(2080*M$15),IF(L$17=\"Bi-Weekly\",(G$19+$T$17)/26)*O23)))","v":0},null,{"$f":"(G$19+T$17)*O23","v":0}]
[null,"b",null,null,{"$f":"IFERROR(VLOOKUP(C24,'HR Account Info'!$A$2:$F$9702,2,FALSE),0)","v":0},{"$f":"IFERROR(VLOOKUP(C24,'HR Account Info'!$A$2:$F$9702,3,FALSE),0)","v":0},{"$f":"IF($C24<>0,IF(LEFT(#REF!,2)=\"No\",\"#####\",#REF!),\"\")","v":""},{"$f":"IFERROR(VLOOKUP(C24,'HR Account Info'!$A$2:$F$9702,4,FALSE),0)","v":0},{"$f":"IFERROR(VLOOKUP(C24,'HR Account Info'!$A$2:$F$9702,5,FALSE),0)","v":0},{"$f":"IF($C24<>0,IF(LEFT(#REF!,2)=\"No\",\"#####\",#REF!),\"\")","v":""},{"$f":"IF($C24<>0,IF(LEFT(#REF!,2)=\"No\",\"#####\",#REF!),\"\")","v":""},{"$f":"IF($C24<>0,IF(LEFT(#REF!,2)=\"No\",\"#####\",#REF!),\"\")","v":""},{"$f":"IFERROR(VLOOKUP(C24,'HR Account Info'!$A$2:$F$9702,6,FALSE),0)","v":0},null,null,{"$f":"IF(O24=\"\",0,(IF(L$17=\"hourly\",(G$19+T$17)/(2080*M$15),IF(L$17=\"Bi-Weekly\",(G$19+$T$17)/26)*O24)))","v":0},null,{"$f":"(G$19+T$17)*O24","v":0}]
[null,"c",null,null,{"$f":"IFERROR(VLOOKUP(C25,'HR Account Info'!$A$2:$F$9702,2,FALSE),0)","v":0},{"$f":"IFERROR(VLOOKUP(C25,'HR Account Info'!$A$2:$F$9702,3,FALSE),0)","v":0},{"$f":"IF($C25<>0,IF(LEFT(#REF!,2)=\"No\",\"#####\",#REF!),\"\")","v":""},{"$f":"IFERROR(VLOOKUP(C25,'HR Account Info'!$A$2:$F$9702,4,FALSE),0)","v":0},{"$f":"IFERROR(VLOOKUP(C25,'HR Account Info'!$A$2:$F$9702,5,FALSE),0)","v":0},{"$f":"IF($C25<>0,IF(LEFT(#REF!,2)=\"No\",\"#####\",#REF!),\"\")","v":""},{"$f":"IF($C25<>0,IF(LEFT(#REF!,2)=\"No\",\"#####\",#REF!),\"\")","v":""},{"$f":"IF($C25<>0,IF(LEFT(#REF!,2)=\"No\",\"#####\",#REF!),\"\")","v":""},{"$f":"IFERROR(VLOOKUP(C25,'HR Account Info'!$A$2:$F$9702,6,FALSE),0)","v":0},null,null,0,null,0]
[null,"d",null,null,{"$f":"IFERROR(VLOOKUP(C26,'HR Account Info'!$A$2:$F$9702,2,FALSE),0)","v":0},{"$f":"IFERROR(VLOOKUP(C26,'HR Account Info'!$A$2:$F$9702,3,FALSE),0)","v":0},{"$f":"IF($C26<>0,IF(LEFT(#REF!,2)=\"No\",\"#####\",#REF!),\"\")","v":""},{"$f":"IFERROR(VLOOKUP(C26,'HR Account Info'!$A$2:$F$9702,4,FALSE),0)","v":0},{"$f":"IFERROR(VLOOKUP(C26,'HR Account Info'!$A$2:$F$9702,5,FALSE),0)","v":0},{"$f":"IF($C26<>0,IF(LEFT(#REF!,2)=\"No\",\"#####\",#REF!),\"\")","v":""},{"$f":"IF($C26<>0,IF(LEFT(#REF!,2)=\"No\",\"#####\",#REF!),\"\")","v":""},{"$f":"IF($C26<>0,IF(LEFT(#REF!,2)=\"No\",\"#####\",#REF!),\"\")","v":""},{"$f":"IFERROR(VLOOKUP(C26,'HR Account Info'!$A$2:$F$9702,6,FALSE),0)","v":0},null,null,0,null,0]
[null,"e",null,null,{"$f":"IFERROR(VLOOKUP(C27,'HR Account Info'!$A$2:$F$9702,2,FALSE),0)","v":0},{"$f":"IFERROR(VLOOKUP(C27,'HR Account Info'!$A$2:$F$9702,3,FALSE),0)","v":0},{"$f":"IF($C27<>0,IF(LEFT(#REF!,2)=\"No\",\"#####\",#REF!),\"\")","v":""},{"$f":"IFERROR(VLOOKUP(C27,'HR Account Info'!$A$2:$F$9702,4,FALSE),0)","v":0},{"$f":"IFERROR(VLOOKUP(C27,'HR Account Info'!$A$2:$F$9702,5,FALSE),0)","v":0},{"$f":"IF($C27<>0,IF(LEFT(#REF!,2)=\"No\",\"#####\",#REF!),\"\")","v":""},{"$f":"IF($C27<>0,IF(LEFT(#REF!,2)=\"No\",\"#####\",#REF!),\"\")","v":""},{"$f":"IF($C27<>0,IF(LEFT(#REF!,2)=\"No\",\"#####\",#REF!),\"\")","v":""},{"$f":"IFERROR(VLOOKUP(C27,'HR Account Info'!$A$2:$F$9702,6,FALSE),0)","v":0},null,null,0,null,0]
[null,"f",null,null,{"$f":"IFERROR(VLOOKUP(C28,'HR Account Info'!$A$2:$F$9702,2,FALSE),0)","v":0},{"$f":"IFERROR(VLOOKUP(C28,'HR Account Info'!$A$2:$F$9702,3,FALSE),0)","v":0},{"$f":"IF($C28<>0,IF(LEFT(#REF!,2)=\"No\",\"#####\",#REF!),\"\")","v":""},{"$f":"IFERROR(VLOOKUP(C28,'HR Account Info'!$A$2:$F$9702,4,FALSE),0)","v":0},{"$f":"IFERROR(VLOOKUP(C28,'HR Account Info'!$A$2:$F$9702,5,FALSE),0)","v":0},{"$f":"IF($C28<>0,IF(LEFT(#REF!,2)=\"No\",\"#####\",#REF!),\"\")","v":""},{"$f":"IF($C28<>0,IF(LEFT(#REF!,2)=\"No\",\"#####\",#REF!),\"\")","v":""},{"$f":"IF($C28<>0,IF(LEFT(#REF!,2)=\"No\",\"#####\",#REF!),\"\")","v":""},{"$f":"IFERROR(VLOOKUP(C28,'HR Account Info'!$A$2:$F$9702,6,FALSE),0)","v":0},null,null,0,null,0]
[null,"g",null,null,{"$f":"IFERROR(VLOOKUP(C29,'HR Account Info'!$A$2:$F$9702,2,FALSE),0)","v":0},{"$f":"IFERROR(VLOOKUP(C29,'HR Account Info'!$A$2:$F$9702,3,FALSE),0)","v":0},{"$f":"IF($C29<>0,IF(LEFT(#REF!,2)=\"No\",\"#####\",#REF!),\"\")","v":""},{"$f":"IFERROR(VLOOKUP(C29,'HR Account Info'!$A$2:$F$9702,4,FALSE),0)","v":0},{"$f":"IFERROR(VLOOKUP(C29,'HR Account Info'!$A$2:$F$9702,5,FALSE),0)","v":0},{"$f":"IF($C29<>0,IF(LEFT(#REF!,2)=\"No\",\"#####\",#REF!),\"\")","v":""},{"$f":"IF($C29<>0,IF(LEFT(#REF!,2)=\"No\",\"#####\",#REF!),\"\")","v":""},{"$f":"IF($C29<>0,IF(LEFT(#REF!,2)=\"No\",\"#####\",#REF!),\"\")","v":""},{"$f":"IFERROR(VLOOKUP(C29,'HR Account Info'!$A$2:$F$9702,6,FALSE),0)","v":0},null,null,0,null,0]
[null,"h",null,null,{"$f":"IFERROR(VLOOKUP(C30,'HR Account Info'!$A$2:$F$9702,2,FALSE),0)","v":0},{"$f":"IFERROR(VLOOKUP(C30,'HR Account Info'!$A$2:$F$9702,3,FALSE),0)","v":0},{"$f":"IF($C30<>0,IF(LEFT(#REF!,2)=\"No\",\"#####\",#REF!),\"\")","v":""},{"$f":"IFERROR(VLOOKUP(C30,'HR Account Info'!$A$2:$F$9702,4,FALSE),0)","v":0},{"$f":"IFERROR(VLOOKUP(C30,'HR Account Info'!$A$2:$F$9702,5,FALSE),0)","v":0},{"$f":"IF($C30<>0,IF(LEFT(#REF!,2)=\"No\",\"#####\",#REF!),\"\")","v":""},{"$f":"IF($C30<>0,IF(LEFT(#REF!,2)=\"No\",\"#####\",#REF!),\"\")","v":""},{"$f":"IF($C30<>0,IF(LEFT(#REF!,2)=\"No\",\"#####\",#REF!),\"\")","v":""},{"$f":"IFERROR(VLOOKUP(C30,'HR Account Info'!$A$2:$F$9702,6,FALSE),0)","v":0},null,null,0,null,0]
[null,"i",null,null,{"$f":"IFERROR(VLOOKUP(C31,'HR Account Info'!$A$2:$F$9702,2,FALSE),0)","v":0},{"$f":"IFERROR(VLOOKUP(C31,'HR Account Info'!$A$2:$F$9702,3,FALSE),0)","v":0},{"$f":"IF($C31<>0,IF(LEFT(#REF!,2)=\"No\",\"#####\",#REF!),\"\")","v":""},{"$f":"IFERROR(VLOOKUP(C31,'HR Account Info'!$A$2:$F$9702,4,FALSE),0)","v":0},{"$f":"IFERROR(VLOOKUP(C31,'HR Account Info'!$A$2:$F$9702,5,FALSE),0)","v":0},{"$f":"IF($C31<>0,IF(LEFT(#REF!,2)=\"No\",\"#####\",#REF!),\"\")","v":""},{"$f":"IF($C31<>0,IF(LEFT(#REF!,2)=\"No\",\"#####\",#REF!),\"\")","v":""},{"$f":"IF($C31<>0,IF(LEFT(#REF!,2)=\"No\",\"#####\",#REF!),\"\")","v":""},{"$f":"IFERROR(VLOOKUP(C31,'HR Account Info'!$A$2:$F$9702,6,FALSE),0)","v":0},null,null,0,null,0]
[null,"j",null,null,{"$f":"IFERROR(VLOOKUP(C32,'HR Account Info'!$A$2:$F$9702,2,FALSE),0)","v":0},{"$f":"IFERROR(VLOOKUP(C32,'HR Account Info'!$A$2:$F$9702,3,FALSE),0)","v":0},{"$f":"IF($C32<>0,IF(LEFT(#REF!,2)=\"No\",\"#####\",#REF!),\"\")","v":""},{"$f":"IFERROR(VLOOKUP(C32,'HR Account Info'!$A$2:$F$9702,4,FALSE),0)","v":0},{"$f":"IFERROR(VLOOKUP(C32,'HR Account Info'!$A$2:$F$9702,5,FALSE),0)","v":0},{"$f":"IF($C32<>0,IF(LEFT(#REF!,2)=\"No\",\"#####\",#REF!),\"\")","v":""},{"$f":"IF($C32<>0,IF(LEFT(#REF!,2)=\"No\",\"#####\",#REF!),\"\")","v":""},{"$f":"IF($C32<>0,IF(LEFT(#REF!,2)=\"No\",\"#####\",#REF!),\"\")","v":""},{"$f":"IFERROR(VLOOKUP(C32,'HR Account Info'!$A$2:$F$9702,6,FALSE),0)","v":0},null,null,0,null,0]
[null,"k",null,null,{"$f":"IFERROR(VLOOKUP(C33,'HR Account Info'!$A$2:$F$9702,2,FALSE),0)","v":0},{"$f":"IFERROR(VLOOKUP(C33,'HR Account Info'!$A$2:$F$9702,3,FALSE),0)","v":0},{"$f":"IF($C33<>0,IF(LEFT(#REF!,2)=\"No\",\"#####\",#REF!),\"\")","v":""},{"$f":"IFERROR(VLOOKUP(C33,'HR Account Info'!$A$2:$F$9702,4,FALSE),0)","v":0},{"$f":"IFERROR(VLOOKUP(C33,'HR Account Info'!$A$2:$F$9702,5,FALSE),0)","v":0},{"$f":"IF($C33<>0,IF(LEFT(#REF!,2)=\"No\",\"#####\",#REF!),\"\")","v":""},{"$f":"IF($C33<>0,IF(LEFT(#REF!,2)=\"No\",\"#####\",#REF!),\"\")","v":""},{"$f":"IF($C33<>0,IF(LEFT(#REF!,2)=\"No\",\"#####\",#REF!),\"\")","v":""},{"$f":"IFERROR(VLOOKUP(C33,'HR Account Info'!$A$2:$F$9702,6,FALSE),0)","v":0},null,null,0,null,0]
[null,"l",null,null,{"$f":"IFERROR(VLOOKUP(C34,'HR Account Info'!$A$2:$F$9702,2,FALSE),0)","v":0},{"$f":"IFERROR(VLOOKUP(C34,'HR Account Info'!$A$2:$F$9702,3,FALSE),0)","v":0},{"$f":"IF($C34<>0,IF(LEFT(#REF!,2)=\"No\",\"#####\",#REF!),\"\")","v":""},{"$f":"IFERROR(VLOOKUP(C34,'HR Account Info'!$A$2:$F$9702,4,FALSE),0)","v":0},{"$f":"IFERROR(VLOOKUP(C34,'HR Account Info'!$A$2:$F$9702,5,FALSE),0)","v":0},{"$f":"IF($C34<>0,IF(LEFT(#REF!,2)=\"No\",\"#####\",#REF!),\"\")","v":""},{"$f":"IF($C34<>0,IF(LEFT(#REF!,2)=\"No\",\"#####\",#REF!),\"\")","v":""},{"$f":"IF($C34<>0,IF(LEFT(#REF!,2)=\"No\",\"#####\",#REF!),\"\")","v":""},{"$f":"IFERROR(VLOOKUP(C34,'HR Account Info'!$A$2:$F$9702,6,FALSE),0)","v":0},null,null,0,null,0]
[null,"m",null,null,{"$f":"IFERROR(VLOOKUP(C35,'HR Account Info'!$A$2:$F$9702,2,FALSE),0)","v":0},{"$f":"IFERROR(VLOOKUP(C35,'HR Account Info'!$A$2:$F$9702,3,FALSE),0)","v":0},{"$f":"IF($C35<>0,IF(LEFT(#REF!,2)=\"No\",\"#####\",#REF!),\"\")","v":""},{"$f":"IFERROR(VLOOKUP(C35,'HR Account Info'!$A$2:$F$9702,4,FALSE),0)","v":0},{"$f":"IFERROR(VLOOKUP(C35,'HR Account Info'!$A$2:$F$9702,5,FALSE),0)","v":0},{"$f":"IF($C35<>0,IF(LEFT(#REF!,2)=\"No\",\"#####\",#REF!),\"\")","v":""},{"$f":"IF($C35<>0,IF(LEFT(#REF!,2)=\"No\",\"#####\",#REF!),\"\")","v":""},{"$f":"IF($C35<>0,IF(LEFT(#REF!,2)=\"No\",\"#####\",#REF!),\"\")","v":""},{"$f":"IFERROR(VLOOKUP(C35,'HR Account Info'!$A$2:$F$9702,6,FALSE),0)","v":0},null,null,0,null,0]
[null,"n",null,null,{"$f":"IFERROR(VLOOKUP(C36,'HR Account Info'!$A$2:$F$9702,2,FALSE),0)","v":0},{"$f":"IFERROR(VLOOKUP(C36,'HR Account Info'!$A$2:$F$9702,3,FALSE),0)","v":0},{"$f":"IF($C36<>0,IF(LEFT(#REF!,2)=\"No\",\"#####\",#REF!),\"\")","v":""},{"$f":"IFERROR(VLOOKUP(C36,'HR Account Info'!$A$2:$F$9702,4,FALSE),0)","v":0},{"$f":"IFERROR(VLOOKUP(C36,'HR Account Info'!$A$2:$F$9702,5,FALSE),0)","v":0},{"$f":"IF($C36<>0,IF(LEFT(#REF!,2)=\"No\",\"#####\",#REF!),\"\")","v":""},{"$f":"IF($C36<>0,IF(LEFT(#REF!,2)=\"No\",\"#####\",#REF!),\"\")","v":""},{"$f":"IF($C36<>0,IF(LEFT(#REF!,2)=\"No\",\"#####\",#REF!),\"\")","v":""},{"$f":"IFERROR(VLOOKUP(C36,'HR Account Info'!$A$2:$F$9702,6,FALSE),0)","v":0},null,null,0,null,0]
[null,"o",null,null,{"$f":"IFERROR(VLOOKUP(C37,'HR Account Info'!$A$2:$F$9702,2,FALSE),0)","v":0},{"$f":"IFERROR(VLOOKUP(C37,'HR Account Info'!$A$2:$F$9702,3,FALSE),0)","v":0},{"$f":"IF($C37<>0,IF(LEFT(#REF!,2)=\"No\",\"#####\",#REF!),\"\")","v":""},{"$f":"IFERROR(VLOOKUP(C37,'HR Account Info'!$A$2:$F$9702,4,FALSE),0)","v":0},{"$f":"IFERROR(VLOOKUP(C37,'HR Account Info'!$A$2:$F$9702,5,FALSE),0)","v":0},{"$f":"IF($C37<>0,IF(LEFT(#REF!,2)=\"No\",\"#####\",#REF!),\"\")","v":""},{"$f":"IF($C37<>0,IF(LEFT(#REF!,2)=\"No\",\"#####\",#REF!),\"\")","v":""},{"$f":"IF($C37<>0,IF(LEFT(#REF!,2)=\"No\",\"#####\",#REF!),\"\")","v":""},{"$f":"IFERROR(VLOOKUP(C37,'HR Account Info'!$A$2:$F$9702,6,FALSE),0)","v":0},null,null,0,null,0]
[null,null,null,null,null,null,null,null,null,null,null,null,null,null,{"$f":"SUM(O23:O37)","v":0},{"$f":"IF(O38=\"\",0,IF($L$17=\"hourly\",($G$19+$T$17)/(2080*M15),SUM(P23:Q37)))","v":0},null,{"$f":"SUM(R23:S37)","v":0},null," "]
[null,"a",null,null,{"$f":"IFERROR(VLOOKUP(C39,'HR Account Info'!$A$2:$F$9702,2,FALSE),0)","v":0},{"$f":"IFERROR(VLOOKUP(C39,'HR Account Info'!$A$2:$F$9702,3,FALSE),0)","v":0},{"$f":"IF($C39<>0,IF(LEFT(#REF!,2)=\"No\",\"#####\",#REF!),\"\")","v":""},{"$f":"IFERROR(VLOOKUP(C39,'HR Account Info'!$A$2:$F$9702,4,FALSE),0)","v":0},{"$f":"IFERROR(VLOOKUP(C39,'HR Account Info'!$A$2:$F$9702,5,FALSE),0)","v":0},{"$f":"IF($C39<>0,IF(LEFT(#REF!,2)=\"No\",\"#####\",#REF!),\"\")","v":""},{"$f":"IF($C39<>0,IF(LEFT(#REF!,2)=\"No\",\"#####\",#REF!),\"\")","v":""},{"$f":"IF($C39<>0,IF(LEFT(#REF!,2)=\"No\",\"#####\",#REF!),\"\")","v":""},{"$f":"IFERROR(VLOOKUP(C39,'HR Account Info'!$A$2:$F$9702,6,FALSE),0)","v":0},null,null,{"$f":"IF(O39=\"\",0,(IF(L$17=\"hourly\",(G$19+T$17)/(2080*M$15),IF(L$17=\"Bi-Weekly\",(G$19+$T$17)/26)*O39)))","v":0},null,{"$f":"($G$19+$T$17)*O39","v":0}]
[null,"b",null,null,{"$f":"IFERROR(VLOOKUP(C40,'HR Account Info'!$A$2:$F$9702,2,FALSE),0)","v":0},{"$f":"IFERROR(VLOOKUP(C40,'HR Account Info'!$A$2:$F$9702,3,FALSE),0)","v":0},{"$f":"IF($C40<>0,IF(LEFT(#REF!,2)=\"No\",\"#####\",#REF!),\"\")","v":""},{"$f":"IFERROR(VLOOKUP(C40,'HR Account Info'!$A$2:$F$9702,4,FALSE),0)","v":0},{"$f":"IFERROR(VLOOKUP(C40,'HR Account Info'!$A$2:$F$9702,5,FALSE),0)","v":0},{"$f":"IF($C40<>0,IF(LEFT(#REF!,2)=\"No\",\"#####\",#REF!),\"\")","v":""},{"$f":"IF($C40<>0,IF(LEFT(#REF!,2)=\"No\",\"#####\",#REF!),\"\")","v":""},{"$f":"IF($C40<>0,IF(LEFT(#REF!,2)=\"No\",\"#####\",#REF!),\"\")","v":""},{"$f":"IFERROR(VLOOKUP(C40,'HR Account Info'!$A$2:$F$9702,6,FALSE),0)","v":0},null,null,{"$f":"IF(O40=\"\",0,(IF(L$17=\"hourly\",(G$19+T$17)/(2080*M$15),IF(L$17=\"Bi-Weekly\",(G$19+$T$17)/26)*O40)))","v":0},null,0]
[null,"c",null,null,{"$f":"IFERROR(VLOOKUP(C41,'HR Account Info'!$A$2:$F$9702,2,FALSE),0)","v":0},{"$f":"IFERROR(VLOOKUP(C41,'HR Account Info'!$A$2:$F$9702,3,FALSE),0)","v":0},{"$f":"IF($C41<>0,IF(LEFT(#REF!,2)=\"No\",\"#####\",#REF!),\"\")","v":""},{"$f":"IFERROR(VLOOKUP(C41,'HR Account Info'!$A$2:$F$9702,4,FALSE),0)","v":0},{"$f":"IFERROR(VLOOKUP(C41,'HR Account Info'!$A$2:$F$9702,5,FALSE),0)","v":0},{"$f":"IF($C41<>0,IF(LEFT(#REF!,2)=\"No\",\"#####\",#REF!),\"\")","v":""},{"$f":"IF($C41<>0,IF(LEFT(#REF!,2)=\"No\",\"#####\",#REF!),\"\")","v":""},{"$f":"IF($C41<>0,IF(LEFT(#REF!,2)=\"No\",\"#####\",#REF!),\"\")","v":""},{"$f":"IFERROR(VLOOKUP(C41,'HR Account Info'!$A$2:$F$9702,6,FALSE),0)","v":0},null,null,0,null,0]
[null,"d",null,null,{"$f":"IFERROR(VLOOKUP(C42,'HR Account Info'!$A$2:$F$9702,2,FALSE),0)","v":0},{"$f":"IFERROR(VLOOKUP(C42,'HR Account Info'!$A$2:$F$9702,3,FALSE),0)","v":0},{"$f":"IF($C42<>0,IF(LEFT(#REF!,2)=\"No\",\"#####\",#REF!),\"\")","v":""},{"$f":"IFERROR(VLOOKUP(C42,'HR Account Info'!$A$2:$F$9702,4,FALSE),0)","v":0},{"$f":"IFERROR(VLOOKUP(C42,'HR Account Info'!$A$2:$F$9702,5,FALSE),0)","v":0},{"$f":"IF($C42<>0,IF(LEFT(#REF!,2)=\"No\",\"#####\",#REF!),\"\")","v":""},{"$f":"IF($C42<>0,IF(LEFT(#REF!,2)=\"No\",\"#####\",#REF!),\"\")","v":""},{"$f":"IF($C42<>0,IF(LEFT(#REF!,2)=\"No\",\"#####\",#REF!),\"\")","v":""},{"$f":"IFERROR(VLOOKUP(C42,'HR Account Info'!$A$2:$F$9702,6,FALSE),0)","v":0},null,null,0,null,0]
[null,"e",null,null,{"$f":"IFERROR(VLOOKUP(C43,'HR Account Info'!$A$2:$F$9702,2,FALSE),0)","v":0},{"$f":"IFERROR(VLOOKUP(C43,'HR Account Info'!$A$2:$F$9702,3,FALSE),0)","v":0},{"$f":"IF($C43<>0,IF(LEFT(#REF!,2)=\"No\",\"#####\",#REF!),\"\")","v":""},{"$f":"IFERROR(VLOOKUP(C43,'HR Account Info'!$A$2:$F$9702,4,FALSE),0)","v":0},{"$f":"IFERROR(VLOOKUP(C43,'HR Account Info'!$A$2:$F$9702,5,FALSE),0)","v":0},{"$f":"IF($C43<>0,IF(LEFT(#REF!,2)=\"No\",\"#####\",#REF!),\"\")","v":""},{"$f":"IF($C43<>0,IF(LEFT(#REF!,2)=\"No\",\"#####\",#REF!),\"\")","v":""},{"$f":"IF($C43<>0,IF(LEFT(#REF!,2)=\"No\",\"#####\",#REF!),\"\")","v":""},{"$f":"IFERROR(VLOOKUP(C43,'HR Account Info'!$A$2:$F$9702,6,FALSE),0)","v":0},null,null,0,null,0]
[null,"f",null,null,{"$f":"IFERROR(VLOOKUP(C44,'HR Account Info'!$A$2:$F$9702,2,FALSE),0)","v":0},{"$f":"IFERROR(VLOOKUP(C44,'HR Account Info'!$A$2:$F$9702,3,FALSE),0)","v":0},{"$f":"IF($C44<>0,IF(LEFT(#REF!,2)=\"No\",\"#####\",#REF!),\"\")","v":""},{"$f":"IFERROR(VLOOKUP(C44,'HR Account Info'!$A$2:$F$9702,4,FALSE),0)","v":0},{"$f":"IFERROR(VLOOKUP(C44,'HR Account Info'!$A$2:$F$9702,5,FALSE),0)","v":0},{"$f":"IF($C44<>0,IF(LEFT(#REF!,2)=\"No\",\"#####\",#REF!),\"\")","v":""},{"$f":"IF($C44<>0,IF(LEFT(#REF!,2)=\"No\",\"#####\",#REF!),\"\")","v":""},{"$f":"IF($C44<>0,IF(LEFT(#REF!,2)=\"No\",\"#####\",#REF!),\"\")","v":""},{"$f":"IFERROR(VLOOKUP(C44,'HR Account Info'!$A$2:$F$9702,6,FALSE),0)","v":0},null,null,0,null,0]
[null,"g",null,null,{"$f":"IFERROR(VLOOKUP(C45,'HR Account Info'!$A$2:$F$9702,2,FALSE),0)","v":0},{"$f":"IFERROR(VLOOKUP(C45,'HR Account Info'!$A$2:$F$9702,3,FALSE),0)","v":0},{"$f":"IF($C45<>0,IF(LEFT(#REF!,2)=\"No\",\"#####\",#REF!),\"\")","v":""},{"$f":"IFERROR(VLOOKUP(C45,'HR Account Info'!$A$2:$F$9702,4,FALSE),0)","v":0},{"$f":"IFERROR(VLOOKUP(C45,'HR Account Info'!$A$2:$F$9702,5,FALSE),0)","v":0},{"$f":"IF($C45<>0,IF(LEFT(#REF!,2)=\"No\",\"#####\",#REF!),\"\")","v":""},{"$f":"IF($C45<>0,IF(LEFT(#REF!,2)=\"No\",\"#####\",#REF!),\"\")","v":""},{"$f":"IF($C45<>0,IF(LEFT(#REF!,2)=\"No\",\"#####\",#REF!),\"\")","v":""},{"$f":"IFERROR(VLOOKUP(C45,'HR Account Info'!$A$2:$F$9702,6,FALSE),0)","v":0},null,null,0,null,0]
[null,"h",null,null,{"$f":"IFERROR(VLOOKUP(C46,'HR Account Info'!$A$2:$F$9702,2,FALSE),0)","v":0},{"$f":"IFERROR(VLOOKUP(C46,'HR Account Info'!$A$2:$F$9702,3,FALSE),0)","v":0},{"$f":"IF($C46<>0,IF(LEFT(#REF!,2)=\"No\",\"#####\",#REF!),\"\")","v":""},{"$f":"IFERROR(VLOOKUP(C46,'HR Account Info'!$A$2:$F$9702,4,FALSE),0)","v":0},{"$f":"IFERROR(VLOOKUP(C46,'HR Account Info'!$A$2:$F$9702,5,FALSE),0)","v":0},{"$f":"IF($C46<>0,IF(LEFT(#REF!,2)=\"No\",\"#####\",#REF!),\"\")","v":""},{"$f":"IF($C46<>0,IF(LEFT(#REF!,2)=\"No\",\"#####\",#REF!),\"\")","v":""},{"$f":"IF($C46<>0,IF(LEFT(#REF!,2)=\"No\",\"#####\",#REF!),\"\")","v":""},{"$f":"IFERROR(VLOOKUP(C46,'HR Account Info'!$A$2:$F$9702,6,FALSE),0)","v":0},null,null,0,null,0]
[null,"i",null,null,{"$f":"IFERROR(VLOOKUP(C47,'HR Account Info'!$A$2:$F$9702,2,FALSE),0)","v":0},{"$f":"IFERROR(VLOOKUP(C47,'HR Account Info'!$A$2:$F$9702,3,FALSE),0)","v":0},{"$f":"IF($C47<>0,IF(LEFT(#REF!,2)=\"No\",\"#####\",#REF!),\"\")","v":""},{"$f":"IFERROR(VLOOKUP(C47,'HR Account Info'!$A$2:$F$9702,4,FALSE),0)","v":0},{"$f":"IFERROR(VLOOKUP(C47,'HR Account Info'!$A$2:$F$9702,5,FALSE),0)","v":0},{"$f":"IF($C47<>0,IF(LEFT(#REF!,2)=\"No\",\"#####\",#REF!),\"\")","v":""},{"$f":"IF($C47<>0,IF(LEFT(#REF!,2)=\"No\",\"#####\",#REF!),\"\")","v":""},{"$f":"IF($C47<>0,IF(LEFT(#REF!,2)=\"No\",\"#####\",#REF!),\"\")","v":""},{"$f":"IFERROR(VLOOKUP(C47,'HR Account Info'!$A$2:$F$9702,6,FALSE),0)","v":0},null,null,0,null,0]
[null,"j",null,null,{"$f":"IFERROR(VLOOKUP(C48,'HR Account Info'!$A$2:$F$9702,2,FALSE),0)","v":0},{"$f":"IFERROR(VLOOKUP(C48,'HR Account Info'!$A$2:$F$9702,3,FALSE),0)","v":0},{"$f":"IF($C48<>0,IF(LEFT(#REF!,2)=\"No\",\"#####\",#REF!),\"\")","v":""},{"$f":"IFERROR(VLOOKUP(C48,'HR Account Info'!$A$2:$F$9702,4,FALSE),0)","v":0},{"$f":"IFERROR(VLOOKUP(C48,'HR Account Info'!$A$2:$F$9702,5,FALSE),0)","v":0},{"$f":"IF($C48<>0,IF(LEFT(#REF!,2)=\"No\",\"#####\",#REF!),\"\")","v":""},{"$f":"IF($C48<>0,IF(LEFT(#REF!,2)=\"No\",\"#####\",#REF!),\"\")","v":""},{"$f":"IF($C48<>0,IF(LEFT(#REF!,2)=\"No\",\"#####\",#REF!),\"\")","v":""},{"$f":"IFERROR(VLOOKUP(C48,'HR Account Info'!$A$2:$F$9702,6,FALSE),0)","v":0},null,null,0,null,0]
[null,"k",null,null,{"$f":"IFERROR(VLOOKUP(C49,'HR Account Info'!$A$2:$F$9702,2,FALSE),0)","v":0},{"$f":"IFERROR(VLOOKUP(C49,'HR Account Info'!$A$2:$F$9702,3,FALSE),0)","v":0},{"$f":"IF($C49<>0,IF(LEFT(#REF!,2)=\"No\",\"#####\",#REF!),\"\")","v":""},{"$f":"IFERROR(VLOOKUP(C49,'HR Account Info'!$A$2:$F$9702,4,FALSE),0)","v":0},{"$f":"IFERROR(VLOOKUP(C49,'HR Account Info'!$A$2:$F$9702,5,FALSE),0)","v":0},{"$f":"IF($C49<>0,IF(LEFT(#REF!,2)=\"No\",\"#####\",#REF!),\"\")","v":""},{"$f":"IF($C49<>0,IF(LEFT(#REF!,2)=\"No\",\"#####\",#REF!),\"\")","v":""},{"$f":"IF($C49<>0,IF(LEFT(#REF!,2)=\"No\",\"#####\",#REF!),\"\")","v":""},{"$f":"IFERROR(VLOOKUP(C49,'HR Account Info'!$A$2:$F$9702,6,FALSE),0)","v":0},null,null,0,null,0]
[null,"l",null,null,{"$f":"IFERROR(VLOOKUP(C50,'HR Account Info'!$A$2:$F$9702,2,FALSE),0)","v":0},{"$f":"IFERROR(VLOOKUP(C50,'HR Account Info'!$A$2:$F$9702,3,FALSE),0)","v":0},{"$f":"IF($C50<>0,IF(LEFT(#REF!,2)=\"No\",\"#####\",#REF!),\"\")","v":""},{"$f":"IFERROR(VLOOKUP(C50,'HR Account Info'!$A$2:$F$9702,4,FALSE),0)","v":0},{"$f":"IFERROR(VLOOKUP(C50,'HR Account Info'!$A$2:$F$9702,5,FALSE),0)","v":0},{"$f":"IF($C50<>0,IF(LEFT(#REF!,2)=\"No\",\"#####\",#REF!),\"\")","v":""},{"$f":"IF($C50<>0,IF(LEFT(#REF!,2)=\"No\",\"#####\",#REF!),\"\")","v":""},{"$f":"IF($C50<>0,IF(LEFT(#REF!,2)=\"No\",\"#####\",#REF!),\"\")","v":""},{"$f":"IFERROR(VLOOKUP(C50,'HR Account Info'!$A$2:$F$9702,6,FALSE),0)","v":0},null,null,0,null,0]
[null,"m",null,null,{"$f":"IFERROR(VLOOKUP(C51,'HR Account Info'!$A$2:$F$9702,2,FALSE),0)","v":0},{"$f":"IFERROR(VLOOKUP(C51,'HR Account Info'!$A$2:$F$9702,3,FALSE),0)","v":0},{"$f":"IF($C51<>0,IF(LEFT(#REF!,2)=\"No\",\"#####\",#REF!),\"\")","v":""},{"$f":"IFERROR(VLOOKUP(C51,'HR Account Info'!$A$2:$F$9702,4,FALSE),0)","v":0},{"$f":"IFERROR(VLOOKUP(C51,'HR Account Info'!$A$2:$F$9702,5,FALSE),0)","v":0},{"$f":"IF($C51<>0,IF(LEFT(#REF!,2)=\"No\",\"#####\",#REF!),\"\")","v":""},{"$f":"IF($C51<>0,IF(LEFT(#REF!,2)=\"No\",\"#####\",#REF!),\"\")","v":""},{"$f":"IF($C51<>0,IF(LEFT(#REF!,2)=\"No\",\"#####\",#REF!),\"\")","v":""},{"$f":"IFERROR(VLOOKUP(C51,'HR Account Info'!$A$2:$F$9702,6,FALSE),0)","v":0},null,null,0,null,0]
[null,"n",null,null,{"$f":"IFERROR(VLOOKUP(C52,'HR Account Info'!$A$2:$F$9702,2,FALSE),0)","v":0},{"$f":"IFERROR(VLOOKUP(C52,'HR Account Info'!$A$2:$F$9702,3,FALSE),0)","v":0},{"$f":"IF($C52<>0,IF(LEFT(#REF!,2)=\"No\",\"#####\",#REF!),\"\")","v":""},{"$f":"IFERROR(VLOOKUP(C52,'HR Account Info'!$A$2:$F$9702,4,FALSE),0)","v":0},{"$f":"IFERROR(VLOOKUP(C52,'HR Account Info'!$A$2:$F$9702,5,FALSE),0)","v":0},{"$f":"IF($C52<>0,IF(LEFT(#REF!,2)=\"No\",\"#####\",#REF!),\"\")","v":""},{"$f":"IF($C52<>0,IF(LEFT(#REF!,2)=\"No\",\"#####\",#REF!),\"\")","v":""},{"$f":"IF($C52<>0,IF(LEFT(#REF!,2)=\"No\",\"#####\",#REF!),\"\")","v":""},{"$f":"IFERROR(VLOOKUP(C52,'HR Account Info'!$A$2:$F$9702,6,FALSE),0)","v":0},null,null,0,null,0]
[null,"o",null,null,{"$f":"IFERROR(VLOOKUP(C53,'HR Account Info'!$A$2:$F$9702,2,FALSE),0)","v":0},{"$f":"IFERROR(VLOOKUP(C53,'HR Account Info'!$A$2:$F$9702,3,FALSE),0)","v":0},{"$f":"IF($C53<>0,IF(LEFT(#REF!,2)=\"No\",\"#####\",#REF!),\"\")","v":""},{"$f":"IFERROR(VLOOKUP(C53,'HR Account Info'!$A$2:$F$9702,4,FALSE),0)","v":0},{"$f":"IFERROR(VLOOKUP(C53,'HR Account Info'!$A$2:$F$9702,5,FALSE),0)","v":0},{"$f":"IF($C53<>0,IF(LEFT(#REF!,2)=\"No\",\"#####\",#REF!),\"\")","v":""},{"$f":"IF($C53<>0,IF(LEFT(#REF!,2)=\"No\",\"#####\",#REF!),\"\")","v":""},{"$f":"IF($C53<>0,IF(LEFT(#REF!,2)=\"No\",\"#####\",#REF!),\"\")","v":""},{"$f":"IFERROR(VLOOKUP(C53,'HR Account Info'!$A$2:$F$9702,6,FALSE),0)","v":0},null,null,0,null,0]
[null,null,null,null,null,null,null,null,null,null,null,null,null,null,{"$f":"SUM(O38:O53)","v":0},{"$f":"SUM(P39:P53)","v":0},null,{"$f":"SUM(R39:R53)","v":0},null," "]
[null,null,null,null,null,null,null,null,null,null,null,null,null,null,"TOTALS:",{"$f":"IF(O55=\"\",0,IF($L$17=\"hourly\",($G$19+$T$17)/(2080*M15),(($G$19+$T$17)/26)))","v":0},null,{"$f":"R38+R54","v":0}]
["Section 3"]
[null,null,null,"35. Remarks:"]
[]
[]
[]
[]
[null,null,"36.  PA Contact Name",null,null,null,null,null,"PA Contact Phone",null,null,null,null,null,"37. Supervisor Name   ",null,null,null,null,null,null,"Supervisor ID"]
[]
[]
[null,"Department Head/Chair",null,null,null,null,"    Date",null,null,"Principal Investigator",null,null,null,null,"Date",null,"Principal Investigator",null,null,null,null,null,"Date"]
[]
[null,"School Finance",null,null,null,null,"    Date",null,null,"Clinical Finance",null,null,null,null,"Date",null,"Chancellor or Designee",null,null,null,null,null,"Date"]
[null," "," ",null,null,null," "]
[null,null,"                               *This form is for accounting purposes only and does not constitute an agreement, promise, or offer of employment"]
[null,null,null,null,null,null,null,null,null,null,null,null,null,null,null,null,null,null,null,null,null,null,null,null,"Updated 3-26-2020"]

{"sheet":"Union Code","index":1,"n_rows":11,"n_cols":1,"rows_kept":11,"cut":false,"hidden":true,"merged":[]}
["Union Code"]
["W00 Non-Benefited"]
["W20 AFSCME Trades and Building Svc"]
["W21 NEPBA Police"]
["W22 MNA"]
["W23 NEPBA Police Sergeants"]
["W25 Non-Unit Classified"]
["W28 SHARE"]
["W50 NAGE Admin and Professional"]
["W60 Non-Unit Professional"]
["W63 Residents/Post Docs"]

{"sheet":"Job Code","index":2,"n_rows":1706,"n_cols":5,"rows_kept":1706,"cut":false,"hidden":true,"merged":[]}
["Job Code","Descr","Grade","Union Code","Descr"]
["02T53","Administrative Support",null,"W00","Non-Benefited"]
["GF111","LEND Fellow",null,"W00","Non-Benefited"]
["GF112","PIHC Scholar",null,"W00","Non-Benefited"]
["GR100","UMass Graduate Student",null,"W00","Non-Benefited"]
["GR101","Non UMass Graduate Student",null,"W00","Non-Benefited"]
["GR102","PREP Graduate Student",null,"W00","Non-Benefited"]
["MA0007","Coord, Residency Prog","15","W28","SHARE"]
["MA0016","Library Asst 1A","16","W28","SHARE"]
["MA0023","Coord, Clerkship Education","41","W60","Non-Unit Professional"]
["MA0034","Specialist, Access Control","15","W28","SHARE"]
["MA0043","Coord,Residency Prog II","17","W28","SHARE"]
["MA0044","Residency Program Admin I","41","W60","Non-Unit Professional"]
["MA0048","Security and Safety Aide","11","W20","AFSCME Trades and Building Svc"]
["MB0003","Content Producer","43","W60","Non-Unit Professional"]
["MB0004","Coord, Educational","42","W60","Non-Unit Professional"]
["MB0006","Purchasing Agent I","41","W60","Non-Unit Professional"]
["MB0007","Content Editor","45","W60","Non-Unit Professional"]
["MB0008","Director, Annual Fund","47","W60","Non-Unit Professional"]
["MB0010","Spec,Protocol","43","W60","Non-Unit Professional"]
["MB0011","Institutional Repos Librarian","45","W60","Non-Unit Professional"]
["MB0014","News Media Producer","45","W60","Non-Unit Professional"]
["MB0015","Regulatory Spec","43","W60","Non-Unit Professional"]
["MB0023","Space Utilization Specialist","42","W60","Non-Unit Professional"]
["MB0024","Clinical Research Navigator","45","W60","Non-Unit Professional"]
["MB0025","Assoc Dir Str Growth & Bus Dev","48","W60","Non-Unit Professional"]
["MB0028","Practice/Health Sys Transf Spc","47","W60","Non-Unit Professional"]
["MB0031","Assoc Dir, China Program","47","W60","Non-Unit Professional"]
["MB0032","Sr Video Producer","44","W60","Non-Unit Professional"]
["MB0034","Mgr, Lib Edu & Clinical Svcs","46","W60","Non-Unit Professional"]
["MB0035","Mgr, Research & Scholarly Comm","46","W60","Non-Unit Professional"]
["MB0036","Mgr, Library Info Technology","46","W60","Non-Unit Professional"]
["MB0037","Librarian, Electronic Resource","45","W60","Non-Unit Professional"]
["MB0044","Mgr,Parking Svcs","43","W60","Non-Unit Professional"]
["MB0045","Photographer, Biomedical","41","W60","Non-Unit Professional"]
["MB0046","Clinical Data Manager I","41","W60","Non-Unit Professional"]
["MB0048","Clinical Data Manager Iii","43","W60","Non-Unit Professional"]
["MB0049","Specialist, Education","42","W60","Non-Unit Professional"]
["MB0052","Multimedia Content Producer","44","W60","Non-Unit Professional"]
["MB0053","Assoc Fed Claim Reimbr Analyst","40","W60","Non-Unit Professional"]
["MB0054","Graphic Designer","42","W60","Non-Unit Professional"]
["MB0055","Web Design & Experience Mgr","46","W60","Non-Unit Professional"]
["MB0059","Graphic Design Manager","46","W60","Non-Unit Professional"]
["MB0064","Sr Policy Analyst - Health Law","46","W60","Non-Unit Professional"]
["MB0065","Quality Manager","47","W60","Non-Unit Professional"]
["MB0066","Dir, Compensation & Total Rwds","49","W60","Non-Unit Professional"]
["MB0067","Program Auditor-Analyst","45","W60","Non-Unit Professional"]
["MB0070","Project Coordinator","41","W60","Non-Unit Professional"]
["MB0072","Project Coordinator","41","W60","Non-Unit Professional"]
["MB0073","Payroll Manager","46","W60","Non-Unit Professional"]
["MB0075","Regulatory Coordinator","41","W60","Non-Unit Professional"]
["MB0077","Content Marketing Specialist","44","W60","Non-Unit Professional"]
["MB0079","Coord, Admin Iii","42","W60","Non-Unit Professional"]
["MB0080","Coord, Admin Ii","41","W60","Non-Unit Professional"]
["MB0081","Anatomical Gift Program Coord","42","W60","Non-Unit Professional"]
["MB0083","Coord, Project","43","W60","Non-Unit Professional"]
["MB0085","Mgr,Library Fellows & SvcPoint","46","W60","Non-Unit Professional"]
["MB0086","Library Fellow","43","W60","Non-Unit Professional"]
["MB0089","Sr Federal Revenue Analyst","45","W60","Non-Unit Professional"]
["MB0090","Technician,Audio Visual II","19","W28","SHARE"]
["MB0096","Clerk II","10","W28","SHARE"]
["MB0099","Business Development Coord.","44","W60","Non-Unit Professional"]
["MB0101","Business Partner Svcs Coord","42","W60","Non-Unit Professional"]
["MB0102","Business Partner Services Spec","44","W60","Non-Unit Professional"]
["MB0103","Specialist, Educational Iii","44","W60","Non-Unit Professional"]
["MB0105","Prospect Research Analyst","43","W60","Non-Unit Professional"]
["MB0106","ADV Prospect Research Assoc","41","W60","Non-Unit Professional"]
["MB0109","Dir,Alum&Parent Rel&Dev Events","45","W60","Non-Unit Professional"]
["MB0110","Specialist, Course Development","43","W60","Non-Unit Professional"]
["MB0111","Legal Liaison","46","W60","Non-Unit Professional"]
["MB0115","Care Coordinator,UMP","45","W60","Non-Unit Professional"]
["MB0117","Sr. Director, LTSS Programs","49","W60","Non-Unit Professional"]
["MB0118","Special Events Coordinator",null,"W00","Non-Benefited"]
["MB0119","Assoc Medicaid Analyst","40","W60","Non-Unit Professional"]
["MB0120","Institutional Rsch Analyst I","43","W60","Non-Unit Professional"]
["MB0121","Institutional Rsch Analyst II","44","W60","Non-Unit Professional"]
["MB0122","Institutional Rsch Analyst III","46","W60","Non-Unit Professional"]
["MB0123","Talent Associate","17","W25","Non-Unit Classified"]
["MB0126","Sr Academic Administrator","49","W60","Non-Unit Professional"]
["MB0128","Quality Improvement Mgr,CCTS","45","W60","Non-Unit Professional"]
["MB0129","Mgr, Sponsorship & Recruitment","45","W60","Non-Unit Professional"]
["MB0130","Assoc Healthcare Analyst","42","W60","Non-Unit Professional"]
["MB0131","Fraud Investigator I","44","W60","Non-Unit Professional"]
["MB0132","Fraud Investigator II","45","W60","Non-Unit Professional"]
["MB0133","Principal Healthcare Analyst","46","W60","Non-Unit Professional"]
["MB0135","Program Auditor","45","W60","Non-Unit Professional"]
["MB0136","Recovery Specialist","42","W60","Non-Unit Professional"]
["MB0137","Sr Mgr Perf Improvmt & Trng","46","W60","Non-Unit Professional"]
["MB0139","Manager, Advancement Services","44","W60","Non-Unit Professional"]
["MB0143","Financial System Analyst III","45","W60","Non-Unit Professional"]
["MB0145","Licensing Associate","46","W60","Non-Unit Professional"]
["MB0147","Events Manager","44","W60","Non-Unit Professional"]
["MB0149","Spec,Research Data II","41","W60","Non-Unit Professional"]
["MB0151","Mgr, Maintenance","46","W60","Non-Unit Professional"]
["MB0154","Specialist, Research Data","40","W60","Non-Unit Professional"]
["MB0155","Research & Data Coordinator","45","W60","Non-Unit Professional"]
["MB0156","Coord, Education and Outreach","45","W60","Non-Unit Professional"]
["MB0158","Assoc Dir, NNLM NER","48","W60","Non-Unit Professional"]
["MB0159","Supv, Animal Surgery","43","W60","Non-Unit Professional"]
["MB0160","Supv, Animal Care Facilities","43","W60","Non-Unit Professional"]
["MB0161","Mgr, Animal Care & Facilities","45","W60","Non-Unit Professional"]
["MB0163","Mgr, Budget","47","W60","Non-Unit Professional"]
["MB0166","Project Director, Sr","47","W60","Non-Unit Professional"]
["MB0167","Project Director II","46","W60","Non-Unit Professional"]
["MB0176","Program Development Associate","46","W60","Non-Unit Professional"]
["MB0177","Program Development, Sr","48","W60","Non-Unit Professional"]
["MB0178","Analyst,Financial Systems","43","W60","Non-Unit Professional"]
["MB0179","Mgr, Advanc Communications","45","W60","Non-Unit Professional"]
["MB0182","Compliance Specialist, Sr","45","W60","Non-Unit Professional"]
["MB0183","Allied Health Clinical Coord","46","W60","Non-Unit Professional"]
["MB0184","GME Programs Coordinator","42","W60","Non-Unit Professional"]
["MB0185","Senior Consultant","49","W60","Non-Unit Professional"]
["MB0186","Hospital & Clinic Negotiator","44","W60","Non-Unit Professional"]
["MB0187","Associate","47","W60","Non-Unit Professional"]
["MB0188","Policy Analyst","45","W60","Non-Unit Professional"]
["MB0189","GSBS Admissions Coordinator","42","W60","Non-Unit Professional"]
["MB0190","Event Specialist","42","W60","Non-Unit Professional"]
["MB0192","Sr Healthcare Data Analyst","46","W60","Non-Unit Professional"]
["MB0197","Sr Talent Specialist","45","W60","Non-Unit Professional"]
["MB0199","Talent Specialist II","44","W60","Non-Unit Professional"]
["MB0200","Dir, HR Comm Learn&Talent Devl","49","W60","Non-Unit Professional"]
["MB0202","Sr HR Associate","41","W60","Non-Unit Professional"]
["MB0203","Pharmacy Manager","P4","W60","Non-Unit Professional"]
["MB0204","Sr Talent Associate","41","W60","Non-Unit Professional"]
["MB0207","SSP Business Analyst","46","W60","Non-Unit Professional"]
["MB0208","Immigration Specialist I","43","W60","Non-Unit Professional"]
["MB0210","Project Manager - CCTS","45","W60","Non-Unit Professional"]
["MB0211","Patient Coordinator","42","W60","Non-Unit Professional"]
["MB0212","Edu & Clinical Svc Librarian","45","W60","Non-Unit Professional"]
["MB0213","HR Programs Specialist","44","W60","Non-Unit Professional"]
["MB0215","Preventative Maint Tech IV","45","W60","Non-Unit Professional"]
["MB0217","Supv, Eligibility Operations","45","W60","Non-Unit Professional"]
["MB0218","UME Program Administrator","43","W60","Non-Unit Professional"]
["MB0220","Asst to Exec Vice Chancellor","44","W60","Non-Unit Professional"]
["MB0221","CANS Program Director","47","W60","Non-Unit Professional"]
["MB0223","Client Manager","45","W60","Non-Unit Professional"]
["MB0224","Program Mgr-DES","46","W60","Non-Unit Professional"]
["MB0225","Spec I, Specialty Programs","42","W60","Non-Unit Professional"]
["MB0226","Clinical Mgr I","46","W60","Non-Unit Professional"]
["MB0228","Operations Supervisor","44","W60","Non-Unit Professional"]
["MB0229","Sr Program Dir Data Analytics","50","W60","Non-Unit Professional"]
["MB0231","Sr Proj Dir, Research & Eval","47","W60","Non-Unit Professional"]
["MB0232","Credentialing & Contract Spcls","42","W60","Non-Unit Professional"]
["MB0235","Clinical Support Specialist","41","W60","Non-Unit Professional"]
["MB0239","SSP Program Coordinator","42","W60","Non-Unit Professional"]
["MB0240","Simulation Technician","44","W60","Non-Unit Professional"]
["MB0242","Supv, Care Coordination","43","W60","Non-Unit Professional"]
["MB0243","Sr Compensation Consultant","45","W60","Non-Unit Professional"]
["MB0246","Waiver Program Specialist","45","W60","Non-Unit Professional"]
["MB0248","Sr Consultant Health Law & Pol","48","W60","Non-Unit Professional"]
["MB0249","Sr Associate Health Policy","48","W60","Non-Unit Professional"]
["MB0250","Program Coordinator","42","W60","Non-Unit Professional"]
["MB0251","Outpatient Med Coding Spclst","05","W25","Non-Unit Classified"]
["MB0252","Inpatient Med Coding Speclst","06","W25","Non-Unit Classified"]
["MB0253","Supv, Medical Coding","45","W60","Non-Unit Professional"]
["MB0255","Dir, Talent Acquisition","49","W60","Non-Unit Professional"]
["MB0261","Sr Ext Communications Producer","45","W60","Non-Unit Professional"]
["MB0262","Assoc Dir, Practice Transform","48","W60","Non-Unit Professional"]
["MB0263","FWA Auditor","46","W60","Non-Unit Professional"]
["MB0266","Education Program Specialist","41","W60","Non-Unit Professional"]
["MB0267","Health Data Project Manager","45","W60","Non-Unit Professional"]
["MB0268","Dir, Clinical Services DES","48","W60","Non-Unit Professional"]
["MB0270","Associate Director - CHPR","49","W60","Non-Unit Professional"]
["MB0271","Program Director, ASO DES","47","W60","Non-Unit Professional"]
["MB0272","PPR Manager","45","W60","Non-Unit Professional"]
["MB0273","Associate Director Program Dev","49","W60","Non-Unit Professional"]
["MB0274","Regional Operations Director","47","W60","Non-Unit Professional"]
["MB0275","Managing Senior Associate","49","W60","Non-Unit Professional"]
["MB0276","Clinical Coordinator - PASRR","46","W60","Non-Unit Professional"]
["MB0279","Talent Specialist I","42","W60","Non-Unit Professional"]
["MB0280","Pharmacy Billing Specialist","17","W28","SHARE"]
["MB0282","Procurement & Tech Writing Mgr","47","W60","Non-Unit Professional"]
["MB0283","Project Coordinator II","42","W60","Non-Unit Professional"]
["MB0284","Project Analyst","44","W60","Non-Unit Professional"]
["MB0285","Project Director I","45","W60","Non-Unit Professional"]
["MB0286","Claims QA Auditor","43","W60","Non-Unit Professional"]
["MB0288","HRIS Systems Analyst","44","W60","Non-Unit Professional"]
["MB0290","Social Media Specialist","43","W60","Non-Unit Professional"]
["MB0295","Provider Network Specialist","44","W60","Non-Unit Professional"]
["MB0296","Sr Contracts Specialist","46","W60","Non-Unit Professional"]
["MB0297","Mgr, Emp Rel Sr Investigator","46","W60","Non-Unit Professional"]
["MB0299","HR Manager - Boston","46","W60","Non-Unit Professional"]
["MB0300","Team Lead CHCF Program","42","W60","Non-Unit Professional"]
["MB0301","Manager, Quality, P&CDI","47","W60","Non-Unit Professional"]
["MB0302","Bus Systems Integration Spec","44","W60","Non-Unit Professional"]
["MB0303","Program Coordinator CHCF","42","W60","Non-Unit Professional"]
["MB0305","Mgr, NatPubHlth Coord Office","46","W60","Non-Unit Professional"]
["MB0306","Coord, Reference and Education","45","W60","Non-Unit Professional"]
["MB0307","Digital Library Services Coord","45","W60","Non-Unit Professional"]
["MB0308","Sr HR Associate - Service Ctr","41","W60","Non-Unit Professional"]
["MB0309","OBH Program Coordinator","43","W60","Non-Unit Professional"]
["MB0310","OBH Program Manager","45","W60","Non-Unit Professional"]
["MB0312","Medical Mgmt Administrator","46","W60","Non-Unit Professional"]
["MB0313","Sr Mgr Appeals & Reg Complianc","46","W60","Non-Unit Professional"]
["MB0314","Pharmacy Operations Manager","P4","W60","Non-Unit Professional"]
["MB0315","Mgr, Payroll&Accounts Payable","47","W60","Non-Unit Professional"]
["MB0316","Business Operations Manager","45","W60","Non-Unit Professional"]
["MB0318","Sr Project Director, Prgm Dev","47","W60","Non-Unit Professional"]
["MB0319","Dir of Advancement","49","W60","Non-Unit Professional"]
["MB0320","Research Compliance Specialist","44","W60","Non-Unit Professional"]
["MB0321","Special Gifts Officer","44","W60","Non-Unit Professional"]
["MB0323","Director of Contracts","47","W60","Non-Unit Professional"]
["MB0324","Data Management Coordinator","41","W60","Non-Unit Professional"]
["MB0325","Program Event Coordinator","43","W60","Non-Unit Professional"]
["MB0326","Mgr, HR Service Center","44","W60","Non-Unit Professional"]
["MB0327","Program Analyst - MHE","44","W60","Non-Unit Professional"]
["MB0328","Sr COI & Compliance Analyst","44","W60","Non-Unit Professional"]
["MB0329","Program Analyst II - MHE","45","W60","Non-Unit Professional"]
["MB0331","Senior Sourcing Specialist","41","W60","Non-Unit Professional"]
["MB0333","Asst Dean, Outreach Programs","47","W60","Non-Unit Professional"]
["MB0334","Mgr, Bus & Svc Delivery Dvlpmt","47","W60","Non-Unit Professional"]
["MB0335","Dir, Bus & Financial Admin","48","W60","Non-Unit Professional"]
["MB0336","Program & Credentialing Coord","42","W60","Non-Unit Professional"]
["MB0337","Mgr, Clinical Services Ops","46","W60","Non-Unit Professional"]
["MB0338","Sr Labor Strategy Consultant","45","W60","Non-Unit Professional"]
["MB0339","Team Lead - Claiming Ops","43","W60","Non-Unit Professional"]
["MB0340","Contract & Procurement Admin","42","W60","Non-Unit Professional"]
["MB0342","Assoc Dir, Mktg Communications","47","W60","Non-Unit Professional"]
["MB0343","Sr. Protocol Specialist","44","W60","Non-Unit Professional"]
["MB0344","Assoc Dir, MEP Engineering","49","W60","Non-Unit Professional"]
["MB0346","Leadership Giving Officer","44","W60","Non-Unit Professional"]
["MB0347","Healthcare Analytics Manager","47","W60","Non-Unit Professional"]
["MB0348","Dir, MassHealth Behav HlthQlty","47","W60","Non-Unit Professional"]
["MB0349","Mgr, Data Privacy & Security","47","W60","Non-Unit Professional"]
["MB0350","IRB Analyst","44","W60","Non-Unit Professional"]
["MB0351","Mgr, Clinical Audit","47","W60","Non-Unit Professional"]
["MB0352","Manager, Building Controls","47","W60","Non-Unit Professional"]
["MB0353","HRPP Compliance Administrator","46","W60","Non-Unit Professional"]
["MB0354","Specialty Pharmacist","P3","W60","Non-Unit Professional"]
["MB0355","Sr Immigration Specialist","45","W60","Non-Unit Professional"]
["MB0356","Preventative Maint Coordinator","45","W60","Non-Unit Professional"]
["MB0357","Project Coordinator-MHE","41","W60","Non-Unit Professional"]
["MB0358","Project Manager -MHE","45","W60","Non-Unit Professional"]
["MB0359","Business Development Manager","47","W60","Non-Unit Professional"]
["MB0360","Sr. Manager, Specialty Program","47","W60","Non-Unit Professional"]
["MB0361","Dep Director Federal Claiming","50","W60","Non-Unit Professional"]
["MB0362","Dep Dir, TPL&Bene Coordination","50","W60","Non-Unit Professional"]
["MB0363","Dir, Research Core Admin","47","W60","Non-Unit Professional"]
["MB0364","Assoc, Elig Consult Solutions","49","W60","Non-Unit Professional"]
["MB0365","Sr OD Analyst","45","W60","Non-Unit Professional"]
["MB0368","Clinical Rsch Coverage Analyst","44","W60","Non-Unit Professional"]
["MB0369","Privacy & Compliance Analyst","47","W60","Non-Unit Professional"]
["MB0370","Policy Analyst - MHE","45","W60","Non-Unit Professional"]
["MB0371","OBH Quality Prog Mgr - MHE","45","W60","Non-Unit Professional"]
["MB0372","Supv, Phy Asset Mgmt & Acctng","45","W60","Non-Unit Professional"]
["MB0373","Coord, Animal Operations","43","W60","Non-Unit Professional"]
["MB0374","Sr Data File Architect","48","W60","Non-Unit Professional"]
["MB0375","Contracts & Compliance Assoc","49","W60","Non-Unit Professional"]
["MB0376","Accommodation Srvcs Director","48","W60","Non-Unit Professional"]
["MB0377","Sr Clinical Rsch Compl Analyst","46","W60","Non-Unit Professional"]
["MB0378","AssocDir,Clinical Rsch Complia","47","W60","Non-Unit Professional"]
["MB0379","Clinical Rsch Compl Analyst","44","W60","Non-Unit Professional"]
["MB0380","Sr Comp Analyst/Partner","46","W60","Non-Unit Professional"]
["MB0381","Sr Operations Manager-CWM","46","W60","Non-Unit Professional"]
["MB0382","Sr. Data Analyst","46","W60","Non-Unit Professional"]
["MB0383","Exec Asst to the Chair","42","W60","Non-Unit Professional"]
["MB0384","Sr HR Technology Analyst","48","W60","Non-Unit Professional"]
["MB0385","Sr Dir, Talent Acq Emp Engmt","50","W60","Non-Unit Professional"]
["MB0386","Clin Pharmacy Prog Consultant","P3","W60","Non-Unit Professional"]
["MB0387","Sr Regulatory Specialist","46","W60","Non-Unit Professional"]
["MB0388","Sr Dir, Proc Imprv & Proj Mgmt","50","W60","Non-Unit Professional"]
["MB0389","Lecturer/Hospitalist","91","W60","Non-Unit Professional"]
["MB0390","Mgr, Child & Family Data","43","W60","Non-Unit Professional"]
["MB0392","Prog Mgr, Auxiliary Services","47","W60","Non-Unit Professional"]
["MB0393","Dir, LTSS Program Engagement","48","W60","Non-Unit Professional"]
["MB0394","MH Behav Hlth Quality Dep Dir","46","W60","Non-Unit Professional"]
["MB0395","Mgr, Admin Services","46","W60","Non-Unit Professional"]
["MB0396","Comp Regulatory MEPA Spec","46","W60","Non-Unit Professional"]
["MB0397","Bus Dev'l Solutions Assoc Dir","49","W60","Non-Unit Professional"]
["MB0398","Talent Acq & HR Reporting Anal","45","W60","Non-Unit Professional"]
["MB0399","Data Analyst - MHE","44","W60","Non-Unit Professional"]
["MB0400","Project Associate = MHE","44","W60","Non-Unit Professional"]
["MB0401","Health Data Proj Manager - MHE","45","W60","Non-Unit Professional"]
["MB0402","Clin Mgr, DCF AfterHrs Hotline","46","W60","Non-Unit Professional"]
["MB0403","Prog Dir, DCF Aftr Hrs Hotline","47","W60","Non-Unit Professional"]
["MB0404","Qual Mgr, DCF AftrHrs Hotline","46","W60","Non-Unit Professional"]
["MB0405","Supv, DCF & Child & Neglect","44","W60","Non-Unit Professional"]
["MB0406","Supv, DCF Missing Absent Child","44","W60","Non-Unit Professional"]
["MB0407","Finance Time & Labor Sys Anal","44","W60","Non-Unit Professional"]
["MB0408","Program Director, ASO PPHS","47","W60","Non-Unit Professional"]
["MB0409","HR Onboarding Specialist","41","W60","Non-Unit Professional"]
["MB0410","Mgr, Talent Aquist-Onboarding","45","W60","Non-Unit Professional"]
["MB0411","Lead, HR Svc Ctr Data Group","42","W60","Non-Unit Professional"]
["MB0412","Sr Instructional Curr Designer","45","W60","Non-Unit Professional"]
["MB0413","HR Data Specialist - Benefits","41","W60","Non-Unit Professional"]
["MB0414","Mgr, Admin Services - CWM","46","W60","Non-Unit Professional"]
["MB0415","Mgr, Operation Services - CWM","45","W60","Non-Unit Professional"]
["MB0416","Simulation Technician I","42","W60","Non-Unit Professional"]
["MB0417","Simulation Technician II","44","W60","Non-Unit Professional"]
["MB0418","AssocDir, Fin Wellness & Edu","44","W60","Non-Unit Professional"]
["MB0419","Sr. Accountant - CWM","44","W60","Non-Unit Professional"]
["MB0420","Salesforce CRM Administrator","47","W60","Non-Unit Professional"]
["MB0421","Assist Dir, Grad Med Ed","44","W60","Non-Unit Professional"]
["MB0422","Sr Exec Assistant to the Chair","44","W60","Non-Unit Professional"]
["MB0423","Mgr, NNLM NER Center","46","W60","Non-Unit Professional"]
["MB0424","Mgr, Accounting","47","W60","Non-Unit Professional"]
["MB0425","Mgr, Accounting - CWM","47","W60","Non-Unit Professional"]
["MB0426","Sr Executive Assistant","45","W60","Non-Unit Professional"]
["MB0427","Dir, Fin & Time&Labor Systems","49","W60","Non-Unit Professional"]
["MB0428","Dir, Operations QARC",null,"W60","Non-Unit Professional"]
["MB0429","Graphic Designer Pres Spec","45","W60","Non-Unit Professional"]
["MB0430","HR Compliance Specialist","17","W60","Non-Unit Professional"]
["MB0431","Sr Dir, Fin & Claims Admin","49","W60","Non-Unit Professional"]
["MB0432","Proj Mgr, Community&Gov't Rela","46","W60","Non-Unit Professional"]
["MB0433","Proj Coord, Corp & Found Rel","42","W60","Non-Unit Professional"]
["MB0434","Web Communications ContentSpec","43","W60","Non-Unit Professional"]
["MB0435","Student Content Coordinator","43","W60","Non-Unit Professional"]
["MB0436","Finance Business Partner - CWM","46","W60","Non-Unit Professional"]
["MB0437","Supervising Content Editor","46","W60","Non-Unit Professional"]
["MB0438","Conflict of Int&Compliance Dir","48","W60","Non-Unit Professional"]
["MB0439","Lead Proc Improvement Cons","48","W60","Non-Unit Professional"]
["MB0442","Executive Recruiter","46","W60","Non-Unit Professional"]
["MB0443","Senior Diversity Recruiter","46","W60","Non-Unit Professional"]
["MB0444","Technical Business Devl Mgr","48","W60","Non-Unit Professional"]
["MB0445","Dir, iCELS & Edu Affairs","48","W60","Non-Unit Professional"]
["MB0446","Project Management Coordinator","43","W60","Non-Unit Professional"]
["MB0447","Project Management Consultant","46","W60","Non-Unit Professional"]
["MB0448","Sr Dir, CCU Program","48","W60","Non-Unit Professional"]
["MB0449","Dir, COI & Int'l Support Svcs.","49","W60","Non-Unit Professional"]
["MB0450","Business Devl Strategist","50","W60","Non-Unit Professional"]
["MB0451","Exec Assistant I - GSN","42","W60","Non-Unit Professional"]
["MB0452","Sales & Bus Devl Support Spec","43","W60","Non-Unit Professional"]
["MB0453","Education Program Spec II","43","W60","Non-Unit Professional"]
["MB0454","Education Program Spec III","44","W60","Non-Unit Professional"]
["MB0455","Exec Assistant II - CWM","43","W60","Non-Unit Professional"]
["MB0456","Copy Editor","43","W60","Non-Unit Professional"]
["MB0457","Project Director I - Shriver","45","W60","Non-Unit Professional"]
["MB0458","Senior Copywriter/Editor","45","W60","Non-Unit Professional"]
["MB0460","Senior Associate","49","W60","Non-Unit Professional"]
["MB0461","Research Administrator FamMed","44","W60","Non-Unit Professional"]
["MB0462","Sr. Healthcare Ops. Consultant",null,"W60","Non-Unit Professional"]
["MB0539","Business Development Manager","47","W60","Non-Unit Professional"]
["MB0540","Educational Specialist - GME","44","W60","Non-Unit Professional"]
["MB0541","Leave of Absence Specialist","44","W60","Non-Unit Professional"]
["MB0542","Sr Proj Dir, Ofc Clin Affairs","47","W60","Non-Unit Professional"]
["MB0543","Senior Content Producer","45","W60","Non-Unit Professional"]
["MB0544","Benefits Associate","41","W60","Non-Unit Professional"]
["MB0545","Pharmacoeconomics Specialist","P4","W60","Non-Unit Professional"]
["MB0546","Sr Dir, Project & Program Mgmt","50","W60","Non-Unit Professional"]
["MB0547","Team Lead, CRM & Digital Produ","74","W60","Non-Unit Professional"]
["MB0548","Director, Learning & Develpmnt","49","W60","Non-Unit Professional"]
["MB0549","Systems Analyst","43","W60","Non-Unit Professional"]
["MB0550","Marketing Comm. Writer","46","W60","Non-Unit Professional"]
["MB0552","HRIS Systems Specialist","43","W60","Non-Unit Professional"]
["MB0553","Assistant Registrar","44","W60","Non-Unit Professional"]
["MB0554","Business Analyst","46","W60","Non-Unit Professional"]
["MB0555","Coord, Admin II - PT NEX","17","W00","Non-Benefited"]
["MB0556","Physics System Analyst","46","W60","Non-Unit Professional"]
["MB0557","CIPC Administrator","44","W60","Non-Unit Professional"]
["MB0558","Project Coordinator - PT NEX","17","W00","Non-Benefited"]
["MB0559","Sr Info & Analytics Bus Anlst","46","W60","Non-Unit Professional"]
["MB0560","Asst Dean, StudAffairs, EnMgmt","46","W60","Non-Unit Professional"]
["MB0561","GCA Business Analyst","46","W60","Non-Unit Professional"]
["MB0562","Prog Coord - Emergency Med","41","W60","Non-Unit Professional"]
["MB0563","Dir, Business Devp Operations","49","W60","Non-Unit Professional"]
["MB0564","Exec Assistant II - GSN","43","W60","Non-Unit Professional"]
["MB0565","Mgr, Pharmacy Clinical Accts.","P4","W60","Non-Unit Professional"]
["MB0566","Mgr, Pharmacy Operations","P4","W60","Non-Unit Professional"]
["MB0567","Regulatory & Compliance Spec I","43","W60","Non-Unit Professional"]
["MB0568","Regulatory & ComplianceSpec II","44","W60","Non-Unit Professional"]
["MB0569","Sr Regulatory & Compl Spec","46","W60","Non-Unit Professional"]
["MB0570","Project Manager I - SCHL","43","W60","Non-Unit Professional"]
["MB0571","Director, Program Management","49","W60","Non-Unit Professional"]
["MB0572","Project Manager II","44","W60","Non-Unit Professional"]
["MB0573","Info & Analytics Bus Anlst II","45","W60","Non-Unit Professional"]
["MB0574","Info & Analytics Bus Anlst I","44","W60","Non-Unit Professional"]
["MB0575","Mgr, Informatics & Analytics","47","W60","Non-Unit Professional"]
["MB0576","Sr Proj Mgr, Info & Analytics","48","W60","Non-Unit Professional"]
["MB0578","Sr Tech Prog Mgr-Analytics","48","W60","Non-Unit Professional"]
["MB0579","EAP Program Administrator","41","W60","Non-Unit Professional"]
["MB0580","Mgr, Facilities Customer Svcs","46","W60","Non-Unit Professional"]
["MB0581","Sr Academic Personnel Spec","44","W60","Non-Unit Professional"]
["MB0582","Senior Life Science Recruiter","46","W60","Non-Unit Professional"]
["MB0583","Dir, ADV Data&Gift Processing","47","W60","Non-Unit Professional"]
["MB0584","AssocDir, Sustain&Campus Svcs","48","W60","Non-Unit Professional"]
["MB0585","QA Auditor","48","W00","Non-Benefited"]
["MB0586","BTS Bus. Intelligence Analyst","48","W60","Non-Unit Professional"]
["MB0587","Dir, Facilities Management","49","W60","Non-Unit Professional"]
["MB0588","AssocDir, Sustainab&CampusSvcs","48","W60","Non-Unit Professional"]
["MB0589","Sr Clinical Partnership Coord","45","W60","Non-Unit Professional"]
["MB0590","Manager, Env Building Svcs","46","W60","Non-Unit Professional"]
["MB0591","RADx Project Director II","46","W60","Non-Unit Professional"]
["MB0592","Dir,Employee & Labor Relations","49","W60","Non-Unit Professional"]
["MB0593","Sr Director, Office Tech Mgt","50","W60","Non-Unit Professional"]
["MB0594","Prog Coord, Diversi & Stud Suc","43","W60","Non-Unit Professional"]
["MB0595","RADx Admin Coordinator II","41","W60","Non-Unit Professional"]
["MB0596","COVID Testing Observer","21","W00","Non-Benefited"]
["MB0597","RADx Project Director I","45","W60","Non-Unit Professional"]
["MB0598","RADx IRB Analyst","44","W60","Non-Unit Professional"]
["MB0599","RADx Contracts Administrat III","45","W60","Non-Unit Professional"]
["MB0600","RADx Clinical Rsrch Navigator","45","W60","Non-Unit Professional"]
["MB0601","RADx IRB Protocol Specialist","43","W60","Non-Unit Professional"]
["MB0602","RADx Clin Rsch Device Log Mgr","44","W60","Non-Unit Professional"]
["MB0603","RADx Device Logistics Coord","17","W25","Non-Unit Classified"]
["MB0604","RADx Regulatory Specialist","43","W60","Non-Unit Professional"]
["MB0605","RADx Quality Improvement Mgr","45","W60","Non-Unit Professional"]
["MB0606","RADx Sr Clin Rsch ComplAnalyst","46","W60","Non-Unit Professional"]
["MB0607","RADx Social Media Specialist","43","W60","Non-Unit Professional"]
["MB0608","RADx Academic Administrator II","45","W60","Non-Unit Professional"]
["MB0609","Supervisor, Pharmacy Ops.","44","W60","Non-Unit Professional"]
["MB0610","Project Coord Student Affairs","41","W60","Non-Unit Professional"]
["MB0611","RADx Program Administrator","44","W60","Non-Unit Professional"]
["MB0612","Medical Claims Examiner","42","W60","Non-Unit Professional"]
["MB0613","Pharmacy Systems Analyst","46","W60","Non-Unit Professional"]
["MB0614","Asst Dean, Curriculum Innovati","46","W60","Non-Unit Professional"]
["MB0615","Registration Clerk","20","W25","Non-Unit Classified"]
["MB0616","Compliance Coord - Facilities","43","W60","Non-Unit Professional"]
["MB0617","Sr Project Management Analyst","46","W60","Non-Unit Professional"]
["MB0618","Program Manager - PD HUB","45","W60","Non-Unit Professional"]
["MB0619","Collections Editor ¿ PD HUB","45","W60","Non-Unit Professional"]
["MB0620","Sr Research Finance Spec - Med","45","W60","Non-Unit Professional"]
["MB0621","Well Being Administrator","41","W60","Non-Unit Professional"]
["MB0622","Well Being Program Manager","45","W60","Non-Unit Professional"]
["MB0623","EAP Account Manager","45","W60","Non-Unit Professional"]
["MB0624","Dir, Clinical & Ops Pharmacy","P5","W60","Non-Unit Professional"]
["MB0625","Program Manager-Health Equity","46","W60","Non-Unit Professional"]
["MB0626","Medical Coder","42","W60","Non-Unit Professional"]
["MB0627","Asst Dean, Med Student Affairs","46","W60","Non-Unit Professional"]
["MB0628","Sr Director, Maintenance Srvcs","50","W60","Non-Unit Professional"]
["MB0629","Immigration Services Manager","46","W60","Non-Unit Professional"]
["MB0630","Immigration Sys & Complian Mgr","46","W60","Non-Unit Professional"]
["MB0631","Director, QA - QARC","48","W60","Non-Unit Professional"]
["MB0632","Project Coord - Emergency Med","41","W60","Non-Unit Professional"]
["MB0633","Program Mgr, GME/UME Programs","45","W60","Non-Unit Professional"]
["MB0634","BTS Data Analyst","45","W60","Non-Unit Professional"]
["MB0635","Sr. Proj. & Portfolio Mgr.","48","W60","Non-Unit Professional"]
["MB0636","Assoc Dir, CR Rev & Billing","47","W60","Non-Unit Professional"]
["MB0637","Sr Clin Rsrch Ops Analyst","46","W60","Non-Unit Professional"]
["MB0638","Clinical Rsrch Ops Analyst","44","W60","Non-Unit Professional"]
["MB0639","Lab Supv NENSP Molecular","46","W60","Non-Unit Professional"]
["MB0640","Lab Analyst III NENSPMolecular","07","W25","Non-Unit Classified"]
["MB0641","Lab Analyst II NENSP Molecular","06","W25","Non-Unit Classified"]
["MB0642","Director, Office of Well Being","49","W60","Non-Unit Professional"]
["MB0643","Program Director, PQHS","46","W60","Non-Unit Professional"]
["MB0644","Sr Mgr, Talent Aquist /Onboard","47","W60","Non-Unit Professional"]
["MB0645","N95 Decontamination Core","21","W00","Non-Benefited"]
["MB0646","Contract Specialist","45","W60","Non-Unit Professional"]
["MB0647","Comm. Volunteer Coordinator","44","W00","Non-Benefited"]
["MB0648","Contract Specialist-Facilities","45","W60","Non-Unit Professional"]
["MB0649","Sr HR Onboarding Specialist","42","W60","Non-Unit Professional"]
["MB0650","Project Manager - Res. & Eval.","43","W60","Non-Unit Professional"]
["MB0651","Project & Administrative Assoc","45","W60","Non-Unit Professional"]
["MB0652","Sr. Consultant, HCFS","48","W60","Non-Unit Professional"]
["MB0653","Sr Director, EH&S","50","W60","Non-Unit Professional"]
["MB0654","Implementation Specialist","46","W60","Non-Unit Professional"]
["MB0655","Project Director CTSA","46","W60","Non-Unit Professional"]
["MB0656","Comm. Volunteer Assistant",null,"W00","Non-Benefited"]
["MB0657","Scribe Fellow","12","W00","Non-Benefited"]
["MB0658","Sr Employee Experience Manager","47","W60","Non-Unit Professional"]
["MB0659","Dir, Quality MassHealth PCDI","47","W60","Non-Unit Professional"]
["MB0660","Clin Rsch Eval & Reporting Mgr","46","W60","Non-Unit Professional"]
["MB0661","Program Manager - Admissions","43","W60","Non-Unit Professional"]
["MB0662","Sr Dir, Prog Imp & Training","49","W60","Non-Unit Professional"]
["MB0663","OEVC Support Specialist - CWM","43","W60","Non-Unit Professional"]
["MB0665","Director, DEI Integration & Ed","49","W60","Non-Unit Professional"]
["MB0666","Medicine Administrator","43","W60","Non-Unit Professional"]
["MB0667","Human Resources Instructor","47","W60","Non-Unit Professional"]
["MB0668","Bus & Organ Effectiveness Spec","45","W60","Non-Unit Professional"]
["MB0669","Program Mgr, State Contracts","47","W60","Non-Unit Professional"]
["MB0670","Exec Assistant I - Medicine","42","W60","Non-Unit Professional"]
["MB0671","Mgr, Adv Commun & Spec Evnts","45","W60","Non-Unit Professional"]
["MB0672","Clin.Ops and Volunteer Asst.","40","W00","Non-Benefited"]
["MB0673","Lead Admissions Marketing Spec","45","W60","Non-Unit Professional"]
["MB1010","Project Associate","44","W60","Non-Unit Professional"]
["MB1014","Academic Personnel Specialist","42","W60","Non-Unit Professional"]
["MB1017","Clinical Rsch Business Analyst","44","W60","Non-Unit Professional"]
["MB1020","Major Gift Officer","46","W60","Non-Unit Professional"]
["MB1040","Sr Mgr, Business Development","49","W60","Non-Unit Professional"]
["MB1062","Coord, Learning Specialist","45","W60","Non-Unit Professional"]
["MB1066","Mgr.Transportation/Distrib","43","W60","Non-Unit Professional"]
["MB1079","Admissions Manager","43","W60","Non-Unit Professional"]
["MB1089","IS Program Administrator","43","W60","Non-Unit Professional"]
["MB1090","Program Administrator","44","W60","Non-Unit Professional"]
["MB1091","Assist. Director of Purchasing","46","W60","Non-Unit Professional"]
["MB1092","Dir Purchasing & Accts Payable","50","W60","Non-Unit Professional"]
["MB1098","Sr. Dir, DES","49","W60","Non-Unit Professional"]
["MB1109","Patient Advocate / Navigator","44","W60","Non-Unit Professional"]
["MB1110","Digital Learning Designer/Faci","47","W60","Non-Unit Professional"]
["MB1144","Sr Dir, Employee Relations","50","W60","Non-Unit Professional"]
["MB1159","Spec II, Casualty Recovery","44","W60","Non-Unit Professional"]
["MB1166","Dir, Cross Cultural Health","46","W60","Non-Unit Professional"]
["MB1167","Clinical Veterinarian Sr.","48","W60","Non-Unit Professional"]
["MB1168","Tobacco Cessation Prog Mgr","45","W60","Non-Unit Professional"]
["MB1172","Assoc Dir, Library","48","W60","Non-Unit Professional"]
["MB1174","Veterinary Surgical Coord","42","W60","Non-Unit Professional"]
["MB1176","Dir,Corp & Found Relations","49","W60","Non-Unit Professional"]
["MB1180","Dir, Academic Enrichment Prog","46","W60","Non-Unit Professional"]
["MB1181","Managing News Media Producer","46","W60","Non-Unit Professional"]
["MB1185","Student Affairs Manager","44","W60","Non-Unit Professional"]
["MB1186","Grant & Contract Specialist","41","W60","Non-Unit Professional"]
["MB1188","Specialist II, Estate Recovery","44","W60","Non-Unit Professional"]
["MB1189","EAP Counselor","44","W60","Non-Unit Professional"]
["MB1191","Licensing/Paralegal Asst","42","W60","Non-Unit Professional"]
["MB1195","Manager, HRIS","46","W60","Non-Unit Professional"]
["MB1196","Business Operations Analyst","43","W60","Non-Unit Professional"]
["MB1197","Asst Dir, Facilities Maint.","47","W60","Non-Unit Professional"]
["MB1202","Project Director","48","W60","Non-Unit Professional"]
["MB1205","Coord, Pub And Design","44","W60","Non-Unit Professional"]
["MB1208","Stewardship Officer","44","W60","Non-Unit Professional"]
["MB1211","Care Coordinator","41","W60","Non-Unit Professional"]
["MB1222","Analyst, Data","44","W60","Non-Unit Professional"]
["MB1225","Sr. Dir, DCS","49","W60","Non-Unit Professional"]
["MB1227","Asst Dir, Financial Aid","43","W60","Non-Unit Professional"]
["MB1231","Mgr, Accounting Cvip","44","W60","Non-Unit Professional"]
["MB1234","Legal Associate","49","W60","Non-Unit Professional"]
["MB1240","Case Coord Casualty Recovery","41","W60","Non-Unit Professional"]
["MB1248","Sr Compensation Coordinator","41","W60","Non-Unit Professional"]
["MB1299","Physician (Dual)","99","W60","Non-Unit Professional"]
["MB1300","Assoc Dir, Animal Care Facil","46","W60","Non-Unit Professional"]
["MB1301","Mgr, Benefits","46","W60","Non-Unit Professional"]
["MB1304","Senior Licensing Officer","49","W60","Non-Unit Professional"]
["MB1305","Licensing Officer","47","W60","Non-Unit Professional"]
["MB1306","Exec Asst to the Chancellor","45","W60","Non-Unit Professional"]
["MB1307","Exec Asst II","43","W60","Non-Unit Professional"]
["MB1308","Exec Asst I","42","W60","Non-Unit Professional"]
["MB1439","Spec, Animal Med Training","43","W60","Non-Unit Professional"]
["MB1440","Mgr,Veterinary Svcs&Trng","45","W60","Non-Unit Professional"]
["MB1441","Prog Monitor & Trainer","45","W60","Non-Unit Professional"]
["MB1446","Dir, Immigration Services","49","W60","Non-Unit Professional"]
["MB1448","Coord, Clinical Training","46","W60","Non-Unit Professional"]
["MB1449","Supv, Veterinary Svs","43","W60","Non-Unit Professional"]
["MB1451","Marketing Paralegal Ip","41","W60","Non-Unit Professional"]
["MB1453","Assoc, Advancement","42","W60","Non-Unit Professional"]
["MB1455","Immigration Specialist II","44","W60","Non-Unit Professional"]
["MB1461","Sr, Major Gifts Officer","48","W60","Non-Unit Professional"]
["MB1979","Intake Coordinator","40","W60","Non-Unit Professional"]
["MB1988","Spec, Educational II","43","W60","Non-Unit Professional"]
["MB1989","Coord, Information","16","W25","Non-Unit Classified"]
["MB1990","Registrar","45","W60","Non-Unit Professional"]
["MB1993","Project Manager,Senior","46","W60","Non-Unit Professional"]
["MB1999","Manager II","46","W60","Non-Unit Professional"]
["MB2001","Mgr Work Control","46","W60","Non-Unit Professional"]
["MB2007","Multi Media Specialist II - HR","42","W60","Non-Unit Professional"]
["MB2008","Director, Anatomic Services","46","W60","Non-Unit Professional"]
["MB2014","Dir,IACUC & IBC","47","W60","Non-Unit Professional"]
["MB2015","Senior Bio-Safety Officer","46","W60","Non-Unit Professional"]
["MB2017","Contract Administrator II","44","W60","Non-Unit Professional"]
["MB2018","Sr Dir, Envir Health & Safety","S1","W60","Non-Unit Professional"]
["MB2019","Contracts Administrator III","45","W60","Non-Unit Professional"]
["MB2021","Sr Web Dev'l & Creative Mgr","47","W60","Non-Unit Professional"]
["MB2023","Strategic Marketing Manager","46","W60","Non-Unit Professional"]
["MB2024","EH&S Safety Officer","47","W60","Non-Unit Professional"]
["MB2025","Contract Administrator","41","W60","Non-Unit Professional"]
["MB2026","Coord, Operations","42","W60","Non-Unit Professional"]
["MB2030","Archivist","44","W60","Non-Unit Professional"]
["MB2031","Librarian, RschData&ScholComm","45","W60","Non-Unit Professional"]
["MB2032","Dir. Hospital Programs","48","W60","Non-Unit Professional"]
["MB2035","Consultant Pharmacist III","P2","W60","Non-Unit Professional"]
["MB2036","Consultant Pharm. Team Lead","P3","W60","Non-Unit Professional"]
["MB2038","Client Service Manager-I","45","W60","Non-Unit Professional"]
["MB2043","Sr Mgr, Strategic Planning","47","W60","Non-Unit Professional"]
["MB2044","Academic Administrator I","44","W60","Non-Unit Professional"]
["MB2045","Academic Administrator II","45","W60","Non-Unit Professional"]
["MB2047","Academic Administrator III","47","W60","Non-Unit Professional"]
["MB2048","Academic Administrator IV","48","W60","Non-Unit Professional"]
["MB2049","HRIS Analyst","41","W60","Non-Unit Professional"]
["MB2054","Client Service Coordinator","44","W60","Non-Unit Professional"]
["MB2055","Business Manager","46","W60","Non-Unit Professional"]
["MB2057","Assistant Maintenance Manager","44","W60","Non-Unit Professional"]
["MB2058","Associate II","46","W60","Non-Unit Professional"]
["MB2059","Project Manager III","45","W60","Non-Unit Professional"]
["MB2060","Associate I","45","W60","Non-Unit Professional"]
["MB2061","Associate III","47","W60","Non-Unit Professional"]
["MB2062","Senior Associate","48","W60","Non-Unit Professional"]
["MB2063","Senior Associate II","49","W60","Non-Unit Professional"]
["MB2065","Mgr, Program Compliance","46","W60","Non-Unit Professional"]
["MB2066","Sr. Policy Analyst","46","W60","Non-Unit Professional"]
["MB2068","Training Coordinator","44","W60","Non-Unit Professional"]
["MB2076","Spec, Advancement","43","W60","Non-Unit Professional"]
["MB2077","Mgr, Donor Relations","46","W60","Non-Unit Professional"]
["MB2087","Pharmacy Business Sys Analyst","46","W60","Non-Unit Professional"]
["MB2088","Pharmacy Contract Program Mgr","48","W60","Non-Unit Professional"]
["MB2093","Consultant Pharmacist II","P2","W60","Non-Unit Professional"]
["MB2094","Consultant Pharmacist IV","P3","W60","Non-Unit Professional"]
["MB2095","Pharmacy Associate II","15","W25","Non-Unit Classified"]
["MB2096","Pharmacy Associate III","16","W28","SHARE"]
["MB2099","Sr Talent Acq Partner/Gen'l","45","W60","Non-Unit Professional"]
["MB2101","Compensation Specialist II","44","W60","Non-Unit Professional"]
["MB2103","Sr HR Benefits Specialist","41","W60","Non-Unit Professional"]
["MB2106","Employee Relations Consultant","44","W60","Non-Unit Professional"]
["MB2107","Pharmacy Associate I","14","W28","SHARE"]
["MB2111","Coord, Animal Import/Export","43","W60","Non-Unit Professional"]
["MB2112","Purchasing Agent III","44","W60","Non-Unit Professional"]
["MB2118","Mgr, Veterinary Services","45","W60","Non-Unit Professional"]
["MB2119","Mgr,Construction Project","45","W60","Non-Unit Professional"]
["MB2125","Manager","45","W60","Non-Unit Professional"]
["MB2126","Sr,Engineer","47","W60","Non-Unit Professional"]
["MB2128","Admissions Marketing Specialis","44","W60","Non-Unit Professional"]
["MB2131","Special Assistant to the Chan.","43","W60","Non-Unit Professional"]
["MB2137","Training Director","46","W60","Non-Unit Professional"]
["MB2140","Assoc,Dosimetry","43","W60","Non-Unit Professional"]
["MB2142","Sr HR Mktg Communications Spec","45","W60","Non-Unit Professional"]
["MB2148","Graduate Program Associate","44","W60","Non-Unit Professional"]
["MB2150","Research Compliance Coord","44","W60","Non-Unit Professional"]
["MB2151","National Mkt Development Dir","50","W60","Non-Unit Professional"]
["MB2152","Asst Dir, Career Development","46","W60","Non-Unit Professional"]
["MB2154","Diversity & Inclusion Manager","45","W60","Non-Unit Professional"]
["MB2156","Healthcare Data Analyst I","42","W60","Non-Unit Professional"]
["MB2157","Healthcare Data Analyst II","44","W60","Non-Unit Professional"]
["MB2158","Healthcare Data Analyst,Sr-MHE","46","W60","Non-Unit Professional"]
["MB2159","Audit Manager - FWA","47","W60","Non-Unit Professional"]
["MB2160","Coord, Document","41","W60","Non-Unit Professional"]
["MB2161","Assoc Dir, Res Funding Svcs","47","W60","Non-Unit Professional"]
["MB2162","Sponsored Progs Admin I","42","W60","Non-Unit Professional"]
["MB2163","Sponsored Progs Admin II","43","W60","Non-Unit Professional"]
["MB2164","Sponsored Progs Admin Sr.","44","W60","Non-Unit Professional"]
["MB2166","Teaching Associate","21","W00","Non-Benefited"]
["MB2167","Clin Research Business Analyst","44","W60","Non-Unit Professional"]
["MB2168","Clin Research Coverage Anaylst","44","W60","Non-Unit Professional"]
["MB2169","Healthcare Data Analyst, Sr","46","W60","Non-Unit Professional"]
["MB2664","Eng,Energy and Sustainability","47","W60","Non-Unit Professional"]
["MB2666","Grant Writer","45","W60","Non-Unit Professional"]
["MB6216","Police Lieutenant","19","W23","NEPBA Police Sergeants"]
["MB6220","DIO Coordinator","42","W60","Non-Unit Professional"]
["MB6844","Statistician Ii","43","W60","Non-Unit Professional"]
["MBR016","PPR Assistant","16","W50","NAGE Admin and Professional"]
["MBR017","PPR Specialist","17","W50","NAGE Admin and Professional"]
["MBR030","Medicare Appeals Specialist","17","W28","SHARE"]
["MBR031","Medicare Appeals Coordinator","42","W60","Non-Unit Professional"]
["MBR042","PPR Coordinator","42","W50","NAGE Admin and Professional"]
["MBR043","PPR Supervisor","43","W50","NAGE Admin and Professional"]
["MBR044","Asst Mgr, Revenue Operations","44","W60","Non-Unit Professional"]
["MBR045","Mgr, Revenue Operations","45","W60","Non-Unit Professional"]
["MBR046","Sr Manager, Revenue Operations","46","W60","Non-Unit Professional"]
["MBR047","Asst Dir, Revenue Operations","47","W60","Non-Unit Professional"]
["MBR048","Cost Rptg & Rate Setting Mgr","46","W60","Non-Unit Professional"]
["MBR049","Program Director, HCFS","49","W60","Non-Unit Professional"]
["MBR051","Benefit Coord & Recovery Spec","17","W50","NAGE Admin and Professional"]
["MBR052","Benefit C&R Coordinator","42","W50","NAGE Admin and Professional"]
["MBR053","Benefit C&R Project Lead","43","W50","NAGE Admin and Professional"]
["MC0007","Communications Technology Anal","73","W60","Non-Unit Professional"]
["MC0008","Coord, Technical Data","20","W28","SHARE"]
["MC0009","Audio Visual Tech II","7B","W25","Non-Unit Classified"]
["MC0014","ACIO, Infrastructure Services","78","W60","Non-Unit Professional"]
["MC0021","Information Security Officer","78","W60","Non-Unit Professional"]
["MC0022","Manager, Endpoint Services","75","W60","Non-Unit Professional"]
["MC0023","Dir, Hosted Sys & DevOps","77","W60","Non-Unit Professional"]
["MC0024","ACIO, Project Management Ofc","78","W60","Non-Unit Professional"]
["MC0029","Test Automation Engineer","75","W60","Non-Unit Professional"]
["MC0030","Engineer, Audio Visual Svcs","73","W60","Non-Unit Professional"]
["MC0031","Mgr, DevOps","76","W60","Non-Unit Professional"]
["MC0032","Data Security Risk&Compl Analy","75","W60","Non-Unit Professional"]
["MC0033","Product Owner II","75","W60","Non-Unit Professional"]
["MC0034","Sr Product Owner","76","W60","Non-Unit Professional"]
["MC0036","Security Administration Spec","73","W60","Non-Unit Professional"]
["MC0037","Dir, QARC Computing","76","W60","Non-Unit Professional"]
["MC0038","Director, IT Engineering","77","W60","Non-Unit Professional"]
["MC0040","Front End Developer, Sr","76","W60","Non-Unit Professional"]
["MC0042","Enterprise Architect","75","W60","Non-Unit Professional"]
["MC0044","Sr Devel Operations Engineer","76","W60","Non-Unit Professional"]
["MC0045","Mgr, Instructional Des & Tech","76","W60","Non-Unit Professional"]
["MC0047","Enterprise Client Solution Eng","74","W60","Non-Unit Professional"]
["MC0049","Mgr, Hosted Systems","76","W60","Non-Unit Professional"]
["MC0051","Malware Protection Specialist","74","W60","Non-Unit Professional"]
["MC0054","SEO/UX Analyst","74","W60","Non-Unit Professional"]
["MC0056","Dir, Productivity Services","77","W60","Non-Unit Professional"]
["MC0057","DevOps Engineer","75","W60","Non-Unit Professional"]
["MC0062","Information Technology Intern",null,"W00","Non-Benefited"]
["MC0064","Mgr, IT Engagement Management","76","W60","Non-Unit Professional"]
["MC0065","Mgr, Academic Technology","76","W60","Non-Unit Professional"]
["MC0067","Mgr, Space Mgmt & Planning","46","W60","Non-Unit Professional"]
["MC0068","Mgr, Software Engineering","76","W60","Non-Unit Professional"]
["MC0070","Mgr, Telecommunications Svcs","75","W60","Non-Unit Professional"]
["MC0071","Mgr, Data Sciences & Technolog","76","W60","Non-Unit Professional"]
["MC0072","Sr Digital Strategist","75","W60","Non-Unit Professional"]
["MC0073","Device Engineer I","73","W60","Non-Unit Professional"]
["MC0074","Principal Software Engineer","76","W60","Non-Unit Professional"]
["MC0076","Data Scientist, Associate","74","W60","Non-Unit Professional"]
["MC0077","Data Scientist","75","W60","Non-Unit Professional"]
["MC0078","Sr Software Engineer","76","W60","Non-Unit Professional"]
["MC0079","Software Engineer","75","W60","Non-Unit Professional"]
["MC0080","Software Engineer Associate","73","W60","Non-Unit Professional"]
["MC0081","Assoc, Digital Strategist","73","W60","Non-Unit Professional"]
["MC0083","Endpoint Mgmt SecurityEngineer","73","W60","Non-Unit Professional"]
["MC0084","Dep CIO, Info Tech Operations","S2","W60","Non-Unit Professional"]
["MC0085","Entity Information Officer",null,"W60","Non-Unit Professional"]
["MC0086","Team Leader, IT Help Desk","73","W60","Non-Unit Professional"]
["MC0087","Dir, Academic Technology","77","W60","Non-Unit Professional"]
["MC0088","Manager, AV Services","75","W60","Non-Unit Professional"]
["MC0089","Sr. Director, Customer Service","78","W60","Non-Unit Professional"]
["MC0096","Q A Analyst III","74","W60","Non-Unit Professional"]
["MC0097","Systems Security Specialist","75","W60","Non-Unit Professional"]
["MC0098","Dir, Business Solutions Arch.","76","W60","Non-Unit Professional"]
["MC0099","Dir, Bus. Relationship Mgmt.","76","W60","Non-Unit Professional"]
["MC0101","Strat. & Digital Init Director","76","W60","Non-Unit Professional"]
["MC0103","NENSP Systems Analyst, Sr.","47","W60","Non-Unit Professional"]
["MC0104","Medicine Applicat Developer II","45","W60","Non-Unit Professional"]
["MC0121","Computer Validation Speclst I","43","W60","Non-Unit Professional"]
["MC0122","Computer Validation Speclst II","44","W60","Non-Unit Professional"]
["MC0124","Principal Enterprise Architect","76","W60","Non-Unit Professional"]
["MC0125","Sr, Enterprise Architect","76","W60","Non-Unit Professional"]
["MC0126","System Admin Engineer I - HPC","74","W60","Non-Unit Professional"]
["MC0127","Site Reliability Engineer","73","W60","Non-Unit Professional"]
["MC0128","Support Tech Web Accessibility","16","W25","Non-Unit Classified"]
["MC0129","Data Management Analyst","73","W60","Non-Unit Professional"]
["MC0130","ServiceNow Web Developer, Sr","75","W60","Non-Unit Professional"]
["MC0131","ServiceNow Web Developer Assoc","73","W60","Non-Unit Professional"]
["MC0132","Sr Data Warehouse Dev AcadTech","76","W60","Non-Unit Professional"]
["MC0133","Audio Visual Technician","7C","W25","Non-Unit Classified"]
["MC0134","Manager, IT Service Operations","76","W60","Non-Unit Professional"]
["MC0135","Software Engineer-BIB Lab","75","W60","Non-Unit Professional"]
["MC0136","Mobile App Developer-BIB Lab","74","W60","Non-Unit Professional"]
["MC0137","UX Designer - BIB Lab","73","W60","Non-Unit Professional"]
["MC0138","Sr Director, IT Operations","78","W60","Non-Unit Professional"]
["MC0139","ACIO, Research Technology","78","W60","Non-Unit Professional"]
["MC0140","Sr. Automation Engineer - CWM","75","W60","Non-Unit Professional"]
["MC0141","Sr Dir, Software Engineer CWM","78","W60","Non-Unit Professional"]
["MC104","Asst. Entity Info. Officer","78","W60","Non-Unit Professional"]
["MC1054","Database Analyst","72","W60","Non-Unit Professional"]
["MC2000","ACIO, Customer Service","78","W60","Non-Unit Professional"]
["MC2004","ACIO, Rsch Comp & Data Innov","78","W60","Non-Unit Professional"]
["MC2006","ACIO, Academic Technology","78","W60","Non-Unit Professional"]
["MC2007","Dir, Data Management","77","W60","Non-Unit Professional"]
["MC2009","Chief Rsch Informatics Officer","78","W60","Non-Unit Professional"]
["MC2014","Dir, Network & Telecom Oper","77","W60","Non-Unit Professional"]
["MC2016","Manager, IT Help Desk","75","W60","Non-Unit Professional"]
["MC2019","Project Manager, Sr","76","W60","Non-Unit Professional"]
["MC2020","Project Manager Ii","75","W60","Non-Unit Professional"]
["MC2021","Project Manager","74","W60","Non-Unit Professional"]
["MC2023","Sr Eng, Sys Admin","76","W60","Non-Unit Professional"]
["MC2024","Eng II, Sys Admin","75","W60","Non-Unit Professional"]
["MC2025","Eng I, Sys Admin","74","W60","Non-Unit Professional"]
["MC2026","Engineer,Sys Admin","73","W60","Non-Unit Professional"]
["MC2028","Sr Eng, Network Admin","76","W60","Non-Unit Professional"]
["MC2029","Eng II, Network Admin","75","W60","Non-Unit Professional"]
["MC2030","Eng I, Network Admin","74","W60","Non-Unit Professional"]
["MC2033","Biostatistician, Sr.","75","W60","Non-Unit Professional"]
["MC2034","Biostatistician, Iii","74","W60","Non-Unit Professional"]
["MC2035","Biostatistician, Ii","73","W60","Non-Unit Professional"]
["MC2037","Development Engineer, Sr.","76","W60","Non-Unit Professional"]
["MC2038","Applic Database Developer III","75","W60","Non-Unit Professional"]
["MC2039","Applic Database Developer II","74","W60","Non-Unit Professional"]
["MC2040","Applic Database Developer I","73","W60","Non-Unit Professional"]
["MC2041","Dir. Bus Sys & Prod Mgmt","77","W60","Non-Unit Professional"]
["MC2042","Business Sys Analyst, Sr","75","W60","Non-Unit Professional"]
["MC2043","Business Sys Analyst","74","W60","Non-Unit Professional"]
["MC2044","Business Sys Analyst Ii","73","W60","Non-Unit Professional"]
["MC2047","Informaticist, Iii","74","W60","Non-Unit Professional"]
["MC2049","Technologist, Instruct Sr.","75","W60","Non-Unit Professional"]
["MC2050","Technologist, Instruct Iii","74","W60","Non-Unit Professional"]
["MC2051","Technologist, Instruct Ii","73","W60","Non-Unit Professional"]
["MC2052","Web Developer, Sr.","75","W60","Non-Unit Professional"]
["MC2053","Web Developer Iii","74","W60","Non-Unit Professional"]
["MC2060","Analyst, Telcom Sr.","74","W60","Non-Unit Professional"]
["MC2061","Analyst, Telcom Iii","73","W60","Non-Unit Professional"]
["MC2062","Analyst, Telcom Ii","7C","W25","Non-Unit Classified"]
["MC2063","PC Svs Engineer, Sr","74","W60","Non-Unit Professional"]
["MC2064","Engineer, Pc Svs","73","W60","Non-Unit Professional"]
["MC2065","Technician, Pc Svs Ii","7C","W25","Non-Unit Classified"]
["MC2067","Engineer, Enterprise Support","73","W60","Non-Unit Professional"]
["MC2068","Technician, Sr Enterprise Supp","7C","W25","Non-Unit Classified"]
["MC2069","Tech II, Enterprise Support","7B","W25","Non-Unit Classified"]
["MC2070","Tech I, Enterprise Support","7A","W25","Non-Unit Classified"]
["MC2072","Mgr Communication Technologies","75","W60","Non-Unit Professional"]
["MC2081","Database Administrator","75","W60","Non-Unit Professional"]
["MC2083","Database Administrator Sr.","76","W60","Non-Unit Professional"]
["MC2085","Mgr, Info Security&Compliance","76","W60","Non-Unit Professional"]
["MC2090","Technologist,Instruct I","72","W60","Non-Unit Professional"]
["MC2095","Bus Intelligence Analyst Sr","75","W60","Non-Unit Professional"]
["MC2097","Healthcare Data Analyst Sr","75","W60","Non-Unit Professional"]
["MC2118","Dir, Data Science & Technology","77","W60","Non-Unit Professional"]
["MC2200","Bioinformatician","72","W60","Non-Unit Professional"]
["MC2201","Bioinformatician II","73","W60","Non-Unit Professional"]
["MC2202","Bioinformatician III","74","W60","Non-Unit Professional"]
["MC2205","Development Engineer - CWM, Sr","76","W60","Non-Unit Professional"]
["MC2206","System Administrator","76","W60","Non-Unit Professional"]
["ME0005","Facilities Planner","44","W60","Non-Unit Professional"]
["ME0013","EH&S Technician","17","W28","SHARE"]
["ME0017","Architectural Project Mgr.","46","W60","Non-Unit Professional"]
["ME0021","Sr Facilities Spec-Mechanic","20","W25","Non-Unit Classified"]
["ME0022","EH&S Associate","41","W60","Non-Unit Professional"]
["ME0024","EH&S Specialist II","43","W60","Non-Unit Professional"]
["ME0028","Sr Facilities Spec-Waste Water","20","W25","Non-Unit Classified"]
["ME0030","Supply Coord Ii","15","W28","SHARE"]
["ME0031","Supply Center Inventory Coord","17","W25","Non-Unit Classified"]
["ME0033","EH&S Specialist III","45","W60","Non-Unit Professional"]
["ME0034","Facilities Spec-Mechanic","18","W25","Non-Unit Classified"]
["ME0039","Eng Build Sys Oper","20","W20","AFSCME Trades and Building Svc"]
["ME0040","Sr Facilities Spec- Plumber","20","W25","Non-Unit Classified"]
["ME0042","ASC Building Manager","46","W60","Non-Unit Professional"]
["ME0044","Lead, Safety Sys Tech - Elect","20","W20","AFSCME Trades and Building Svc"]
["ME0047","Build Sys Oper Asst","16","W20","AFSCME Trades and Building Svc"]
["ME0048","Supv, Ebs","16","W25","Non-Unit Classified"]
["ME0049","Safety System Tech Assistant","15","W20","AFSCME Trades and Building Svc"]
["ME0053","Console Operator","16","W20","AFSCME Trades and Building Svc"]
["ME0064","Technician, Equip Inventory","13","W28","SHARE"]
["ME0075","Supv, Receiving","17","W25","Non-Unit Classified"]
["ME0076","Driver","11","W28","SHARE"]
["ME0082","Asst Rad Safety Officer","45","W60","Non-Unit Professional"]
["ME0085","Coord, Facilities Materials","15","W20","AFSCME Trades and Building Svc"]
["ME0094","EH&S Specialist I","42","W60","Non-Unit Professional"]
["ME0097","Tech, Equipment Inven Sr.","15","W28","SHARE"]
["ME0099","Custodian, Lead","14","W25","Non-Unit Classified"]
["ME0100","Custodian II","10","W28","SHARE"]
["ME0118","Technician, Safety Systems","18","W20","AFSCME Trades and Building Svc"]
["ME0119","Designer/CAD Specialist II","42","W60","Non-Unit Professional"]
["ME0121","Console Operator, Lead","18","W20","AFSCME Trades and Building Svc"]
["ME0123","Designer/CAD Specialist I","41","W60","Non-Unit Professional"]
["ME0124","Facilities Material Coord,Lead","17","W20","AFSCME Trades and Building Svc"]
["ME0125","EH&S Asst Safety Officer-OSEC","45","W60","Non-Unit Professional"]
["ME0126","EH&S Asst Safety Officer-BioSa","45","W60","Non-Unit Professional"]
["ME0127","EH&S Asst Safety Officer-CELS","45","W60","Non-Unit Professional"]
["ME0128","EH&S Manager - BioSafety","47","W60","Non-Unit Professional"]
["ME0129","EH&S Manager - OSEC","47","W60","Non-Unit Professional"]
["ME0130","EH&S Manager - CELS","47","W60","Non-Unit Professional"]
["ME0131","EH&S Spec I","41","W60","Non-Unit Professional"]
["ME0132","EH&S Spec II","43","W60","Non-Unit Professional"]
["ME0133","EH&S Manager - EMC&GS","47","W60","Non-Unit Professional"]
["ME0134","EH&S Director - OSEC","48","W60","Non-Unit Professional"]
["ME0135","EH&S Director-Radiation Safety","48","W60","Non-Unit Professional"]
["ME0136","EH&S Asst Radiation Safety Off","45","W60","Non-Unit Professional"]
["ME0137","EH&S Assoc Radiation Safty Off","46","W60","Non-Unit Professional"]
["MF0012","SSP Financial Coordinator","45","W60","Non-Unit Professional"]
["MF0013","Financial Assistant","13","W25","Non-Unit Classified"]
["MF0014","Accountant, Staff I - CWM","42","W60","Non-Unit Professional"]
["MF0015","Financial Assistant III","15","W28","SHARE"]
["MF0016","Financial Assistant IV","16","W28","SHARE"]
["MF0019","Asst Bursar","42","W60","Non-Unit Professional"]
["MF0020","Accounting Supv - Properties","46","W60","Non-Unit Professional"]
["MF0021","Core Administration Accountant","43","W60","Non-Unit Professional"]
["MF0022","Cost Analyst","45","W60","Non-Unit Professional"]
["MF0023","Financial & Data Analyst III","45","W60","Non-Unit Professional"]
["MF0024","Mgr,Grant Acctng AR&Fin Analys","46","W60","Non-Unit Professional"]
["MF0025","Staff Accountant I Operations","42","W60","Non-Unit Professional"]
["MF0026","Fin Analyst III, GrantsContrts","45","W60","Non-Unit Professional"]
["MF0031","Sr Mgr, Programs&Facility Svcs","46","W60","Non-Unit Professional"]
["MF0033","Financial and Data Analyst IV","46","W60","Non-Unit Professional"]
["MF0036","Accts Payble and Payroll Spt","15","W25","Non-Unit Classified"]
["MF0038","Asst Dir, Budget & Fin Rptng","48","W60","Non-Unit Professional"]
["MF0039","Accountant, AR & Billing Spec","44","W60","Non-Unit Professional"]
["MF0040","Asst Dir, Finance - CHCF","48","W60","Non-Unit Professional"]
["MF0043","Supv, Financial Systems","46","W60","Non-Unit Professional"]
["MF0044","Proj Mgr, A&F Systems","47","W60","Non-Unit Professional"]
["MF0045","Budget Data Analyst - CWM","44","W60","Non-Unit Professional"]
["MF0046","Sr PM Systems Implementation","48","W60","Non-Unit Professional"]
["MF0047","Financial Asst IV - Bursar Ofc","16","W28","SHARE"]
["MF0049","Accts Payable Rep, Sr.","15","W28","SHARE"]
["MF0051","Supv, Physical Asset Mgmt","44","W60","Non-Unit Professional"]
["MF0052","Asst, Accounts Payable Mgr","42","W60","Non-Unit Professional"]
["MF0053","Banking & Cash Mgmt Specialist","40","W60","Non-Unit Professional"]
["MF0054","Dir, Financial Operations","49","W60","Non-Unit Professional"]
["MF0055","Financial Assistant IV - RCA","17","W28","SHARE"]
["MF0056","RADx Grant & Contract Spec II","42","W60","Non-Unit Professional"]
["MF0057","Lead Financial Analyst-Budgets","46","W60","Non-Unit Professional"]
["MF0058","Financial Assistant - PMM","16","W28","SHARE"]
["MF0059","Grant & Contract Spec III","44","W60","Non-Unit Professional"]
["MF0060","Dir, Budget & Financial Planng","49","W60","Non-Unit Professional"]
["MF0061","Exec Director, Finance MBL","50","W60","Non-Unit Professional"]
["MF0501","Resident Pgy - 1","80","W63","Residents/Post Docs"]
["MF0502","Resident Pgy - 2","80","W63","Residents/Post Docs"]
["MF0503","Resident Pgy - 3","80","W63","Residents/Post Docs"]
["MF0504","Resident Pgy - 4","80","W63","Residents/Post Docs"]
["MF0505","Resident Pgy - 5","80","W63","Residents/Post Docs"]
["MF0506","Resident Pgy - 6","80","W63","Residents/Post Docs"]
["MF0507","Resident Pgy - 7","80","W63","Residents/Post Docs"]
["MF0508","Resident Pgy - 8","80","W63","Residents/Post Docs"]
["MF05XX","Visiting Scholar",null,"W00","Non-Benefited"]
["MF06XX","Instructor","90","W60","Non-Unit Professional"]
["MF09XX","Asst Professor","92","W60","Non-Unit Professional"]
["MF10XX","Assoc Professor","93","W60","Non-Unit Professional"]
["MF11XX","Professor","94","W60","Non-Unit Professional"]
["MF12XX","Visiting Faculty","94","W60","Non-Unit Professional"]
["MF13XX","Chairman of Department","95","W60","Non-Unit Professional"]
["MF19XX","Post Doc Assoc","86","W63","Residents/Post Docs"]
["MF19XY","App. Pharmacoeconmics Fellow","86","W63","Residents/Post Docs"]
["MF2001","Analyst, Financial Sr","44","W60","Non-Unit Professional"]
["MF2004","Purchasing Specialist III","44","W60","Non-Unit Professional"]
["MF2005","Accountant, Staff IV - Grant","45","W60","Non-Unit Professional"]
["MF2006","Supervisor, Accounting","45","W60","Non-Unit Professional"]
["MF2007","Accountant, Staff III","44","W60","Non-Unit Professional"]
["MF2008","Grant & Contract Specialist II","42","W60","Non-Unit Professional"]
["MF2009","Accountant Staff II - Grant","43","W60","Non-Unit Professional"]
["MF2010","Financial Budget Analyst II","44","W60","Non-Unit Professional"]
["MF2011","Accountant, Staff Ii","43","W60","Non-Unit Professional"]
["MF2014","Cost Analyis & Compliance Supv","46","W60","Non-Unit Professional"]
["MF2016","Coord, Animal Systems","17","W25","Non-Unit Classified"]
["MF2017","Asst Dir, Financial Systems","48","W60","Non-Unit Professional"]
["MF2022","Analyst, Financial I","41","W60","Non-Unit Professional"]
["MF2023","Accountant, Staff  I FS/CHCF","42","W60","Non-Unit Professional"]
["MF2024","Financial Analyst, Sr - FS/CWM","44","W60","Non-Unit Professional"]
["MF2048","Financial Analyst III","45","W60","Non-Unit Professional"]
["MF2051","Manager - Financial Systems","47","W60","Non-Unit Professional"]
["MF2052","Payroll Supervisor","43","W60","Non-Unit Professional"]
["MF2053","Manager, Finance","46","W60","Non-Unit Professional"]
["MF2055","Revenue & Contracts Analyst IV","46","W60","Non-Unit Professional"]
["MF2061","Accountant,Staff III-Grant","44","W60","Non-Unit Professional"]
["MF2062","Analyst,Financial III - CHCF","45","W60","Non-Unit Professional"]
["MF2063","Analyst,Financial III - Grant","45","W60","Non-Unit Professional"]
["MF2064","Analyst,Financial III - Budget","45","W60","Non-Unit Professional"]
["MF2066","Accountant,Staff I","42","W60","Non-Unit Professional"]
["MF2067","Grants & AR Analyst","43","W60","Non-Unit Professional"]
["MF2068","Financial Coordinator- Grants","41","W60","Non-Unit Professional"]
["MF2069","Accountant, Staff I - GSN","42","W60","Non-Unit Professional"]
["MF22XX","Research Fellow","86","W63","Residents/Post Docs"]
["MF24XX","Lecturer","91","W60","Non-Unit Professional"]
["MF26XX","Vice Provost Rsch Strat Initia","95","W60","Non-Unit Professional"]
["MF35XX","Post Doc Fellow/Instr.","86","W63","Residents/Post Docs"]
["MFS107","Cafeteria Attendant","11","W25","Non-Unit Classified"]
["MH0006","MassHealth Chief Med Ofc (CMO)",null,"W60","Non-Unit Professional"]
["MH0007","Activity Coordinator","15","W25","Non-Unit Classified"]
["MH0008","Audiologist","44","W60","Non-Unit Professional"]
["MH0009","Physical Activity Instructor","44","W00","Non-Benefited"]
["MH0013","Family Medicine Resident","42","W63","Residents/Post Docs"]
["MH0014","Psychologist Ii","46","W60","Non-Unit Professional"]
["MH0015","Clinical Nurse Specialist","47","W60","Non-Unit Professional"]
["MH0016","Nurse Practitioner","47","W60","Non-Unit Professional"]
["MH0017","Program Mgr, Child Protection","44","W60","Non-Unit Professional"]
["MH0018","Assoc Medical Dir - Psychiatry",null,"W60","Non-Unit Professional"]
["MH0019","Assoc Medical Director, CPS",null,"W60","Non-Unit Professional"]
["MH0020","Research Medical Assistant","14","W28","SHARE"]
["MH0024","Research RN I","44","W60","Non-Unit Professional"]
["MH0025","Research RN II","45","W60","Non-Unit Professional"]
["MH0036","Analyst, Lab II","19","W28","SHARE"]
["MH0037","Analyst,Lab Sr.","42","W60","Non-Unit Professional"]
["MH0046","Dietitian, Clinical I","43","W60","Non-Unit Professional"]
["MH0047","Research Dietitian","42","W60","Non-Unit Professional"]
["MH0069","Therapist, Occ Ii","45","W60","Non-Unit Professional"]
["MH0071","Dosimetrist, Radiation","46","W60","Non-Unit Professional"]
["MH0072","Senior Research Dosimetrist","47","W60","Non-Unit Professional"]
["MH0079","Program Director I","45","W60","Non-Unit Professional"]
["MH0081","Psychology Resident","41","W63","Residents/Post Docs"]
["MH0090","Medical Physicist","49","W60","Non-Unit Professional"]
["MH0091","Dep Chief Med Ofc MassHealth",null,"W60","Non-Unit Professional"]
["MH0125","Nutrition Educator","44","W00","Non-Benefited"]
["MH0168","Therapist, Occ I Psy","44","W60","Non-Unit Professional"]
["MH0172","Nutritionist Ii","43","W60","Non-Unit Professional"]
["MH0189","Dir,Rehabilitation Services","47","W60","Non-Unit Professional"]
["MH0190","Assoc Data Scientist-Ophth","46","W60","Non-Unit Professional"]
["MH0214","Coord, Adolescent Behav.","42","W60","Non-Unit Professional"]
["MH0229","Psychologist Intern","35","W60","Non-Unit Professional"]
["MH0242","Speech & Language Consultant","45","W60","Non-Unit Professional"]
["MH0245","Physician's Assistant","47","W60","Non-Unit Professional"]
["MH0246","Medical Director",null,"W60","Non-Unit Professional"]
["MH0247","Dental Assistant","15","W25","Non-Unit Classified"]
["MH0249","Assoc Medical Director ACO/ACH",null,"W60","Non-Unit Professional"]
["MH0250","Respiratory Therapist","06","W25","Non-Unit Classified"]
["MH0251","Deputy Medical Director OCA",null,"W60","Non-Unit Professional"]
["MH0253","Sr Med Dir, MH Pmt & Care Del",null,"W60","Non-Unit Professional"]
["MH0254","Associate Medical Director OCA",null,"W60","Non-Unit Professional"]
["MH2750","Physician Advisor",null,"W60","Non-Unit Professional"]
["MH2751","Q A Consultant",null,"W60","Non-Unit Professional"]
["MH2753","Physician Advisor-OCA Liaison",null,"W60","Non-Unit Professional"]
["MH2754","Clinical Dir, MH Behav. Health","49","W60","Non-Unit Professional"]
["MH2755","Administrative Advisor",null,"W60","Non-Unit Professional"]
["MH2756","Sr. Medical Director, MH LTSS",null,"W60","Non-Unit Professional"]
["MH2757","Medical Director CPS",null,"W60","Non-Unit Professional"]
["MHB409","Mechanic","18","W20","AFSCME Trades and Building Svc"]
["MHCB12","Disability Reviewer II","45","W60","Non-Unit Professional"]
["MHCB14","Disability Assistant","15","W28","SHARE"]
["MHCB15","Appeals Coordinator","17","W28","SHARE"]
["MHCB16","Provider Mgmt Coordinator","14","W28","SHARE"]
["MHCB17","Manager, Operations","45","W60","Non-Unit Professional"]
["MHCB19","Supv, Operations - Call Center","41","W60","Non-Unit Professional"]
["MHCB24","Asst Dir, Claiming CHCF","48","W60","Non-Unit Professional"]
["MHCB26","Provider Relations Coord","17","W28","SHARE"]
["MHCB27","Clinical Coordinator - PT NEX","21","W00","Non-Benefited"]
["MHCB29","Coord, Fiscal Aff Chcf Ii","44","W60","Non-Unit Professional"]
["MHCB31","Lead Disability Assistant","17","W28","SHARE"]
["MHCB36","Dir, Drug Utilization Program","48","W60","Non-Unit Professional"]
["MHCB38","Clinical Coordinator","46","W60","Non-Unit Professional"]
["MHCB41","Asst Director","46","W60","Non-Unit Professional"]
["MHCB45","Mgr, Program Compliance","46","W60","Non-Unit Professional"]
["MHCB46","Intake Assistant, Lead","17","W28","SHARE"]
["MHCB50","Mgr, Claims","45","W60","Non-Unit Professional"]
["MHCB54","Program Data Specialist","43","W60","Non-Unit Professional"]
["MHCB57","Program Manager - EAP","45","W60","Non-Unit Professional"]
["MHCB62","Hearings Associate","44","W60","Non-Unit Professional"]
["MHCB67","Supv, Operations - CPS","41","W60","Non-Unit Professional"]
["MHCB69","Mgr,Case Comm Med","45","W60","Non-Unit Professional"]
["MHCB72","Intake Assistant","15","W28","SHARE"]
["MHCB74","Assoc Dir, Prgm Imp Net Admin","47","W60","Non-Unit Professional"]
["MHCB75","Insurance Program Coord II","44","W60","Non-Unit Professional"]
["MHCB76","Assoc Dir, Appeals & Reg Compl","47","W60","Non-Unit Professional"]
["MHCB77","Assoc Dir, Clinical Services","47","W60","Non-Unit Professional"]
["MHCB79","Medicare Prem Asst Prog Coord","44","W60","Non-Unit Professional"]
["MHCB89","Technologist, Radiology","06","W25","Non-Unit Classified"]
["MHE001","Sr Business Analyst - MHE","45","W60","Non-Unit Professional"]
["MHE002","Policy Analyst II - MHE","46","W60","Non-Unit Professional"]
["MHE003","Legal Associate - MHE","50","W60","Non-Unit Professional"]
["MHE004","Sr. Project Director - MHE","48","W60","Non-Unit Professional"]
["MHE005","Sr Proj Dir II PCDI - MHE","49","W60","Non-Unit Professional"]
["MHE006","Sr. Project Director II - MHE","49","W60","Non-Unit Professional"]
["MHE007","Project Manager - MHE","45","W60","Non-Unit Professional"]
["MHE008","Project Manager II - MHE","46","W60","Non-Unit Professional"]
["MHE009","Project Manager III - MHE","47","W60","Non-Unit Professional"]
["MHE010","Healthcare Data Analyst - MHE","44","W60","Non-Unit Professional"]
["MHE011","HealthcareDataAnalyst III-MHE","46","W60","Non-Unit Professional"]
["MHE012","Healthcare Data Analyst II-MHE","45","W60","Non-Unit Professional"]
["MHE013","Policy Analyst - MHE","45","W60","Non-Unit Professional"]
["MHE014","Legal Policy Manager - MHE","48","W60","Non-Unit Professional"]
["MHE015","Project Manager (HCBS) - MHE","45","W60","Non-Unit Professional"]
["MHE016","Data Warehouse Director - MHE","49","W60","Non-Unit Professional"]
["MHE017","Chief Data & Info. Ofc - MHE","50","W60","Non-Unit Professional"]
["MJP349","Administrative Manager I","45","W60","Non-Unit Professional"]
["MJP350","Admin Assistant I","03","W25","Non-Unit Classified"]
["MJP353","Assoc Dir, Admin Finance","48","W60","Non-Unit Professional"]
["MJP354","Admin Assistant II","04","W25","Non-Unit Classified"]
["MJP360","Business Manager-Jp","44","W60","Non-Unit Professional"]
["MJP362","Spec, Clinical Data Iii-Jp","07","W25","Non-Unit Classified"]
["MJP364","Clinical Data Liaison","45","W60","Non-Unit Professional"]
["MJP365","Clinical Data Staff Scientist","46","W60","Non-Unit Professional"]
["MJP369","Clinical Data Specialist II","06","W25","Non-Unit Classified"]
["MJP372","Data Entry Operator/Cs-Jp","02","W25","Non-Unit Classified"]
["MJP373","Data Entry Operator/Csii-Jp","03","W25","Non-Unit Classified"]
["MJP374","Supv, Data Entry/Cust Svs-Jp","05","W25","Non-Unit Classified"]
["MJP377","Document Coordinator I","03","W25","Non-Unit Classified"]
["MJP380","Executive Assistant","44","W60","Non-Unit Professional"]
["MJP386","Financial Analyst I","44","W60","Non-Unit Professional"]
["MJP389","Mgr. Data Entry","06","W25","Non-Unit Classified"]
["MJP390","Lab Analyst I NENSP","05","W25","Non-Unit Classified"]
["MJP391","Lab Analyst II NENSP","06","W25","Non-Unit Classified"]
["MJP392","Lab Analyst III NENSP","07","W25","Non-Unit Classified"]
["MJP393","Lab Supervisor NENSP","46","W60","Non-Unit Professional"]
["MJP397","Lab Tech I","02","W25","Non-Unit Classified"]
["MJP398","Lab Tech II","03","W25","Non-Unit Classified"]
["MJP399","Manufacturing Assoc. I","04","W25","Non-Unit Classified"]
["MJP400","Manufacturing Assoc III","06","W25","Non-Unit Classified"]
["MJP401","Manufacturing Assoc. II","05","W25","Non-Unit Classified"]
["MJP402","Manufacturing Assoc. IV","07","W25","Non-Unit Classified"]
["MJP403","Manufacturing Manager I","46","W60","Non-Unit Professional"]
["MJP404","Manufacturing Manager II","47","W60","Non-Unit Professional"]
["MJP406","Manufacturing Tech I","02","W25","Non-Unit Classified"]
["MJP407","Manufacturing Tech II","03","W25","Non-Unit Classified"]
["MJP408","Materials Handler I","02","W25","Non-Unit Classified"]
["MJP415","Process Dev Assoc I","05","W25","Non-Unit Classified"]
["MJP416","Process Development Assoc II","06","W25","Non-Unit Classified"]
["MJP417","Process Engineer I","45","W60","Non-Unit Professional"]
["MJP418","Process Engineer II","46","W60","Non-Unit Professional"]
["MJP419","Process Engineer III","47","W60","Non-Unit Professional"]
["MJP421","Clinical Data Specialist I","04","W25","Non-Unit Classified"]
["MJP424","QA Compliance Specialist I","43","W60","Non-Unit Professional"]
["MJP425","QA ComplianceSpecialist II","44","W60","Non-Unit Professional"]
["MJP426","Quality Manager I","46","W60","Non-Unit Professional"]
["MJP427","Quality Manager II","47","W60","Non-Unit Professional"]
["MJP428","QC Analyst I","05","W25","Non-Unit Classified"]
["MJP429","QC Analyst II","06","W25","Non-Unit Classified"]
["MJP430","QC Visual Inspection Spec I","03","W25","Non-Unit Classified"]
["MJP432","QC Manager I","46","W60","Non-Unit Professional"]
["MJP434","Q C Manager II","47","W60","Non-Unit Professional"]
["MJP435","R&D Assoc II - Product Discov","06","W25","Non-Unit Classified"]
["MJP436","R&D Assoc I - Product Discov","05","W25","Non-Unit Classified"]
["MJP437","R&D Scientist I - Product Disc","46","W60","Non-Unit Professional"]
["MJP438","R&D Scientist II- Product Disc","47","W60","Non-Unit Professional"]
["MJP441","Reg Affairs Specialist II","44","W60","Non-Unit Professional"]
["MJP442","Reg Affairs Specialist I","43","W60","Non-Unit Professional"]
["MJP443","Dir, Facilities Operations","49","W60","Non-Unit Professional"]
["MJP446","Shipping Manager II","46","W60","Non-Unit Professional"]
["MJP447","Validation Engineer I","45","W60","Non-Unit Professional"]
["MJP448","Validation Engineer II","46","W60","Non-Unit Professional"]
["MJP449","Validation Engineer III","47","W60","Non-Unit Professional"]
["MJP450","Validation Specialist I","05","W25","Non-Unit Classified"]
["MJP452","QA Compliance Specialist III","45","W60","Non-Unit Professional"]
["MJP453","QA Compliance Specialist IV","46","W60","Non-Unit Professional"]
["MJP455","Director,Engineering","49","W60","Non-Unit Professional"]
["MJP457","Calibration Technician III","06","W25","Non-Unit Classified"]
["MJP460","Director, QA","49","W60","Non-Unit Professional"]
["MJP462","Assoc Dir, Manufacturing","48","W60","Non-Unit Professional"]
["MJP463","Sr. Director,Manufacturing","50","W60","Non-Unit Professional"]
["MJP464","Director,Quality Control","49","W60","Non-Unit Professional"]
["MJP465","EH&S Officer","48","W60","Non-Unit Professional"]
["MJP466","QC Analyst III","45","W60","Non-Unit Professional"]
["MJP468","Preventative Maint Tech III","06","W25","Non-Unit Classified"]
["MJP469","Metrology Manager I","46","W60","Non-Unit Professional"]
["MJP470","Document Specialist III","45","W60","Non-Unit Professional"]
["MJP471","Calibration Technician II","05","W25","Non-Unit Classified"]
["MJP472","Dir, Regulatory Affairs","49","W60","Non-Unit Professional"]
["MJP473","Dir, Manufacturing","49","W60","Non-Unit Professional"]
["MJP475","Document Specialist II","44","W60","Non-Unit Professional"]
["MJP481","Process Engineer IV","48","W60","Non-Unit Professional"]
["MJP483","Grant and Contract Admin II","45","W60","Non-Unit Professional"]
["MJP485","Sr. Director,QC","50","W60","Non-Unit Professional"]
["MJP489","Calibration Technician IV","45","W60","Non-Unit Professional"]
["MJP491","Materials Handler II","03","W25","Non-Unit Classified"]
["MJP492","Dir, Manufacturing VMC","49","W60","Non-Unit Professional"]
["MJP494","Materials Handler III","04","W25","Non-Unit Classified"]
["MJP503","Validation Specialist II","44","W60","Non-Unit Professional"]
["MJP504","Validation Specialist III","45","W60","Non-Unit Professional"]
["MJP505","Calibration Technician I","04","W25","Non-Unit Classified"]
["MJP506","Reg Affairs Specialist III","45","W60","Non-Unit Professional"]
["MJP508","Document Specialist I","05","W25","Non-Unit Classified"]
["MJP509","Document Coordinator II","04","W25","Non-Unit Classified"]
["MJP510","Metrology Manager II","47","W60","Non-Unit Professional"]
["MJP511","Mfg Compliance Specialist II","45","W60","Non-Unit Professional"]
["MJP512","Mfg Compliance Specialist I","44","W60","Non-Unit Professional"]
["MJP527","Validation Engineer IV","48","W60","Non-Unit Professional"]
["MJP528","Validation Specialist IV","46","W60","Non-Unit Professional"]
["MJP529","Preventative Maint. Tech I","04","W25","Non-Unit Classified"]
["MJP530","Director, Technical Services","49","W60","Non-Unit Professional"]
["MJP532","Facilities Engineer IV","48","W60","Non-Unit Professional"]
["MJP534","Director Administration","49","W60","Non-Unit Professional"]
["MJP536","Data Entry Operator/CS III-JP","04","W25","Non-Unit Classified"]
["MJP538","Clinical Research Assoc. III","46","W60","Non-Unit Professional"]
["MJP539","R&D Assoc III - Product Disc","45","W60","Non-Unit Professional"]
["MJP542","Preventative Maint. Tech II","05","W25","Non-Unit Classified"]
["MJP543","Preventative Maint. Tech IV","45","W60","Non-Unit Professional"]
["MJP546","Program Coordinator","07","W25","Non-Unit Classified"]
["MJP550","Financial Analyst II","45","W60","Non-Unit Professional"]
["MJP554","Project Manager I","45","W60","Non-Unit Professional"]
["MJP555","Director,Process Development","49","W60","Non-Unit Professional"]
["MJP558","Deputy Director","E3","W60","Non-Unit Professional"]
["MJP560","Clinical Manager II","47","W60","Non-Unit Professional"]
["MJP561","Clinical Manager I","46","W60","Non-Unit Professional"]
["MJP562","Mfg Compliance Associate I","04","W25","Non-Unit Classified"]
["MJP563","Mfg Compliance Associate II","05","W25","Non-Unit Classified"]
["MJP567","Supply Chain Manager II","46","W60","Non-Unit Professional"]
["MJP571","Assoc Director, QC","48","W60","Non-Unit Professional"]
["MJP580","cGxP Network/Systems Admin I","45","W60","Non-Unit Professional"]
["MJP581","cGxP Network/Systems Admin II","46","W60","Non-Unit Professional"]
["MJP582","cGxP Network Systems Admin III","47","W60","Non-Unit Professional"]
["MJP583","cGxP Database Admin I","45","W60","Non-Unit Professional"]
["MJP584","cGxP Database Admin II","46","W60","Non-Unit Professional"]
["MJP585","cGxP Database Admin III","47","W60","Non-Unit Professional"]
["MJP589","Automation Engineer I","45","W60","Non-Unit Professional"]
["MJP590","Automation Engineer II","46","W60","Non-Unit Professional"]
["MJP591","Automation Engineer III","47","W60","Non-Unit Professional"]
["MJP592","Automation Engineer IV","47","W60","Non-Unit Professional"]
["MJP593","Vendor Relations Assoc I","05","W25","Non-Unit Classified"]
["MJP594","Vendor Relations Assoc II","44","W60","Non-Unit Professional"]
["MJP595","Sr. Vendor Relations Assoc","45","W60","Non-Unit Professional"]
["MJP597","Facilities Operations Mgr I","46","W60","Non-Unit Professional"]
["MJP598","Facilities Operations Mgr II","47","W60","Non-Unit Professional"]
["MJP599","Assoc Director, Facilities Ops","48","W60","Non-Unit Professional"]
["MJP600","Deputy Director & Clin&Reg Aff","E3","W60","Non-Unit Professional"]
["MJP602","Deputy Director, Manufacturing","E3","W60","Non-Unit Professional"]
["MJP603","Deputy Director Quality","E3","W60","Non-Unit Professional"]
["MJP607","Dir,Business Development","49","W60","Non-Unit Professional"]
["MJP608","Director,cGxP IS","49","W60","Non-Unit Professional"]
["MJP609","Sr. Director,cGxP IS","50","W60","Non-Unit Professional"]
["MJP615","Assoc Director,cGxP IS","48","W60","Non-Unit Professional"]
["MJP617","Sr Dir Process Development","50","W60","Non-Unit Professional"]
["MJP618","Purchasing Associate II","05","W25","Non-Unit Classified"]
["MJP619","Purchasing Associate III","44","W60","Non-Unit Professional"]
["MJP620","Accounts Payable Coordinator I","03","W25","Non-Unit Classified"]
["MJP621","Accounts Payable Coord II","04","W25","Non-Unit Classified"]
["MJP622","Accounts Payable Coord III","05","W25","Non-Unit Classified"]
["MJP623","Financial Analyst III","46","W60","Non-Unit Professional"]
["MJP624","Assoc Dir Product Discovery","48","W60","Non-Unit Professional"]
["MJP626","Assoc Dir, Administration","48","W60","Non-Unit Professional"]
["MJP627","R&D Assoc IV - Product Disc","46","W60","Non-Unit Professional"]
["MJP628","Engineering Manager II","47","W60","Non-Unit Professional"]
["MJP629","Engineering Manager I","46","W60","Non-Unit Professional"]
["MJP630","Mfg Compliance Manager II","47","W60","Non-Unit Professional"]
["MJP631","Dir, Manufacturing Support","49","W60","Non-Unit Professional"]
["MJP632","Mfg Compliance Specialist III","46","W60","Non-Unit Professional"]
["MJP634","Lab Analyst Team Lead","45","W60","Non-Unit Professional"]
["MJP635","Business Intelligence Analyst","44","W60","Non-Unit Professional"]
["MJP637","Sr Dir, Contract Manufacturing","E1","W60","Non-Unit Professional"]
["MJP640","QC Analyst I, Microbiology","05","W25","Non-Unit Classified"]
["MJP641","QC Analyst II, Microbiology","06","W25","Non-Unit Classified"]
["MJP642","Project Manager III","47","W60","Non-Unit Professional"]
["MJP644","Sr Dir, Product Discovery","50","W60","Non-Unit Professional"]
["MJP646","MBL Administrative Manager","46","W60","Non-Unit Professional"]
["MJP647","Assoc Dir Process Development","48","W60","Non-Unit Professional"]
["MJP648","cGxP Network Systems Spec I","44","W60","Non-Unit Professional"]
["MJP649","Dir, Product Discovery","49","W60","Non-Unit Professional"]
["MJP650","AR/GL Coordinator I","03","W25","Non-Unit Classified"]
["MJP651","AR/GL Coordinator II","04","W25","Non-Unit Classified"]
["MJP652","Facilities Engineer I","45","W60","Non-Unit Professional"]
["MJP653","VMC Associate I","05","W25","Non-Unit Classified"]
["MJP654","VMC Associate II","06","W25","Non-Unit Classified"]
["MJP655","VMC Associate III","45","W60","Non-Unit Professional"]
["MJP656","Post Doc Scientist I","44","W60","Non-Unit Professional"]
["MJP657","Post Doc Scientist II","45","W60","Non-Unit Professional"]
["MJP658","Sr Dir, Business Development","50","W60","Non-Unit Professional"]
["MJP659","Facilities Engineer II","46","W60","Non-Unit Professional"]
["MJP660","Facilities Engineer III","47","W60","Non-Unit Professional"]
["MJP661","Project Manager II","46","W60","Non-Unit Professional"]
["MJP662","Deputy Dir, Process Developmnt","E3","W60","Non-Unit Professional"]
["MJP663","Controller-MBL","49","W60","Non-Unit Professional"]
["MJP664","Director of Validation","49","W60","Non-Unit Professional"]
["MJP665","Sr Director, Quality Assurance","50","W60","Non-Unit Professional"]
["MJP667","Assoc Director, Supply Chain","48","W60","Non-Unit Professional"]
["MJP669","QC Scientist I","46","W60","Non-Unit Professional"]
["MJP670","QC Scientist II","47","W60","Non-Unit Professional"]
["MJP671","QC Manager I - NENSP","46","W60","Non-Unit Professional"]
["MJP672","Sr. Dir, Engineering","50","W60","Non-Unit Professional"]
["MJP673","Dir, Supply Chain","49","W60","Non-Unit Professional"]
["MJP674","Dir, Project Management","49","W60","Non-Unit Professional"]
["MJP675","Sr Mgr, Administration","47","W60","Non-Unit Professional"]
["MJP676","Accountant, Supervisor-MBL","46","W60","Non-Unit Professional"]
["MJP677","Facilities Operations Spec II","46","W60","Non-Unit Professional"]
["MJP678","Deputy Dir-Oper & Innovation","E3","W60","Non-Unit Professional"]
["MJP679","Bioprocess Dev'l Engineer I","45","W60","Non-Unit Professional"]
["MJP680","Manager III, Supply Chain","47","W60","Non-Unit Professional"]
["MJP681","Senior Cost Accountant","45","W60","Non-Unit Professional"]
["MJP682","Bioprocess Dev'l Engineer II","46","W60","Non-Unit Professional"]
["MJP690","Laboratory Staff Scientist","46","W60","Non-Unit Professional"]
["MJP691","Vectored Therapeutic Scientist","50","W60","Non-Unit Professional"]
["MJP692","Head Process Development-VMC","48","W60","Non-Unit Professional"]
["MJP693","Dir, Analytical Process Dev'l","49","W60","Non-Unit Professional"]
["MJP694","Admin Assistant III-MBL","05","W25","Non-Unit Classified"]
["MJP695","R&D Scientist I - Upstream","46","W60","Non-Unit Professional"]
["MJP696","R&D Scientist I - Downstream","46","W60","Non-Unit Professional"]
["MJP697","R&D Scientist I- Analytical","46","W60","Non-Unit Professional"]
["MJP698","R&D Scientist II - Upstream","47","W60","Non-Unit Professional"]
["MJP699","R&D Scientist II - Downstream","47","W60","Non-Unit Professional"]
["MJP700","R&D Scientist II- Analytic","47","W60","Non-Unit Professional"]
["MJP701","Dir, Contract Manufacturing","49","W60","Non-Unit Professional"]
["MJP702","Exec Eng, Platform Inn NIIMBL","50","W60","Non-Unit Professional"]
["MJP703","cGxP Desktop Sys Specialst I","04","W25","Non-Unit Classified"]
["MJP704","cGxP Desktop Sys Specialst II","43","W60","Non-Unit Professional"]
["MJP705","cGxP Desktop Sys Specialst III","45","W60","Non-Unit Professional"]
["MJP706","Clinical Operations Spec I","43","W60","Non-Unit Professional"]
["MJP707","Clinical Operations Spec II","44","W60","Non-Unit Professional"]
["MJP708","Clinical Operations Spec III","45","W60","Non-Unit Professional"]
["MJP709","Director, Quality Engineering","49","W60","Non-Unit Professional"]
["MJP710","Manager, Lab Product Discovery","45","W60","Non-Unit Professional"]
["MJP711","Assoc Dir, Manuf Tech Nucl Aci","48","W60","Non-Unit Professional"]
["MJP712","Compliance Expert","49","W60","Non-Unit Professional"]
["MJP713","Staff Engineer","49","W60","Non-Unit Professional"]
["MJP714","Associate Manufacturing Expert","48","W60","Non-Unit Professional"]
["MJP715","R&D Assoc I - PD Analytical","05","W25","Non-Unit Classified"]
["MJP716","R&D Assoc II - PD Analytical","06","W25","Non-Unit Classified"]
["MJP717","R&D Assoc III - PD Analytical","45","W60","Non-Unit Professional"]
["MJP718","R&D Assoc IV - PD Analytical","46","W60","Non-Unit Professional"]
["MJP719","R&D Assoc I - PD Upstream","05","W25","Non-Unit Classified"]
["MJP720","R&D Assoc II - PD Upstream","06","W25","Non-Unit Classified"]
["MJP721","R&D Assoc III - PD Upstream","45","W60","Non-Unit Professional"]
["MJP722","R&D Assoc IV - PD Upstream","46","W60","Non-Unit Professional"]
["MJP723","R&D Assoc I - PD Downstream","05","W25","Non-Unit Classified"]
["MJP724","R&D Assoc II - PD Downstream","06","W25","Non-Unit Classified"]
["MJP725","R&D Assoc III - PD Downstream¿","45","W60","Non-Unit Professional"]
["MJP726","R&D Assoc IV - PD Downstream¿","46","W60","Non-Unit Professional"]
["MJP727","Manufact Assoc II, Nuc Acid Ch","05","W25","Non-Unit Classified"]
["MJP728","Facilities Supervisor","45","W60","Non-Unit Professional"]
["MJP729","Facilities Compliance Speciali","05","W25","Non-Unit Classified"]
["MJP730","Dir, Manufacturing - Bulk Drug","49","W60","Non-Unit Professional"]
["MM1044","Admin Manager I","44","W60","Non-Unit Professional"]
["MM1045","Admin Manager II","45","W60","Non-Unit Professional"]
["MM1146","Admin Manager III","46","W60","Non-Unit Professional"]
["MM1147","Admin Manager IV","47","W60","Non-Unit Professional"]
["MMA008","Mgr, Drug Abuse Lab","45","W60","Non-Unit Professional"]
["MMA347","Director, Maintenance Services","49","W60","Non-Unit Professional"]
["MME005","VC, Advancement","S3","W60","Non-Unit Professional"]
["MME007","Assoc VC, HR","S3","W60","Non-Unit Professional"]
["MME008","Assoc VC, Communications","S2","W60","Non-Unit Professional"]
["MME009","VC Govt & Community Relations","S3","W60","Non-Unit Professional"]
["MME014","Executive Dir, Advancement","S3","W60","Non-Unit Professional"]
["MME018","Assoc VC Admin & Finance","S3","W60","Non-Unit Professional"]
["MME019","Exec Dir,Ofc of Tech Mgmt","S3","W60","Non-Unit Professional"]
["MME024","Dean, Grad School Of Nursing","S3","W60","Non-Unit Professional"]
["MME025","Dean,Grad Sch of Biomed Sci","S3","W60","Non-Unit Professional"]
["MME032","Vice Chancellor Communications","S3","W60","Non-Unit Professional"]
["MMM002","Exec Dep Chanc Provost & Dean","E5","W60","Non-Unit Professional"]
["MMM003","Chief of Staff to Dean/Provost","50","W60","Non-Unit Professional"]
["MMM005","Dir,Ofc Survey Research","49","W60","Non-Unit Professional"]
["MMM009","Exec Dir, Corp&Fndtn Relations","S1","W60","Non-Unit Professional"]
["MMM016","Sr Assoc Medical Director",null,"W60","Non-Unit Professional"]
["MMM021","Dir, University Events","46","W60","Non-Unit Professional"]
["MMM022","Sr Director of Operations","49","W60","Non-Unit Professional"]
["MMM023","Director","46","W60","Non-Unit Professional"]
["MMM024","Dir, Library","50","W60","Non-Unit Professional"]
["MMM029","Assoc Dir,Finance Admin","47","W60","Non-Unit Professional"]
["MMM035","Dir, Operations CTSA","48","W60","Non-Unit Professional"]
["MMM036","Dir, Financial Aid","45","W60","Non-Unit Professional"]
["MMM037","Project Director, RN","47","W60","Non-Unit Professional"]
["MMM038","Dir, Clinical Research Oper","49","W60","Non-Unit Professional"]
["MMM043","Sr Mgr, Construction Project.","47","W60","Non-Unit Professional"]
["MMM044","Sr Dir, CHCF Data Operations","50","W60","Non-Unit Professional"]
["MMM046","Assoc Vice Chancellor for Mgmt","S3","W60","Non-Unit Professional"]
["MMM047","VC, Diversity & Inclusion","S3","W60","Non-Unit Professional"]
["MMM051","Mgr, Retail Srvs","43","W60","Non-Unit Professional"]
["MMM052","ExecDir, Heal Sys Transformatn","S3","W60","Non-Unit Professional"]
["MMM053","Director Radiation Safety","47","W60","Non-Unit Professional"]
["MMM055","Exec VC Innovation & Bus Devel","E4","W60","Non-Unit Professional"]
["MMM060","Assoc Dir Bus Admin CWM","47","W60","Non-Unit Professional"]
["MMM061","Assoc Dir Fin,Acctg & IntCtrls","48","W60","Non-Unit Professional"]
["MMM062","Assoc Dir Fin, Rptg Analys CWM","48","W60","Non-Unit Professional"]
["MMM065","Asst VC, Human Resources","S1","W60","Non-Unit Professional"]
["MMM070","Admin, Div Ii","43","W60","Non-Unit Professional"]
["MMM072","Exec VC, Admin & Finance","E4","W60","Non-Unit Professional"]
["MMM074","Asst Dir, Pub Safety","48","W60","Non-Unit Professional"]
["MMM075","Dir, Admissions","45","W60","Non-Unit Professional"]
["MMM076","Exec VC, Commonwealth Medicine","E4","W60","Non-Unit Professional"]
["MMM079","Dir, ADV Operations","47","W60","Non-Unit Professional"]
["MMM080","Residency Program Admin II","43","W60","Non-Unit Professional"]
["MMM081","Prog Dir, Pharmacy","P5","W60","Non-Unit Professional"]
["MMM083","Asst VC Human Resources",null,"W60","Non-Unit Professional"]
["MMM085","Bursar","45","W60","Non-Unit Professional"]
["MMM086","Dir Qual Improv&Transformation","49","W60","Non-Unit Professional"]
["MMM087","Exec Vice Chancellor, UMBL","E4","W60","Non-Unit Professional"]
["MMM090","Dir of Medical Management","48","W60","Non-Unit Professional"]
["MMM091","Director, AHEC","49","W60","Non-Unit Professional"]
["MMM092","Program Mgr, Training and Eval","47","W60","Non-Unit Professional"]
["MMM093","Sr Dir, New Bus & Fin Growth","50","W60","Non-Unit Professional"]
["MMM096","Dir, Clinical Svcs","48","W60","Non-Unit Professional"]
["MMM098","Principal CHLE","50","W60","Non-Unit Professional"]
["MMM100","Assoc VC Mgmt & Chief of Staff","S2","W60","Non-Unit Professional"]
["MMM102","Manager, Patents and Contract","49","W60","Non-Unit Professional"]
["MMM103","Sr. Privacy Officer (UMMS)","49","W60","Non-Unit Professional"]
["MMM104","Dir, Pharmacy Operations","P5","W60","Non-Unit Professional"]
["MMM105","Dir, Clinical Acct Management","P5","W60","Non-Unit Professional"]
["MMM106","Assoc Dir, Finance & Claims","48","W60","Non-Unit Professional"]
["MMM110","Sr Assoc Dean for Edu Affairs","S3","W60","Non-Unit Professional"]
["MMM113","Assoc VC, Administration","S2","W60","Non-Unit Professional"]
["MMM114","Assoc VC,Facilities Mgmt","S3","W60","Non-Unit Professional"]
["MMM115","Dir,Educations Affairs","47","W60","Non-Unit Professional"]
["MMM118","Vice Provost Faculty Affairs","S3","W60","Non-Unit Professional"]
["MMM120","AsstDeanGSBS StudAffairs&Enrol","47","W60","Non-Unit Professional"]
["MMM121","Dir, Operations - OGH","48","W60","Non-Unit Professional"]
["MMM123","Asst. VC Chief of Police","50","W60","Non-Unit Professional"]
["MMM124","Dep EVC, Sales & Bus Dev'l","E3","W60","Non-Unit Professional"]
["MMM127","Sr Dir, Finance & Controller","S1","W60","Non-Unit Professional"]
["MMM131","Asst Dean, OUME","47","W60","Non-Unit Professional"]
["MMM132","Exec Dir, Business Development",null,"W60","Non-Unit Professional"]
["MMM134","Ast Vice Provo StuLife/Dir PLE","47","W60","Non-Unit Professional"]
["MMM135","Sr. Director, Compliance","50","W60","Non-Unit Professional"]
["MMM136","Asst Dir, Financial Operations","48","W60","Non-Unit Professional"]
["MMM137","Program Director - OMCR","49","W60","Non-Unit Professional"]
["MMM138","Asst VC,Grants & Contracts Adm","S2","W60","Non-Unit Professional"]
["MMM139","VC, Government Relations",null,"W60","Non-Unit Professional"]
["MMM140","Admin, Contracts Division","46","W60","Non-Unit Professional"]
["MMM143","AVC Bus Transform'l Sol-CWM","E3","W60","Non-Unit Professional"]
["MMM144","AVC, Growth & Technology - CWM","E3","W60","Non-Unit Professional"]
["MMM145","SrDir, Admin&Prog Integrity","50","W60","Non-Unit Professional"]
["MMM146","ExecDir, Bus Dev'l Strategy","S1","W60","Non-Unit Professional"]
["MMM147","Dep EVC of Management","E3","W60","Non-Unit Professional"]
["MMM148","Dep EVC People Strategy","E3","W60","Non-Unit Professional"]
["MMM149","Director, Sponsored Programs","49","W60","Non-Unit Professional"]
["MMM150","AVC City & Community Relations","50","W60","Non-Unit Professional"]
["MMM151","Dir, DEO","48","W60","Non-Unit Professional"]
["MMM152","Controller","S1","W60","Non-Unit Professional"]
["MMM153","Sr Dir, Project Management","S1","W60","Non-Unit Professional"]
["MMM155","Sr Dir, Real Estate Services","49","W60","Non-Unit Professional"]
["MMM156","Corporate Strategy Advisor","E3","W60","Non-Unit Professional"]
["MMM157","Managing Dir,Growth&Technology","E3","W60","Non-Unit Professional"]
["MMM158","MgrDir, Public&PrivHlthSolutns","E3","W60","Non-Unit Professional"]
["MMM159","ED, Bus Transformation Solutns","S1","W60","Non-Unit Professional"]
["MMM160","Sr. Exec Director, Pharmacy","S1","W60","Non-Unit Professional"]
["MMM161","Exec Dir, Long-Term Svcs & Spt","50","W60","Non-Unit Professional"]
["MMM162","Chief Clin Oper Ofcr - OCA","S1","W60","Non-Unit Professional"]
["MMM165","Sr Acad Admin - Medicine/Psych","50","W60","Non-Unit Professional"]
["MMM167","Dep EVC of Operations - CWM",null,"W60","Non-Unit Professional"]
["MMM169","MDir, ClinDel&Informatic Sol",null,"W60","Non-Unit Professional"]
["MMM170","Assoc VC Innovation&Bus Devel","S1","W60","Non-Unit Professional"]
["MMM171","Sr Dir, Leadership & Org Dev'l","50","W60","Non-Unit Professional"]
["MMM172","Exec Dir, DES","50","W60","Non-Unit Professional"]
["MMM173","Special Advisor to Chancellor",null,"W60","Non-Unit Professional"]
["MMM174","Exec Dir, Finance & Controller","S1","W60","Non-Unit Professional"]
["MMM179","Dep EVC, Innov & Bus Dev'l",null,"W60","Non-Unit Professional"]
["MMM180","MDir, Bus Transf Solutions","E3","W60","Non-Unit Professional"]
["MMM181","Exec Dir Learning & Org Devl","50","W60","Non-Unit Professional"]
["MMM182","Chief Scientific Officer, MBL","E3","W60","Non-Unit Professional"]
["MMM185","Assoc Vice Provost, Prof Devel","S1","W60","Non-Unit Professional"]
["MMM186","Exec Dir, Marketing Comm.","50","W60","Non-Unit Professional"]
["MMM187","Asst Dean, GSBS Admiss & Recru","47","W60","Non-Unit Professional"]
["MMM190","Exec Dir, Infor & Analytics","50","W60","Non-Unit Professional"]
["MMM191","Exec Dir, Nursing COE",null,"W60","Non-Unit Professional"]
["MMM201","Exec Dir,Health & CrimJustProg","50","W60","Non-Unit Professional"]
["MMM202","Mgr, Mech Proj, Sr.","48","W60","Non-Unit Professional"]
["MMM209","Assoc Controller-School","49","W60","Non-Unit Professional"]
["MMM212","Adm Dir, Grad Med Ed","46","W60","Non-Unit Professional"]
["MMM214","Manager,Mechanical Facilities","46","W60","Non-Unit Professional"]
["MMM215","Dir HR Systems & Service Ctr","49","W60","Non-Unit Professional"]
["MMM216","Assoc Prog Dir Pharm Ops CHCF","P3","W60","Non-Unit Professional"]
["MMM217","Dir, Grant Acctng & Compliance","49","W60","Non-Unit Professional"]
["MMM220","Chief Information Officer","E4","W60","Non-Unit Professional"]
["MMM247","Assoc VC CWM-Dir CTR H/L&E","E3","W60","Non-Unit Professional"]
["MMM301","Admissions Coordinator","42","W60","Non-Unit Professional"]
["MMM304","Assoc Dir, Admin Ops & Sys","47","W60","Non-Unit Professional"]
["MMM305","Asst. Director Energy Resource","47","W60","Non-Unit Professional"]
["MMM306","Exec Dir, Prog Develop Office","S1","W60","Non-Unit Professional"]
["MMM307","Director, Energy Resources","49","W60","Non-Unit Professional"]
["MMM313","Asst.VC, DEI & Compliance","S1","W60","Non-Unit Professional"]
["MMM319","Dir, Facilities Management","49","W60","Non-Unit Professional"]
["MMM321","Administrator, Sr.","50","W60","Non-Unit Professional"]
["MMM322","Sr Dir-Facilities Eng & Con","S1","W60","Non-Unit Professional"]
["MMM323","Dir, Auxiliary Services","49","W60","Non-Unit Professional"]
["MMM325","Asst Dir Employee & Labor Rel","47","W60","Non-Unit Professional"]
["MMM326","Dir, MuniMed Program","48","W60","Non-Unit Professional"]
["MMM327","Architectural Project Mgr, Sr","48","W60","Non-Unit Professional"]
["MMM328","Electrical Project Manager, SR","48","W60","Non-Unit Professional"]
["MMM331","Program Director","48","W60","Non-Unit Professional"]
["MMM332","Director,Space Planning Mgmt","49","W60","Non-Unit Professional"]
["MMM333","Data Systems Manager","47","W60","Non-Unit Professional"]
["MMM337","AssocDir, Financial Operations","49","W60","Non-Unit Professional"]
["MMM338","Dir, Finance & Controller-CWM","50","W60","Non-Unit Professional"]
["MMM339","Dir-Dental Services",null,"W60","Non-Unit Professional"]
["MMM340","Deputy Medical Director",null,"W60","Non-Unit Professional"]
["MMM341","Executive Director","50","W60","Non-Unit Professional"]
["MMM365","Principal Gift Officer","49","W60","Non-Unit Professional"]
["MMM367","Associate Director-OTM","49","W60","Non-Unit Professional"]
["MMM370","Assoc Dir.Grant Acctg&Complinc","48","W60","Non-Unit Professional"]
["MMM371","Sr Dir, Post Award Adm&Complia","S1","W60","Non-Unit Professional"]
["MMM372","Sr Director of Finance","S1","W60","Non-Unit Professional"]
["MMM383","Asst VC Mgmt & Chief of Staff","S2","W60","Non-Unit Professional"]
["MMM387","Chief Medical Officer, CWM","E3","W60","Non-Unit Professional"]
["MMM388","Sr Dir",null,"W60","Non-Unit Professional"]
["MMM389","Dir, MassHealth Quality Office","48","W60","Non-Unit Professional"]
["MMM391","Sr Dir, Compliance and Privacy","50","W60","Non-Unit Professional"]
["MMM393","Research Nurse Manager","47","W60","Non-Unit Professional"]
["MMM394","Assoc. Dean for Allied Health","94","W60","Non-Unit Professional"]
["MMM396","Dir, Specialty Programs","48","W60","Non-Unit Professional"]
["MMM397","Asst Dir, Compliance","47","W60","Non-Unit Professional"]
["MMM399","Associate Program Dir, CHCF","48","W60","Non-Unit Professional"]
["MMM400","Sr. Dir, Evaluation & Research","49","W60","Non-Unit Professional"]
["MMM401","Dir Benefit Coord & Recovery","48","W60","Non-Unit Professional"]
["MMM404","Exec Dir, Health Law & Policy","S1","W60","Non-Unit Professional"]
["MMM405","Exec Dir, Admin & Fin Systems","50","W60","Non-Unit Professional"]
["MMM500","Dir Newborn Screening",null,"W60","Non-Unit Professional"]
["MMM501","MDir, Hlth Care Fin Solutions","E3","W60","Non-Unit Professional"]
["MMM504","Chancellor & SVP Hlth Sciences","E6","W60","Non-Unit Professional"]
["MMM506","Dir, Prog Evaluation & Rsch","48","W60","Non-Unit Professional"]
["MMM507","Assoc Dir, Bus & Network Dev'l","48","W60","Non-Unit Professional"]
["MMM510","Senior Director - CFM","49","W60","Non-Unit Professional"]
["MMM513","MDir, Clin Delivery Solutions","E3","W60","Non-Unit Professional"]
["MMM514","Sr Dir Business Administration","49","W60","Non-Unit Professional"]
["MMM515","VC,  Diversity & Inclusion","S3","W60","Non-Unit Professional"]
["MMM516","Assoc Dir, Strategic Finance","49","W60","Non-Unit Professional"]
["MMM517","MDir, Healthcare Ops Solutions","E3","W60","Non-Unit Professional"]
["MMM518","Exec Hlthcare Ops Cons Int CEO",null,"W60","Non-Unit Professional"]
["MMM519","Exec Dir, Sales & Bus Devp","50","W60","Non-Unit Professional"]
["MMM520","Sr Dir, Pharmacy MassHealth",null,"W60","Non-Unit Professional"]
["MMM521","EVC, UMBL Emeritus",null,"W60","Non-Unit Professional"]
["MMM522","Associate VC - Chief of Police","50","W60","Non-Unit Professional"]
["MMM523","Dep EVC & Head of New Ventures","E3","W60","Non-Unit Professional"]
["MMM524","Dir, NV Immunology & Oncology","49","W60","Non-Unit Professional"]
["MMM525","Sr Director, NV Rare Disease","50","W60","Non-Unit Professional"]
["MMM526","Director, New Ventures","49","W60","Non-Unit Professional"]
["MMM527","Dep MDir, CDIS/Commun-Bsd Svc",null,"W60","Non-Unit Professional"]
["MMM528","Exec Dir, Community Services","50","W60","Non-Unit Professional"]
["MMM529","Exec Dir, Disability Services","50","W60","Non-Unit Professional"]
["MMM530","Assoc VC, Head of Transactions","S3","W60","Non-Unit Professional"]
["MMM531","Assoc VC, Head of New Ventures","S3","W60","Non-Unit Professional"]
["MMM532","Director, IP Management","49","W60","Non-Unit Professional"]
["MMM533","Director, Transactions","49","W60","Non-Unit Professional"]
["MMM534","Director, New Ventures Devices","49","W60","Non-Unit Professional"]
["MMM535","Exec Hlthcare Ops Cons Int COO",null,"W00","Non-Benefited"]
["MMM536","Exec Hlthcre OpsConsIntSys CEO",null,"W00","Non-Benefited"]
["MMM537","Director, Grants & Contr Admin","49","W60","Non-Unit Professional"]
["MMN005","Nurse, Manager Ii","47","W60","Non-Unit Professional"]
["MN0002","Nurse Manager, Care Management","47","W60","Non-Unit Professional"]
["MN0003","Nurse, Practitioner","46","W60","Non-Unit Professional"]
["MN0005","Clinical Rev II - Field Based","45","W60","Non-Unit Professional"]
["MN0006","Clinical Reviewer I","44","W60","Non-Unit Professional"]
["MN0007","Clinical Nurse Reviewer","45","W60","Non-Unit Professional"]
["MN0011","Nurse Rev II-Case Mgt","45","W60","Non-Unit Professional"]
["MN0013","Clinical Auditor","46","W60","Non-Unit Professional"]
["MN0027","LPN III","20","W28","SHARE"]
["MN0041","Nurse Reviewer","44","W60","Non-Unit Professional"]
["MN0042","Nurse Rev II-Eligibility","45","W60","Non-Unit Professional"]
["MN0043","Clinical Reviewer II PAU LTSS","45","W60","Non-Unit Professional"]
["MN0044","Clinical Reviewer II - PASSR","45","W60","Non-Unit Professional"]
["MN0045","Clinical Rev II - PASSR NF LOC","45","W60","Non-Unit Professional"]
["MN4814","Nurse, Professional I","17","W22","MNA"]
["MN5016","Supervisor, Nurse","46","W60","Non-Unit Professional"]
["MN5019","Nurse Practitioner PD/WSU","46","W60","Non-Unit Professional"]
["MN5020","PD Nurse - GSN","45","W00","Non-Benefited"]
["MN5021","Nurse Practitioner Neurology","46","W60","Non-Unit Professional"]
["MNON90","Non-Employees",null,"W00","Non-Benefited"]
["MP0008","Physician",null,"W00","Non-Benefited"]
["MP0046","Sr. Medical Records Clerk","15","W25","Non-Unit Classified"]
["MP0146","Care Partner","42","W60","Non-Unit Professional"]
["MP0188","Technician, Telecom","7B","W00","Non-Benefited"]
["MP2030","Trauma Educator","42","W60","Non-Unit Professional"]
["MP2031","Social Worker Ii","44","W60","Non-Unit Professional"]
["MP2037","Social Worker I","43","W60","Non-Unit Professional"]
["MP2049","Counselor, Mental Health II","15","W28","SHARE"]
["MP2055","Mgr, Student Loan","42","W60","Non-Unit Professional"]
["MP2058","Associate II - Per Diem","46","W60","Non-Unit Professional"]
["MP2067","Case Manager - DBP","44","W60","Non-Unit Professional"]
["MP2078","Coord, Program","42","W60","Non-Unit Professional"]
["MP2087","Resident Pharmacy Practice","42","W63","Residents/Post Docs"]
["MP2089","Clinical Director","46","W60","Non-Unit Professional"]
["MP2095","Coord, Programs & Dev","44","W60","Non-Unit Professional"]
["MPD008","Senior Consultant - Per Diem",null,"W00","Non-Benefited"]
["MPD048","Library Assistant Per Diem","09","W00","Non-Benefited"]
["MPD151","Physician Advisor Per-Diem",null,"W00","Non-Benefited"]
["MPD16O","Disability Reviewer Asst","15","W00","Non-Benefited"]
["MPD181","Patient Instr Ii Pd","41","W00","Non-Benefited"]
["MPD200","Nurse, Staff Per Diem",null,"W00","Non-Benefited"]
["MPD202","Special Advisor to the EVC",null,"W00","Non-Benefited"]
["MPDB08","Physician, Bos",null,"W00","Non-Benefited"]
["MPDB10","Optometrist, Bos",null,"W00","Non-Benefited"]
["MPPN03","Pharmacist Ii","P3","W60","Non-Unit Professional"]
["MPR001","Post  Retiree",null,"W00","Non-Benefited"]
["MR0002","Research Lab Aide Ii","09","W28","SHARE"]
["MR0003","Research Lab Aide Iii","11","W28","SHARE"]
["MR0004","Research Lab Tech I","14","W28","SHARE"]
["MR0006","Research Lab Tech II","16","W25","Non-Unit Classified"]
["MR0008","Research Associate I","42","W60","Non-Unit Professional"]
["MR0009","Research Associate Ii","44","W60","Non-Unit Professional"]
["MR0010","Research Scientist, Sr","46","W60","Non-Unit Professional"]
["MR0011","Clinical Research Assistant","15","W28","SHARE"]
["MR0012","Research Coordinator I","41","W60","Non-Unit Professional"]
["MR0013","Research Coordinator Ii","43","W60","Non-Unit Professional"]
["MR0014","Research Project Director","44","W60","Non-Unit Professional"]
["MR0015","Research Nurse Coord I","44","W60","Non-Unit Professional"]
["MR0016","Research Nurse Coord Ii","45","W60","Non-Unit Professional"]
["MR0018","Research Engineer I","42","W60","Non-Unit Professional"]
["MR0019","Research Engineer Ii","43","W60","Non-Unit Professional"]
["MR0023","Research Technician Assistant","11","W25","Non-Unit Classified"]
["MR0024","Technician, Support II","12","W28","SHARE"]
["MR0027","Lead Research Lab Aide","13","W28","SHARE"]
["MR0029","Spec, Research Video Prod II","43","W60","Non-Unit Professional"]
["MR0032","Senior Scientific Writer","46","W60","Non-Unit Professional"]
["MR0034","Mgr,Research Operations","45","W60","Non-Unit Professional"]
["MR0035","Research Therapist","46","W60","Non-Unit Professional"]
["MR0037","Anatomical Gift Prog Spec","43","W60","Non-Unit Professional"]
["MR0038","Spec, Research Video Prod I","41","W60","Non-Unit Professional"]
["MR0039","Research Specialist - PT NEX","20","W00","Non-Benefited"]
["MR0040","Outcomes Specialist PT NEX","20","W00","Non-Benefited"]
["MR0041","Research Psychologist","45","W60","Non-Unit Professional"]
["MR0052","Supervisor, Lab Operations","43","W60","Non-Unit Professional"]
["MR0055","Writer, Scientific","44","W60","Non-Unit Professional"]
["MR0056","Senior Research Nurse","46","W60","Non-Unit Professional"]
["MR0057","Coord,Clinical Research I","41","W60","Non-Unit Professional"]
["MR0058","Coord,Clinical Research II","43","W60","Non-Unit Professional"]
["MR0060","Assoc,Health Outcomes","44","W60","Non-Unit Professional"]
["MR0061","Research Specialist","43","W60","Non-Unit Professional"]
["MR0062","Research Scientist - MoleMed","46","W60","Non-Unit Professional"]
["MR0063","Coord, Clin Research II PT NEX","20","W25","Non-Unit Classified"]
["MR0064","Supv. Lab Operations - Ophthal","44","W60","Non-Unit Professional"]
["MR0065","Biostatistician III - Ophthalm","46","W60","Non-Unit Professional"]
["MR0066","Data Design Specialist","43","W60","Non-Unit Professional"]
["MR0067","Clinical Research Coord I","40","W60","Non-Unit Professional"]
["MR0068","Research Associate - BMP","40","W60","Non-Unit Professional"]
["MR0069","Coord, Clin Research I PT NEX","16","W00","Non-Benefited"]
["MR0082","Research Associate - PT NEX","15","W00","Non-Benefited"]
["MR0083","Research Associate I - PT NEX","16","W00","Non-Benefited"]
["MR0084","Research Associate II - PT NEX","17","W00","Non-Benefited"]
["MR0085","Mgr, Clinical Research Project","45","W60","Non-Unit Professional"]
["MR0086","Sr Mgr, Clinical Research Proj","46","W60","Non-Unit Professional"]
["MR0087","Dir, Clinical Research Project","47","W60","Non-Unit Professional"]
["MR0088","Biomedical Device Engineer","45","W60","Non-Unit Professional"]
["MR0089","Viral Vector Core Lab Tech I","17","W28","SHARE"]
["MR0090","Viral Vector Core Lab Tech II","19","W28","SHARE"]
["MR0091","Viral Vector Core Lab Tech III","21","W28","SHARE"]
["MR0092","Viral Vector Core Rsch Assoc I","42","W60","Non-Unit Professional"]
["MR0093","ViralVector Core Rsch Assoc II","44","W60","Non-Unit Professional"]
["MR0094","ViralVectorCore Rsch Assoc III","45","W60","Non-Unit Professional"]
["MR0095","ViralVectorCore Rsch Assoc IV","46","W60","Non-Unit Professional"]
["MR0096","Sr ViralVectorCore Rsch Scient","47","W60","Non-Unit Professional"]
["MR0097","Research Assoc - Molecular Med","40","W60","Non-Unit Professional"]
["MR0098","Research Coord I - PT NEX",null,"W00","Non-Benefited"]
["MR0099","RADx Clinical Resrch Coord II","43","W60","Non-Unit Professional"]
["MR0100","Supervisor, Lab Ops Zebrafish","42","W60","Non-Unit Professional"]
["MR0101","Lead RA - Greer Lab","40","W60","Non-Unit Professional"]
["MR0102","Vaccine Trial Nurse - Med PD","44","W60","Non-Unit Professional"]
["MR0103","RADx Clinical Rsrch Prog Mgr","45","W60","Non-Unit Professional"]
["MR0104","RADx Research Nurse Coord II","45","W60","Non-Unit Professional"]
["MR0105","Clin Rsrch Float Nurse PD CCR","46","W60","Non-Unit Professional"]
["MR0106","RADx Clinical Research Coord I","41","W60","Non-Unit Professional"]
["MR0107","RADx Research Associate I","42","W60","Non-Unit Professional"]
["MR0108","RADx Research Associate II","44","W60","Non-Unit Professional"]
["MR0109","RADx Clin Rsch Device Assoc","40","W60","Non-Unit Professional"]
["MR0110","RADx Clin Rsch Device Assist","15","W28","SHARE"]
["MR0111","Senior Scientific Writer - GTC","46","W60","Non-Unit Professional"]
["MR0112","RADx Research Nurse Coord I","44","W60","Non-Unit Professional"]
["MR0113","Research Assoc - Neurobiology","40","W60","Non-Unit Professional"]
["MR0114","Rsrch Assoc II - Bioche Mol Ph","44","W60","Non-Unit Professional"]
["MR0115","Rsrch Scien, Sr - Bioch Mol Ph","46","W60","Non-Unit Professional"]
["MR0116","Research Scientist, Sr - SMSF","46","W60","Non-Unit Professional"]
["MR0117","Clinical Rsrch Asst-Ophthalmol","15","W28","SHARE"]
["MR0118","Sci Dir, Dig Med/Clin Rsch Cor","48","W60","Non-Unit Professional"]
["MR0119","Rsrch Coord I - Ophthalmology","41","W60","Non-Unit Professional"]
["MR0120","Rsrch Coord II - Ophthalmology","43","W60","Non-Unit Professional"]
["MR0121","Research PT Fellow","45","W60","Non-Unit Professional"]
["MR0122","Research Sci, Sr - Mass Spectr","46","W60","Non-Unit Professional"]
["MR0123","Research Assoc II Mass Spectro","44","W60","Non-Unit Professional"]
["MR0124","Research Associate¿CryoEM Core","40","W60","Non-Unit Professional"]
["MR0125","Research Sci, Sr - CryoEM Core","46","W60","Non-Unit Professional"]
["MR0126","RA Immunologist","40","W60","Non-Unit Professional"]
["MR2240","Research Associate","40","W60","Non-Unit Professional"]
["MR2252","Research Associate I Dry","42","W60","Non-Unit Professional"]
["MR2254","Oligonucleotide Chemist","46","W60","Non-Unit Professional"]
["MR2255","Dir, IRB Operations","47","W60","Non-Unit Professional"]
["MR2258","Technician, Animal Care","12","W28","SHARE"]
["MR2259","Technician, Animal Care II","13","W28","SHARE"]
["MR2260","Technician, Animal Care III","14","W28","SHARE"]
["MR2261","Technician, Animal Care IV","15","W28","SHARE"]
["MR2262","Veterinary Technician I","15","W28","SHARE"]
["MR2263","Veterinary Technician II","40","W60","Non-Unit Professional"]
["MR2264","Veterinary Technician III","42","W60","Non-Unit Professional"]
["MRH400","Visiting Student",null,"W00","Non-Benefited"]
["MRH402","Howard Hughes - Non-Faculty",null,"W00","Non-Benefited"]
["MRH403","Collaborator",null,"W00","Non-Benefited"]
["MRH404","High School Intern",null,"W00","Non-Benefited"]
["MRH405","Undergraduate Intern",null,"W00","Non-Benefited"]
["MRH406","Graduate Intern",null,"W00","Non-Benefited"]
["MRH407","Observer",null,"W00","Non-Benefited"]
["MRH408","Unpaid Research Trainee",null,"W00","Non-Benefited"]
["MRH409","Unpaid High School Intern",null,"W00","Non-Benefited"]
["MRH410","Unpaid Undergraduate Intern",null,"W00","Non-Benefited"]
["MRH411","Unpaid Graduate Intern",null,"W00","Non-Benefited"]
["MRH412","Vendor",null,"W00","Non-Benefited"]
["MRH413","Contractor",null,"W00","Non-Benefited"]
["MRH414","Non-Faculty Myers Institute",null,"W00","Non-Benefited"]
["MRH415","Collaborator ON Campus",null,"W00","Non-Benefited"]
["MRH416","Collaborator OFF Campus",null,"W00","Non-Benefited"]
["MRH417","Myers Non Faculty",null,"W00","Non-Benefited"]
["MRH418","Baystate Non Faculty",null,"W00","Non-Benefited"]
["MRH419","System Access Memorial",null,"W00","Non-Benefited"]
["MRH420","Non-Faculty WPI",null,"W00","Non-Benefited"]
["MRH421","Analytics Intern",null,"W00","Non-Benefited"]
["MS0004","Administrative Assistant  II","17","W25","Non-Unit Classified"]
["MS0005","HR Svc Ctr Assoc II - Intake","17","W25","Non-Unit Classified"]
["MS0006","HR Svc Ctr Assoc II - Data","17","W25","Non-Unit Classified"]
["MS0008","Administrative Assistant I","15","W25","Non-Unit Classified"]
["MS0012","Disability Coordinator II","16","W28","SHARE"]
["MS0015","Administrative Assistant","13","W28","SHARE"]
["MS0019","Clerk, Data Entry Ii","11","W25","Non-Unit Classified"]
["MS0020","Disability Coordinator","14","W28","SHARE"]
["MS0022","Clerk, Data Entry I","09","W25","Non-Unit Classified"]
["MS0023","I-9 Project Assistant","09","W25","Non-Unit Classified"]
["MS0024","Receptionist/ Data Entry Clerk","11","W28","SHARE"]
["MS0025","Clerk","08","W00","Non-Benefited"]
["MS0026","Library Clerk","10","W28","SHARE"]
["MS0027","Peer Mentor","09","W28","SHARE"]
["MS0028","Coord,Evidence Officer","16","W28","SHARE"]
["MS0034","Clerk, Mailroom I","09","W28","SHARE"]
["MS0036","Sr.Time Labor Payroll Special","16","W25","Non-Unit Classified"]
["MS0037","Operations Coordinator CRU","17","W28","SHARE"]
["MS0039","Survey Rsrch Interviewer I","10","W25","Non-Unit Classified"]
["MS0040","Survey Rsrch Interviewer II","12","W25","Non-Unit Classified"]
["MS0044","HR Service Center Associate II","17","W25","Non-Unit Classified"]
["MS0045","Educational Asst.","17","W28","SHARE"]
["MS0048","HR Associate II","17","W25","Non-Unit Classified"]
["MS0049","Diversity Coordinator","17","W25","Non-Unit Classified"]
["MS0050","Lead, HR Service Center Assoc","18","W25","Non-Unit Classified"]
["MS0051","ADV-Svcs & Prospect Rsch Assoc","17","W28","SHARE"]
["MS0052","Operations and Contract Coord","17","W25","Non-Unit Classified"]
["MS0056","Leave of Absence Coordinator","17","W25","Non-Unit Classified"]
["MS0058","Learning Mgmt Sys (LMS) Coord","17","W25","Non-Unit Classified"]
["MS0059","HR Records Clerk","13","W25","Non-Unit Classified"]
["MS0060","Scanning Clerk I","09","W25","Non-Unit Classified"]
["MS0061","Senior Lead ¿ HR Services","20","W25","Non-Unit Classified"]
["MS0062","HR Svs Ctr Data Entry Auditor","17","W25","Non-Unit Classified"]
["MS0067","Administrative Assistant III","19","W28","SHARE"]
["MS0080","Coord, Admin Educ Prog","17","W28","SHARE"]
["MS0082","Group Leader, Mailroom","12","W28","SHARE"]
["MS0086","Coord, Pedestrian Access","11","W20","AFSCME Trades and Building Svc"]
["MS0087","Project Assistant","15","W25","Non-Unit Classified"]
["MS0088","Project Assistant II","17","W25","Non-Unit Classified"]
["MS0094","Library Assistant I","15","W28","SHARE"]
["MS0097","Service Center Mail Clerk","12","W28","SHARE"]
["MS0099","Advancement Services Associate","16","W25","Non-Unit Classified"]
["MS0100","RADx Admin Assistant",null,"W00","Non-Benefited"]
["MS0101","Sr Mailroom Clerk","11","W28","SHARE"]
["MS0102","Admin Assistant III - PQHS","19","W28","SHARE"]
["MSN085","Data Entry Operator","13","W20","AFSCME Trades and Building Svc"]
["MT0002","Electrician, Hv Maintenance","21","W20","AFSCME Trades and Building Svc"]
["MT0052","Lead Communications Dispatcher","17","W28","SHARE"]
["MT0064","Counselor, Mental Health I","13","W28","SHARE"]
["MT0073","Dispatch Operator","15","W28","SHARE"]
["MT0077","Bldg Automation Technician I","22","W20","AFSCME Trades and Building Svc"]
["MT0079","Sr Mechanical Maint Tech-GF","19","W20","AFSCME Trades and Building Svc"]
["MT0913","Technician, Waste Management","13","W20","AFSCME Trades and Building Svc"]
["MT1014","Carpenter-Locksmith","15","W20","AFSCME Trades and Building Svc"]
["MT1115","Electrician","18","W20","AFSCME Trades and Building Svc"]
["MT1118","Electrician, Lead","20","W20","AFSCME Trades and Building Svc"]
["MT1221","Electrician, Lead High Voltage","26","W20","AFSCME Trades and Building Svc"]
["MT1414","Carpentry Specialist","15","W20","AFSCME Trades and Building Svc"]
["MT1616","Carpentry Specialist, Sr","16","W20","AFSCME Trades and Building Svc"]
["MT1620","Co-Generation Eng I - Main","21","W20","AFSCME Trades and Building Svc"]
["MT1621","Co-Generation Engineer I Oper","21","W20","AFSCME Trades and Building Svc"]
["MT1622","Co-Generation Eng II - Main","25","W20","AFSCME Trades and Building Svc"]
["MT1623","Co-Generation Eng II Oper","25","W20","AFSCME Trades and Building Svc"]
["MT1624","Co-Generation Eng Iii, Oper","27","W20","AFSCME Trades and Building Svc"]
["MT1625","Co-Generation Eng Iii, Main","27","W20","AFSCME Trades and Building Svc"]
["MT1818","Carpenter, Lead","18","W20","AFSCME Trades and Building Svc"]
["MT2012","Mech Maint Tech, Asst","13","W20","AFSCME Trades and Building Svc"]
["MT2015","Maintenance Pipefitter","18","W20","AFSCME Trades and Building Svc"]
["MT2016","Sr Mechanical Maint Tech","18","W20","AFSCME Trades and Building Svc"]
["MT2017","Equip Maint Tech,Lead","20","W20","AFSCME Trades and Building Svc"]
["MT2018","Mech Maint Tech II","17","W20","AFSCME Trades and Building Svc"]
["MT2019","Electronic Equipment Tech","18","W20","AFSCME Trades and Building Svc"]
["MT2020","Maintenance Technician","15","W25","Non-Unit Classified"]
["MT2114","Lock & Hardware Specialist","17","W20","AFSCME Trades and Building Svc"]
["MT2118","Mech Maint Tech, Lead","20","W20","AFSCME Trades and Building Svc"]
["MT2711","Painting Specialist","14","W20","AFSCME Trades and Building Svc"]
["MT2716","Painting Specialist, Sr","16","W20","AFSCME Trades and Building Svc"]
["MT2815","Plumber","18","W20","AFSCME Trades and Building Svc"]
["MT2818","Plumber, Lead","20","W20","AFSCME Trades and Building Svc"]
["MT3118","Refrig & Ac Mechanic, Lead","21","W20","AFSCME Trades and Building Svc"]
["MT3516","Refrig & Ac Mechanic, Sr","19","W20","AFSCME Trades and Building Svc"]
["MT3617","BldgSysOperEngShiftCoord-GF","21","W20","AFSCME Trades and Building Svc"]
["MT3618","Bldg Sys OperEng Lead-GrndFthr","23","W20","AFSCME Trades and Building Svc"]
["MT3619","Bldg Sys Oper Eng Shft Coord","22","W20","AFSCME Trades and Building Svc"]
["MT3620","Bldg Sys Operating Eng Lead","23","W20","AFSCME Trades and Building Svc"]
["MT3621","Bldg Automation Technician II","23","W20","AFSCME Trades and Building Svc"]
["MT4118","Lock & Hardware Spec, Lead","20","W20","AFSCME Trades and Building Svc"]
["MT4119","Public Safety Administrator","19","W28","SHARE"]
["MT4120","Lead Public Safety Administrat","21","W28","SHARE"]
["MT4121","Supervisor, Security & Safety","41","W60","Non-Unit Professional"]
["MT4122","Police Captain","47","W60","Non-Unit Professional"]
["MT5020","Instrument/Control Technician","25","W20","AFSCME Trades and Building Svc"]
["MVOL90","Volunteer",null,"W00","Non-Benefited"]
["MW1910","Parking Enforcement Asst","11","W20","AFSCME Trades and Building Svc"]
["MW1911","Parking Attendant, Sr","11","W20","AFSCME Trades and Building Svc"]
["MW1912","Equip Operator/Grounds","15","W20","AFSCME Trades and Building Svc"]
["MW1914","Lead, Grounds and Waste","17","W20","AFSCME Trades and Building Svc"]
["MW2610","Housekeeper, Head","09","W20","AFSCME Trades and Building Svc"]
["MW2613","Housekeeper, Lead","11","W20","AFSCME Trades and Building Svc"]
["MW3108","Janitor","08","W20","AFSCME Trades and Building Svc"]
["MW3412","Trades Helper II","12","W20","AFSCME Trades and Building Svc"]
["MW3715","Police Sergeant","18","W23","NEPBA Police Sergeants"]
["MW4208","Skilled Laborer I","12","W20","AFSCME Trades and Building Svc"]
["MW4209","Skilled Laborer II","14","W20","AFSCME Trades and Building Svc"]
["MW4312","Freight Handler","11","W20","AFSCME Trades and Building Svc"]
["MW6913","Police Officer","15","W21","NEPBA Police"]
["MW7709","Mech Maint Tech I","15","W20","AFSCME Trades and Building Svc"]
["MW8307","Parking/Access Control Lead","13","W20","AFSCME Trades and Building Svc"]
["MW8308","Parking Attendant","09","W20","AFSCME Trades and Building Svc"]
["ST9999","UMass Student",null,"W00","Non-Benefited"]
["STBT01","Student Board of Trustee",null,"W00","Non-Benefited"]

{"sheet":"HR Account Info","index":3,"n_rows":7058,"n_cols":6,"rows_kept":7058,"cut":false,"hidden":true,"merged":[]}
["HR Acct Code","Fund","Dept","Program","Project","Class"]
["W100025","52030","W100000000","F00","",""]
["W102526","52132","W404010000","B05","",""]
["W102528","52132","W402400000","B05","",""]
["W102531","52132","W824000000","B05","",""]
["W102532","52132","W821900000","B05","",""]
["W102533","52132","W710000000","B05","",""]
["W102535","52132","W824700000","B05","",""]
["W102537","52132","W407500000","B05","",""]
["W102538","52132","W833000000","B05","",""]
["W102539","52132","W833500000","B05","",""]
["W102540","52132","W404500000","B05","",""]
["W102541","52132","W822900000","B05","",""]
["W102542","52132","W710010000","B05","",""]
["W102543","52132","W710035000","B05","",""]
["W102544","52132","W710040000","B05","",""]
["W102545","52132","W710045000","B05","",""]
["W102546","52132","W710060000","B05","",""]
["W102547","52132","W710075000","B05","",""]
["W102548","52132","W710080000","B05","",""]
["W102549","52132","W710085000","B05","",""]
["W102550","52132","W832500000","B05","",""]
["W102552","52132","W822500000","B05","",""]
["W102553","52132","W825500000","B05","",""]
["W102555","52132","W710025000","B05","",""]
["W102560","52132","W710020000","B05","",""]
["W102561","52132","W404011000","B05","",""]
["W102562","52132","W419000000","B05","",""]
["W102563","52132","W419100000","B05","",""]
["W102565","52132","W400900000","B05","",""]
["W102566","52132","W834500000","B05","",""]
["W102568","52132","W710046000","B05","",""]
["W102569","52132","W416800000","B05","",""]
["W102570","52132","W407500000","B05","P00010147500000",""]
["W102571","52132","W834100000","B05","",""]
["W102671","52132","W402400023","B01","",""]
["W102698","52132","W404000000","B01","",""]
["W102700","52132","W402400000","B01","",""]
["W102701","52132","W403000000","B01","",""]
["W102703","52132","W824000000","B01","",""]
["W102704","52132","W821900000","B01","",""]
["W102705","52132","W710000000","B01","",""]
["W102707","52132","W824700000","B01","",""]
["W102708","52132","W825000000","B01","",""]
["W102710","52132","W833010000","B01","",""]
["W102711","52132","W833500000","B01","",""]
["W102713","52132","W822900000","B01","",""]
["W102715","52132","W415100000","B07","",""]
["W102716","52132","W710010000","B01","",""]
["W102718","52132","W710035000","B01","",""]
["W102719","52132","W710040000","B01","",""]
["W102720","52132","W710045000","B01","",""]
["W102721","52132","W404500000","B01","",""]
["W102722","52132","W710060000","B01","",""]
["W102723","52132","W710065000","B01","",""]
["W102724","52132","W710075000","B01","",""]
["W102725","52132","W710080000","B01","",""]
["W102726","52132","W710085000","B01","",""]
["W102727","52132","W832500000","B01","",""]
["W102729","52132","W822500000","B01","",""]
["W102732","52132","W825500000","B01","",""]
["W102734","52132","W710025000","B01","",""]
["W102736","52132","W410500000","A01","",""]
["W102739","52132","W710070000","B01","",""]
["W102741","52132","W821900000","B01","P00010535100000",""]
["W102742","52132","W710080005","B01","",""]
["W102744","52132","W409000000","E14","",""]
["W102745","52132","W713000000","B01","",""]
["W102749","52132","W419000000","B01","",""]
["W102750","52132","W400900000","B01","",""]
["W102752","52132","W419100000","B01","",""]
["W102756","52132","W834500000","B01","",""]
["W102757","52132","W409800000","E14","",""]
["W102760","52132","W710046000","B01","",""]
["W102761","52132","W416800000","B01","",""]
["W102762","52132","W407500000","B01","",""]
["W102763","52132","W834100000","B01","",""]
["W102765","52132","W417400000","B01","",""]
["W102767","52132","W400910000","B01","",""]
["W102768","52132","W410500000","B01","",""]
["W102770","52132","W403400000","B01","",""]
["W102771","52132","W833014000","B01","",""]
["W102776","52132","W402400000","B01","P00010540300000",""]
["W102781","52132","W710025004","B01","",""]
["W102782","52132","W710035001","B01","",""]
["W102784","52132","W710040005","B01","",""]
["W102786","52132","W710060006","B01","",""]
["W102788","52132","W834500020","B01","",""]
["W102789","52132","W710070003","B01","",""]
["W102790","52132","W710060010","B01","",""]
["W102791","52132","W710070010","B01","",""]
["W102792","52132","W710000001","B01","",""]
["W102793","52132","W710060011","B01","",""]
["W102796","52132","W710040015","B01","",""]
["W102798","52132","W710000006","B01","",""]
["W102801","52132","W408200000","B00","",""]
["W102812","52132","W408232000","B01","",""]
["W102975","51039","W407112000","D07","",""]
["W102999","51039","W407113000","B07","",""]
["W103003","51039","W407150005","B00","",""]
["W103004","51039","W407150001","B00","",""]
["W103005","51039","W407150002","B00","",""]
["W103006","51039","W407150004","B00","",""]
["W103007","51039","W407150003","B00","",""]
["W103008","51039","W407150006","B00","",""]
["W103017","51207","W900100000","F40","M61000204220000",""]
["W103020","51207","W900100000","F40","M61000305290000",""]
["W103035","51207","W900100000","F40","M61000206760000",""]
["W103054","51207","W900200000","F40","M63400001300000",""]
["W103059","51207","W900200000","F40","M63400003106000",""]
["W103060","51207","W900200000","F40","M63400002206000",""]
["W103061","51207","W900200000","F40","M63400001035000",""]
["W103062","51207","W900200000","F40","M63400002815000",""]
["W103063","51207","W900200000","F40","M63400001305000",""]
["W103064","51207","W900200000","F40","M63400002835000",""]
["W103066","51207","W900200000","F40","M63400001401000",""]
["W103067","51207","W900200000","F40","M63400003400000",""]
["W103068","51207","W900200000","F40","M63400001600000",""]
["W103069","51207","W900200000","F40","M63400001900000",""]
["W103070","51207","W900200000","F40","M63400001105000",""]
["W103082","51207","W900200000","F40","M63400002200000",""]
["W103090","51207","W900200000","F40","M63400003236000",""]
["W103094","51207","W900200000","F40","M63400003650000",""]
["W103099","51207","W900200000","F40","M63400001942000",""]
["W103100","51207","W900200000","F40","M63400001945000",""]
["W103119","51207","W900200000","F40","M63400003210000",""]
["W103130","51207","W900200000","F40","M63400003109000",""]
["W103135","51207","W900200000","F40","M63400002890000",""]
["W103138","51207","W900200000","F40","M63400003100000",""]
["W103140","51207","W900200000","F40","M63400002100000",""]
["W103142","51207","W900200000","F40","M63400001951000",""]
["W103145","51207","W900200000","F40","M63400002855000",""]
["W103148","51207","W900200000","F40","M63400001962000",""]
["W103149","51207","W900200000","F40","M63400003415000",""]
["W103151","51206","W900200000","M00","M34000095050000",""]
["W103152","51251","W802100000","A00","",""]
["W103155","51207","W900200000","F40","M63400003103000",""]
["W103156","51207","W900200000","F40","M63400002840000",""]
["W103159","51207","W900200000","F40","M63400002800000",""]
["W103163","51207","W900200000","F40","M63400002236000",""]
["W103167","51207","W900200000","F40","M63400003209000",""]
["W103169","51207","W900200000","F40","M63400003200000",""]
["W103171","51207","W900200000","F40","M63400001315000",""]
["W103174","51207","W900200000","F40","M63400002875000",""]
["W103187","51207","W900200000","F40","M63400003088000",""]
["W103193","51082","W409002000","E14","",""]
["W103196","51082","W419030000","E14","",""]
["W103197","51082","W409003000","E14","",""]
["W103209","51166","W419031000","E14","",""]
["W103217","51021","W419032000","E14","",""]
["W103219","51088","W410500000","E14","",""]
["W103226","51492","W404000000","B01","",""]
["W103236","51492","W710060000","B01","",""]
["W103238","51492","W710075000","B01","",""]
["W103239","51492","W710085000","B01","",""]
["W103245","51492","W825000000","B01","",""]
["W103253","51492","W415100000","B01","",""]
["W103267","51351","W860010000","F07","",""]
["W103270","51128","W417430000","D13","",""]
["W103272","51128","W417432000","D13","",""]
["W103288","51444","W835032000","C07","",""]
["W103295","51442","W835033000","C07","",""]
["W103299","51447","W800830000","F11","",""]
["W103302","51121","W410534000","A07","",""]
["W103303","51121","W710071000","A07","",""]
["W103309","51121","W710074000","A07","",""]
["W103313","51126","W402031000","D07","",""]
["W103329","51125","W710064000","B07","",""]
["W103330","51125","W404630000","B07","",""]
["W103339","51125","W400930000","B07","",""]
["W103340","51125","W402033000","B07","",""]
["W103349","51125","W402034000","B07","",""]
["W103351","51125","W402035000","B07","",""]
["W103354","51125","W821933000","B07","",""]
["W103356","51125","W400932000","B07","",""]
["W103361","51125","W402431000","B07","",""]
["W103392","51223","W100036000","F07","",""]
["W103400","51463","W409233000","H07","",""]
["W103407","51046","W835110000","C07","",""]
["W103429","51046","W401300000","C07","",""]
["W103436","51046","W401700000","C07","",""]
["W103471","51046","W401410000","C07","",""]
["W103476","51009","W407033000","F07","",""]
["W103480","51009","W844630000","F07","",""]
["W103481","51009","W860030000","F07","",""]
["W103484","51009","W844631000","C07","",""]
["W103488","51205","W842010000","L07","",""]
["W103494","51205","W842510000","L07","",""]
["W103495","51205","W843011000","L07","",""]
["W103496","51205","W842015000","L07","",""]
["W103504","51049","W710072000","B07","",""]
["W103505","51049","W875034000","F07","",""]
["W103524","51205","W844610000","L07","",""]
["W103530","51205","W417200000","L07","",""]
["W103531","51205","W409811000","L07","",""]
["W103533","51205","W800800000","L07","","01000"]
["W103540","51205","W417400000","L07","",""]
["W103556","51192","W842030001","G11","",""]
["W103558","51192","W842030003","G07","",""]
["W103561","51192","W842030006","G07","",""]
["W103563","51198","W842730000","L07","",""]
["W103602","51453","W710000000","A01","",""]
["W103607","51453","W833000000","A01","",""]
["W103611","51453","W824700000","A01","",""]
["W103625","51453","W822500000","A01","",""]
["W103626","51453","W710060000","A01","",""]
["W103630","51453","W402400000","A01","",""]
["W103634","51453","W824000000","A01","",""]
["W103641","51453","W833500000","B01","",""]
["W103645","51453","W710025000","A01","",""]
["W103648","51453","W410500000","D01","",""]
["W103649","51453","W409812000","A01","",""]
["W103654","51453","W825500000","A01","",""]
["W103658","51453","W821900000","A01","",""]
["W103660","51453","W822900000","A01","",""]
["W103661","51453","W411000000","E14","",""]
["W103665","51453","W417200000","D01","",""]
["W103667","51453","W409200000","E14","",""]
["W103668","51453","W400012000","F10","",""]
["W103671","51453","W409014000","E14","",""]
["W103693","51453","W417400000","D13","",""]
["W103698","51453","W802020000","A01","",""]
["W103701","51453","W882011000","G11","",""]
["W103709","51453","W710010000","A01","",""]
["W103710","51453","W825000000","A01","",""]
["W103711","51453","W832500000","A01","",""]
["W103712","51453","W710035000","A01","",""]
["W103713","51453","W710085000","A01","",""]
["W103714","51453","W710070000","A01","",""]
["W103715","51453","W834100000","A01","",""]
["W103716","51453","W710080000","A01","",""]
["W103717","51453","W710040000","A01","",""]
["W103718","51453","W710065000","A01","",""]
["W103719","51453","W710075000","A01","",""]
["W103720","51453","W713000000","A01","",""]
["W103721","51453","W710045000","A01","",""]
["W103728","51453","W875010000","F10","",""]
["W103730","51453","W875012000","F10","",""]
["W103757","51453","W865000000","G11","",""]
["W103762","51453","W835030000","F10","",""]
["W103763","51453","W845000000","G11","",""]
["W103764","51453","W843011000","G11","",""]
["W103767","51453","W842015000","G11","",""]
["W103770","51453","W844610000","F10","",""]
["W103772","51453","W842013000","G11","",""]
["W103773","51453","W844612000","G11","",""]
["W103776","51453","W842511000","G11","",""]
["W103777","51453","W842510000","G11","",""]
["W103779","51453","W400300000","F10","",""]
["W103781","51453","W400400000","F10","",""]
["W103782","51453","W842010000","G11","",""]
["W103784","51453","W843010000","G11","",""]
["W103793","51453","W404500000","A01","",""]
["W103807","51453","W400136000","F07","",""]
["W103808","51453","W400130000","F07","",""]
["W103810","51453","W400133000","F07","",""]
["W103812","51453","W400134000","F07","",""]
["W103813","51453","W400100000","F07","",""]
["W103814","51453","W400112000","F07","",""]
["W103816","51453","W400113000","F07","",""]
["W103818","51001","W416530000","L07","",""]
["W103824","51107","W407230000","D07","",""]
["W103828","51107","W402036000","B07","",""]
["W103835","51455","W710086000","B07","",""]
["W103836","51178","W100035000","E14","",""]
["W103837","51178","W833037000","E14","",""]
["W103838","51178","W824700000","E14","",""]
["W103839","51044","W416800000","P01","",""]
["W103844","51044","W416830000","P10","",""]
["W103846","51044","W416832000","P03","",""]
["W103847","51044","W416833000","P07","",""]
["W103848","51044","W416834000","P07","",""]
["W103849","51044","W416835000","P03","",""]
["W103851","51044","W416837000","P10","",""]
["W103852","51044","W416838000","P10","",""]
["W103853","51044","W416839000","P07","",""]
["W103854","51044","W416840000","P03","",""]
["W103855","51044","W416841000","P07","",""]
["W103856","51044","W416842000","P11","",""]
["W103857","51044","W416843000","P10","",""]
["W103858","51044","W416844000","P01","",""]
["W103861","51044","W416847000","P01","",""]
["W103862","51044","W416848000","P03","",""]
["W103880","51125","W408254000","B07","",""]
["W103882","11003","W417400000","D13","",""]
["W103883","11000","W419000000","E14","",""]
["W103890","11000","W400000000","F10","",""]
["W103891","11000","W401000000","F10","",""]
["W103892","11000","W410500000","D01","",""]
["W103895","11003","W417200000","D01","",""]
["W103904","11000","W404000000","A01","",""]
["W103908","11000","W402400000","A01","",""]
["W103910","11000","W407100000","F10","",""]
["W103914","11000","W400900000","A01","",""]
["W103915","11000","W409000000","E14","",""]
["W103916","11000","W409200000","E14","",""]
["W103917","11000","W411000000","E14","",""]
["W103918","11000","W417800000","E14","",""]
["W103925","11000","W865000000","F10","",""]
["W103926","11000","W867500000","F10","",""]
["W103928","11000","W404500000","A01","",""]
["W103929","11000","W100000000","F10","",""]
["W103936","11003","W842510000","G11","",""]
["W103945","11000","W400400000","F10","",""]
["W103946","11000","W400300000","F10","",""]
["W103948","11000","W400100000","F10","",""]
["W103950","11000","W400100000","F07","",""]
["W103951","11003","W845000000","G11","",""]
["W103952","11000","W875010000","F10","",""]
["W103954","11000","W875012000","F10","",""]
["W103960","11000","W875000000","F10","",""]
["W105586","53500","W408200024","D04","R67006002140000",""]
["W105587","53500","W710046000","A01","R67006002330000",""]
["W105588","53500","W833000001","C04","R67006002610000",""]
["W105600","53500","W833000024","B01","R67006002620000",""]
["W105602","53500","W710035001","B01","R67006002290000",""]
["W105604","53500","W710075000","B01","P00063100800000",""]
["W105614","53500","W824000000","B01","P00063101900000",""]
["W105618","53500","W833000030","D04","R67006002630000",""]
["W105622","53500","W416200000","F01","R67006002200000",""]
["W105623","53500","W400400000","C01","R67006002020000",""]
["W105628","53500","W821900000","A01","R67006002440000",""]
["W105630","53500","W833511000","C01","R67006002670000",""]
["W105636","53500","W400000000","F01","R67000020000000",""]
["W105641","53500","W404000000","A01","R67006002120000",""]
["W105647","53500","W824000000","A01","R67006002510000",""]
["W105648","53500","W710000000","A01","R67006002250000",""]
["W105649","53500","W710045000","A01","R67006002310000",""]
["W105650","53500","W821000000","A01","R67006002420000",""]
["W105651","53500","W710010000","A01","R67006002260000",""]
["W105654","53500","W710040000","A01","R67006002300000",""]
["W105655","53500","W710065000","A01","R67006002350000",""]
["W105656","53500","W713000000","C01","R67006002410000",""]
["W105660","53500","W710060000","A01","R67006002340000",""]
["W105662","53500","W824012000","A01","R67006002540000",""]
["W105667","53500","W402400000","A01","R67006002080000",""]
["W105675","53500","W419100000","A01","R67006002240000",""]
["W105677","53500","W825500000","A01","R67006002590000",""]
["W105679","53500","W710075000","A01","R67006002380000",""]
["W105681","53500","W822900007","B01","R67006002490000",""]
["W105682","53500","W833500007","A01","R67006002660000",""]
["W105686","53500","W833500000","B01","P00063174700000",""]
["W105693","53500","W710085000","A01","R67006002400000",""]
["W105696","53500","W710080000","B01","R67006002390000",""]
["W105699","53500","W400900000","B01","R67006002030000",""]
["W105701","53500","W417400000","D13","R67006002220000",""]
["W105893","53500","W824000003","B01","R77063670200000",""]
["W105894","53500","W407800000","C01","R77063670300000",""]
["W105897","53500","W710060003","C01","R77063670700000",""]
["W105906","53500","W833500000","A01","R77063671700000",""]
["W105910","53500","W832500004","B01","R77063672400000",""]
["W105919","53500","W824700000","F01","R77063673400000",""]
["W105922","53500","W710060005","B01","R77063673800000",""]
["W105927","53500","W833500038","C01","R77063674500000",""]
["W105933","53500","W400500000","F01","R77063676100000",""]
["W105938","53500","W824000000","C01","R77063676600000",""]
["W105957","53500","W400110000","G11","R77063679000000",""]
["W105969","53500","W407000000","B03","R77063680200000",""]
["W105975","53500","W407700000","A02","R77063680900000",""]
["W105979","53500","W410500000","D01","R77063681300000",""]
["W105998","53500","W407800000","C04","R77063683400000",""]
["W106014","53500","W710000000","C04","R77063685100000",""]
["W106020","53500","W400110000","A02","R77063685800000",""]
["W106028","53500","W824000000","B03","R77063686600000",""]
["W106030","53500","W408200024","B03","R77063686800000",""]
["W106031","53500","W408200000","B03","R77063686900000",""]
["W106048","53500","W710065005","B03","R77063688600000",""]
["W106064","53500","W710085005","A02","R77063690200000",""]
["W106304","51206","W900200000","M00","M63400002213000",""]
["W106305","51206","W900200000","M00","M63400001010000",""]
["W106306","51206","W900200000","M00","M63400003305000",""]
["W106307","51206","W900200000","M00","M63400002209000",""]
["W106309","51206","W900200000","M00","M63400002825000",""]
["W106310","51206","W900200000","M00","M63400002830000",""]
["W106311","51206","W900200000","M00","M63400002845000",""]
["W106312","51206","W900200000","M00","M63400002850000",""]
["W106313","51206","W900200000","M00","M63400002880000",""]
["W106314","51206","W900200000","M00","M63400002109000",""]
["W106316","51206","W900200000","M00","M63400003405000",""]
["W106317","51206","W900200000","M00","M63400003410000",""]
["W106318","51206","W900200000","M00","M63400001700000",""]
["W106319","51206","W900200000","M00","M63400001825000",""]
["W106320","51206","W900200000","M00","M63400003205000",""]
["W106323","51206","W900200000","M00","M63400002221000",""]
["W106324","51206","W900200000","M00","M63400002227000",""]
["W106325","51206","W900200000","M00","M63400002230000",""]
["W106326","51206","W900200000","M00","M63400003301000",""]
["W106328","51206","W900200000","M00","M63400003420000",""]
["W106330","51206","W900200000","M00","M63400003218000",""]
["W106331","51206","W900200000","M00","M63400003224000",""]
["W106332","51206","W900200000","M00","M63400003227000",""]
["W106333","51206","W900200000","M00","M63400003230000",""]
["W106334","51206","W900200000","M00","M63400003233000",""]
["W106336","51206","W900200000","M00","M63400003248000",""]
["W106337","51206","W900200000","M00","M63400003259000",""]
["W106342","51206","W900200000","M00","M63400003045000",""]
["W106353","51206","W900200000","M00","M63400002935000",""]
["W106354","51206","W900200000","M00","M63400002945000",""]
["W106355","51206","W900200000","M00","M63400002950000",""]
["W106356","51206","W900200000","M00","M63400002960000",""]
["W106359","51206","W900200000","M00","M63400003003000",""]
["W106364","51206","W900200000","M00","M63400003018000",""]
["W106365","51206","W900200000","M00","M63400003033000",""]
["W106366","51206","W900200000","M00","M63400003036000",""]
["W106368","51206","W900200000","M00","M63400003118000",""]
["W106369","51206","W900200000","M00","M63400003121000",""]
["W106370","51206","W900200000","M00","M63400003110000",""]
["W106371","51206","W900200000","M00","M63400003111000",""]
["W106373","51206","W900200000","M00","M63400003278000",""]
["W106462","51206","W900200000","M00","M63400001962000",""]
["W106463","51206","W900200000","M00","M63400001300000",""]
["W106465","51206","W900200000","M00","M63400001000000",""]
["W106466","51206","W900200000","M00","M63400003106000",""]
["W106467","51206","W900200000","M00","M63400001035000",""]
["W106468","51206","W900200000","M00","M63400003100000",""]
["W106469","51206","W900200000","M00","M63400003109000",""]
["W106470","51206","W900200000","M00","M63400002800000",""]
["W106471","51206","W900200000","M00","M63400002815000",""]
["W106472","51206","W900200000","M00","M63400001305000",""]
["W106473","51206","W900200000","M00","M63400002835000",""]
["W106474","51206","W900200000","M00","M63400002840000",""]
["W106475","51206","W900200000","M00","M63400001315000",""]
["W106476","51206","W900200000","M00","M63400002855000",""]
["W106478","51206","W900200000","M00","M63400002870000",""]
["W106479","51206","W900200000","M00","M63400002875000",""]
["W106480","51206","W900200000","M00","M63400002890000",""]
["W106481","51206","W900200000","M00","M63400001401000",""]
["W106482","51206","W900200000","M00","M63400003400000",""]
["W106483","51206","W900200000","M00","M63400001600000",""]
["W106484","51206","W900200000","M00","M63400003200000",""]
["W106485","51206","W900200000","M00","M63400001900000",""]
["W106486","51206","W900200000","M00","M63400003203000",""]
["W106487","51206","W900200000","M00","M63400002100000",""]
["W106488","51206","W900200000","M00","M63400001105000",""]
["W106491","51206","W900200000","M00","M63400002236000",""]
["W106492","51206","W900200000","M00","M63400003415000",""]
["W106493","51206","W900200000","M00","M63400003425000",""]
["W106495","51206","W900200000","M00","M63400003221000",""]
["W106496","51206","W900200000","M00","M63400003236000",""]
["W106497","51206","W900200000","M00","M63400003239000",""]
["W106498","51206","W900200000","M00","M63400003242000",""]
["W106499","51206","W900200000","M00","M63400003251000",""]
["W106500","51206","W900200000","M00","M63400003266000",""]
["W106505","51206","W900200000","M00","M63400001942000",""]
["W106506","51206","W900200000","M00","M63400001945000",""]
["W106507","51206","W900200000","M00","M63400001951000",""]
["W106512","51206","W900200000","M00","M63400002940000",""]
["W106649","51206","W900200000","M00","M63400002206000",""]
["W106651","51206","W900200000","M00","M63400002115000",""]
["W106654","51207","W900200000","F40","M63400002802000",""]
["W106655","51125","W400935000","B07","",""]
["W106718","51453","W100000000","F10","",""]
["W106720","51453","W860011000","F10","",""]
["W106738","52132","W710000013","B01","",""]
["W106740","52132","W710040011","B01","",""]
["W106743","52132","W710060013","B01","",""]
["W106746","51444","W824731000","D07","",""]
["W106922","53500","W408200000","A02","R77063690600000",""]
["W106982","51125","W822930000","B07","",""]
["W106997","51206","W900200000","M00","M63400003210000",""]
["W107124","51125","W404039000","B07","",""]
["W107151","51009","W401500000","F07","",""]
["W107188","53500","W833500000","B03","R77063691100000",""]
["W107189","53500","W825000000","C04","R77063691000000",""]
["W107191","53500","W833500000","B01","R77063691100000",""]
["W107230","53500","W824012000","A02","R77063005500000",""]
["W107239","53500","W824012000","B01","R77063005500000",""]
["W107285","51207","W900100000","F40","M69990405800000",""]
["W107413","51207","W900200000","F40","M63400003224000",""]
["W107434","51207","W900200000","F40","M63400002227000",""]
["W107436","51207","W900200000","F40","M63400001825000",""]
["W107511","51453","W882017000","G11","",""]
["W107638","51046","W407600000","C07","",""]
["W107643","51207","W900200000","F40","M63400001205000",""]
["W107777","52132","W400900004","B01","",""]
["W107778","52132","W400900005","B01","",""]
["W107779","52132","W400900006","B01","",""]
["W107780","52132","W400900008","B01","",""]
["W107782","52132","W400900016","B01","",""]
["W107783","52132","W400900019","B01","",""]
["W107785","52132","W400900022","B01","",""]
["W107787","52132","W400900034","B01","",""]
["W107788","52132","W400900038","B01","",""]
["W107791","52132","W400900042","B01","",""]
["W107792","52132","W400900054","B01","",""]
["W107793","52132","W400900055","B01","",""]
["W107794","52132","W402000002","B01","",""]
["W107795","52132","W402000006","B01","",""]
["W107796","52132","W402000012","B01","",""]
["W107799","52132","W402000015","B01","",""]
["W107801","52132","W402000017","B01","",""]
["W107806","52132","W402000024","B01","",""]
["W107809","52132","W402000029","B01","",""]
["W107819","52132","W403000013","B01","",""]
["W107820","52132","W403000014","B01","",""]
["W107821","52132","W403000019","B01","",""]
["W107822","52132","W403000020","B01","",""]
["W107830","52132","W403000030","B01","",""]
["W107831","52132","W403400001","B01","",""]
["W107833","52132","W403400005","B01","",""]
["W107834","52132","W403400007","B01","",""]
["W107836","52132","W403400010","B01","",""]
["W107837","52132","W404000001","B01","",""]
["W107842","52132","W404000009","B01","",""]
["W107845","52132","W404000021","B01","",""]
["W107848","52132","W404000026","B01","",""]
["W107850","52132","W404000028","B01","",""]
["W107852","52132","W404000030","B01","",""]
["W107853","52132","W404000032","B01","",""]
["W107855","52132","W404000035","B01","",""]
["W107856","52132","W404000038","B01","",""]
["W107857","52132","W404000039","B01","",""]
["W107858","52132","W404500003","B01","",""]
["W107860","52132","W404500005","B01","",""]
["W107862","52132","W821900001","B01","",""]
["W107864","52132","W821900004","B01","",""]
["W107865","52132","W821900011","B01","",""]
["W107866","52132","W821900012","B01","",""]
["W107867","52132","W821900015","B01","",""]
["W107868","52132","W821900017","B01","",""]
["W107869","52132","W821900019","B01","",""]
["W107870","52132","W824000001","B01","",""]
["W107877","52132","W824000014","B01","",""]
["W107886","52132","W824000026","B01","",""]
["W107895","52132","W824000043","B01","",""]
["W107903","52132","W825500004","B01","",""]
["W107904","52132","W825500006","B01","",""]
["W107905","52132","W825500010","B01","",""]
["W107908","52132","W832500002","B01","",""]
["W107910","52132","W832500005","B01","",""]
["W107912","52132","W832500007","B01","",""]
["W107913","52132","W832500008","B01","",""]
["W107915","52132","W832500010","B01","",""]
["W107918","52132","W832500014","B01","",""]
["W107923","52132","W833000014","B01","",""]
["W107924","52132","W833000017","B01","",""]
["W107926","52132","W833000028","B01","",""]
["W107933","52132","W833500006","B01","",""]
["W107934","52132","W833500007","B01","",""]
["W107943","52132","W833500027","B01","",""]
["W107956","52132","W833500054","B01","",""]
["W107961","52132","W834500002","B01","",""]
["W107964","52132","W834500006","B01","",""]
["W107965","52132","W834500011","B01","",""]
["W107977","52132","W403000012","B01","",""]
["W108043","51453","W821200000","C07","",""]
["W108046","51206","W900200000","M00","M63400003112000",""]
["W108092","51453","W410537000","D01","",""]
["W108180","51107","W407234000","D07","",""]
["W108181","51107","W407235000","D07","",""]
["W108183","51107","W407237000","D07","",""]
["W108204","51046","W400711000","C07","",""]
["W108220","51453","W410535000","A01","",""]
["W108221","51453","W410536000","D01","",""]
["W108254","51206","W900200000","M00","M63400002215000",""]
["W108256","51046","W401820000","C07","",""]
["W108275","52132","W402400004","B01","",""]
["W108276","52132","W402400005","B01","",""]
["W108277","52132","W402400007","B01","",""]
["W108278","52132","W402400008","B01","",""]
["W108279","52132","W402400009","B01","",""]
["W108280","52132","W402400011","B01","",""]
["W108281","52132","W402400012","B01","",""]
["W108284","52132","W402400017","B01","",""]
["W108286","52132","W402400019","B01","",""]
["W108289","52132","W402400024","B01","",""]
["W108290","52132","W402400025","B01","",""]
["W108291","52132","W402400027","B01","",""]
["W108292","52132","W402400029","B01","",""]
["W108295","52132","W402400032","B01","",""]
["W108314","52132","W710010016","B01","",""]
["W108332","51470","W403400015","B01","B00030001400000",""]
["W108336","51046","W400700000","C07","",""]
["W108351","51206","W900200000","M00","M63400003435000",""]
["W108380","53500","W710010008","B03","R00060000500000",""]
["W108398","52132","W400900060","B01","",""]
["W108430","51453","W865080000","F10","",""]
["W108431","11000","W865080000","F10","",""]
["W108459","52132","W400700000","C07","",""]
["W108471","51046","W401922000","C07","",""]
["W108478","51453","W875026000","F10","",""]
["W108480","11000","W875025000","F10","",""]
["W108481","51453","W875025000","F10","",""]
["W108539","52132","W403000033","B01","",""]
["W108573","51470","W402400000","A01","P00037095600000",""]
["W108574","51470","W402400000","A01","P00037117600000",""]
["W108577","51470","W403400000","B01","P00037126100000",""]
["W108587","51470","W403400013","B01","B00030000900000",""]
["W108589","51470","W404000000","B01","P00037090700000",""]
["W108634","51470","W710060016","B01","B00010000200000",""]
["W108640","51470","W821900000","B01","P00037098400000",""]
["W108642","51470","W821900000","A01","P00037118100000",""]
["W108646","51470","W821900022","B01","P00037097100000",""]
["W108664","51470","W824700000","A01","P00037110900000",""]
["W108665","51470","W824700000","A01","P00037118500000",""]
["W108712","51470","W825000004","B01","B00010000300000",""]
["W108716","53500","W824000067","A01","R77060001200000",""]
["W108736","53500","W824011000","A01","R00060001500000",""]
["W108741","53500","W409000000","A01","R00060001600000",""]
["W108742","51046","W401923000","C07","",""]
["W108751","51206","W900200000","M00","M63400002237000",""]
["W108754","51206","W900200000","M00","M63400003206000",""]
["W108755","51453","W410530000","A01","",""]
["W108757","51453","W410533000","A01","",""]
["W108758","51453","W410532000","B01","",""]
["W108769","51046","W401923001","C07","",""]
["W108771","53500","W832500014","B03","R00060001700000",""]
["W108781","52132","W710075002","B01","",""]
["W108783","51046","W833000040","C07","P82050022700099",""]
["W108788","51046","W401600000","C07","",""]
["W108790","51046","W401914000","C07","",""]
["W108794","51046","W401411000","C07","",""]
["W108801","11000","W860018000","F10","",""]
["W108802","51453","W860018000","F10","",""]
["W108803","51453","W860015000","F10","",""]
["W108806","11000","W860017000","F10","",""]
["W108808","51453","W860017000","F10","",""]
["W108809","11000","W860013000","F10","",""]
["W108810","51453","W860013000","F10","",""]
["W108812","11000","W865010000","F10","",""]
["W108816","11000","W865060000","F10","",""]
["W108817","11000","W865050000","F10","",""]
["W108819","11000","W865040000","F10","",""]
["W108823","51046","W407613001","C07","",""]
["W108833","51046","W401924000","C07","",""]
["W108838","51046","W407618000","C07","",""]
["W108839","51046","W407619000","C07","",""]
["W108849","51046","W407612001","C07","",""]
["W108850","51046","W407612002","C07","",""]
["W108852","51046","W407612004","C07","",""]
["W108853","51046","W407612005","C07","",""]
["W108854","51046","W407612006","C07","",""]
["W108855","51046","W407612007","C07","",""]
["W108867","52132","W403400000","B05","",""]
["W108900","51045","W416937000","P07","",""]
["W108901","51045","W416936000","P07","",""]
["W108902","51045","W416935000","P07","",""]
["W108903","51045","W416934000","P07","",""]
["W108904","51045","W416933000","P07","",""]
["W108905","51045","W416932000","P07","",""]
["W108906","51045","W416931000","P07","",""]
["W108907","51045","W416930000","P07","",""]
["W108908","51045","W416900000","P07","",""]
["W108912","52133","W407014000","B01","",""]
["W108925","51046","W400712000","C07","",""]
["W108930","51046","W407624000","C07","",""]
["W108935","52132","W821900027","B01","",""]
["W108937","52132","W821900022","B01","",""]
["W108938","52132","W821900023","B01","",""]
["W108966","52133","W419000000","B01","",""]
["W109024","52132","W710040001","B01","",""]
["W109048","52132","W710010029","B01","",""]
["W109118","52132","W710055000","B01","",""]
["W109128","52132","W824000050","B01","",""]
["W109132","52132","W824000054","B01","",""]
["W109133","52132","W824000055","B01","",""]
["W109156","51009","W860016000","F07","",""]
["W109183","51205","W417201000","L07","",""]
["W109206","13805","W416800000","G11","",""]
["W109220","52132","W404500001","B01","",""]
["W109221","52132","W404500010","B01","",""]
["W109223","52132","W710010014","B01","",""]
["W109224","52132","W710010026","B01","",""]
["W109225","52132","W710025003","B01","",""]
["W109226","52132","W833000035","B01","",""]
["W109227","52132","W833000039","B01","",""]
["W109228","52132","W833500058","B01","",""]
["W109230","52132","W833500060","B01","",""]
["W109234","52132","W400900064","B01","",""]
["W109235","52132","W404500007","B01","",""]
["W109239","11000","W860016000","F10","",""]
["W109247","52132","W710045011","B01","",""]
["W109251","52132","W403000040","B01","",""]
["W109275","51207","W900100000","F40","M61000200508000",""]
["W109289","53500","W824000061","B01","R80060002300000",""]
["W109302","53500","W419100013","B01","R72060002400000",""]
["W109324","51453","W400013000","F10","",""]
["W109363","51484","W842012000","L07","","01010"]
["W109364","51484","W842012000","L07","","02014"]
["W109365","51484","W842012000","L07","","02015"]
["W109368","51484","W842012000","L07","","03000"]
["W109372","51484","W842012000","L07","","07000"]
["W109382","51484","W845000000","L07","","01010"]
["W109413","51484","W800800000","L07","","01010"]
["W109414","51484","W800800000","L07","","02014"]
["W109415","51484","W800800000","L07","","02015"]
["W109418","51484","W800800000","L07","","03000"]
["W109424","51484","W844611000","L07","","01010"]
["W109442","11000","W845000000","G11","",""]
["W109470","51468","W825000004","B01","P00010002500000",""]
["W109477","52132","W402400034","B01","",""]
["W109478","51205","W845010000","L07","",""]
["W109506","52132","W710075005","B01","",""]
["W109528","52120","W414200000","A01","",""]
["W109593","51046","W401422000","C07","",""]
["W109607","11000","W400134000","F07","",""]
["W109653","52132","W404500011","B01","",""]
["W109675","52132","W833012004","B01","",""]
["W109677","52132","W710065004","B01","",""]
["W109800","11000","W403400000","A01","",""]
["W109801","52132","W710010022","B01","",""]
["W109811","51254","W900100000","F40","M61000206760000",""]
["W109837","51206","W900200000","M00","M63400001325000",""]
["W109871","51046","W407625001","C07","",""]
["W109872","51046","W407625002","C07","",""]
["W109873","51046","W407625003","C07","",""]
["W109874","51046","W407612010","C07","",""]
["W109904","51491","W833500000","B01","",""]
["W109907","51491","W419100000","D01","",""]
["W109937","52132","W710060005","B01","",""]
["W109962","51254","W900100000","F40","M61000203800000",""]
["W109963","11000","W835030000","F10","",""]
["W109978","51046","W407630000","C07","",""]
["W109981","11000","W417000000","F10","",""]
["W109986","51470","W403400022","B01","B00020000700000",""]
["W110002","53500","W833500065","C01","R77060003400000",""]
["W110038","52132","W833500011","B01","",""]
["W110083","51491","W832500000","B01","",""]
["W110105","51470","W403400024","B01","B00030003600000",""]
["W110139","52132","W710040019","B01","",""]
["W110158","56220","W409200000","H01","A11250075503000",""]
["W110159","56220","W409200000","H01","A11250075504000",""]
["W110188","51491","W833000000","B01","",""]
["W110212","51470","W834500029","B01","B00010000600000",""]
["W110223","52132","W710060015","B01","",""]
["W110265","51491","W417400000","D13","",""]
["W110285","51082","W419100000","E14","",""]
["W110304","51055","W408530003","A07","C40853000300000",""]
["W110315","53500","W710040006","B03","R71060004100000",""]
["W110318","51206","W900200000","M00","M63400001045000",""]
["W110380","53501","W710075004","A07","R67700000015027",""]
["W110381","51125","W404041000","B07","",""]
["W110397","11000","W409014000","E14","",""]
["W110398","11000","W410537000","D01","",""]
["W110399","11000","W410530000","A01","",""]
["W110403","11000","W410536000","D01","",""]
["W110404","11000","W410533000","A01","",""]
["W110461","52132","W402400036","B01","",""]
["W110471","51491","W408200000","C01","",""]
["W110494","52132","W402400038","B01","",""]
["W110496","11000","W865050000","F11","",""]
["W110512","51055","W408530004","A07","C40853000400000",""]
["W110529","11000","W865040000","F12","",""]
["W110530","52132","W833000043","B01","",""]
["W110550","52132","W408200017","B01","P00010549400000",""]
["W110568","51207","W900200000","F40","M63400002935000",""]
["W110569","51207","W900200000","F40","M63400002845000",""]
["W110570","51453","W882020000","G11","",""]
["W110597","52132","W833500065","B01","",""]
["W110599","52132","W833500061","B01","",""]
["W110637","51207","W900200000","F40","M63400003205000",""]
["W110641","52133","W407017000","F12","",""]
["W110642","51470","W403400027","B01","B00020001000000",""]
["W110643","13840","W824700014","A01","",""]
["W110683","52132","W403400019","B01","",""]
["W110687","52132","W403400013","B01","",""]
["W110688","52132","W403400004","B01","",""]
["W110698","51453","W404000000","A01","",""]
["W110699","52133","W401011000","F10","",""]
["W110700","51453","W403400000","A01","",""]
["W110701","51470","W404000053","B01","B00030004300000",""]
["W110703","51453","W400114000","F07","",""]
["W110725","51470","W408200000","C07","P00037097200000",""]
["W110755","51206","W900200000","M00","M63400002119000",""]
["W110758","51207","W900200000","F40","M63400003108000",""]
["W110760","51046","W401927000","C07","",""]
["W110762","51206","W900200000","M00","M63400003108000",""]
["W110803","51206","W900200000","M00","M63400001020000",""]
["W110804","51491","W710060005","B01","",""]
["W110805","51125","W403430000","B07","",""]
["W110838","52132","W403400027","B01","",""]
["W110839","11000","W401000000","F07","",""]
["W110856","51206","W900200000","M00","M63400002110000",""]
["W110857","51206","W900200000","M00","M63400002118000",""]
["W110858","51206","W900200000","M00","M63400002130000",""]
["W110859","51206","W900200000","M00","M63400002135000",""]
["W110860","51206","W900200000","M00","M63400002125000",""]
["W110892","52132","W710025024","B01","",""]
["W110893","52132","W710000020","B01","",""]
["W110916","52132","W402400039","B01","",""]
["W110917","52132","W404500015","B01","",""]
["W110945","51491","W710060010","B01","",""]
["W110955","52132","W710070006","B01","",""]
["W110956","52132","W404000034","B01","",""]
["W110957","52132","W403000041","B01","",""]
["W110959","52132","W832500025","B01","",""]
["W110973","52132","W822510010","B01","",""]
["W110977","52132","W822510003","B01","",""]
["W110979","52132","W822500012","B01","",""]
["W110981","52132","W822510007","B01","",""]
["W110983","52132","W822510011","B01","",""]
["W110984","52133","W419011000","E14","",""]
["W110994","52132","W821910000","B01","",""]
["W111012","52132","W404000040","B01","",""]
["W111024","53600","W410500001","F01","R00060006200000",""]
["W111041","51046","W401929000","C07","",""]
["W111047","51046","W400712005","C07","",""]
["W111050","52132","W710060022","B01","",""]
["W111051","52132","W710070015","B01","",""]
["W111054","52132","W710010001","B01","",""]
["W111055","52132","W710010004","B01","",""]
["W111056","52132","W710010005","B01","",""]
["W111057","52132","W710010017","B01","",""]
["W111058","52132","W710010007","B01","",""]
["W111059","52132","W710010008","B01","",""]
["W111061","52132","W710010012","B01","",""]
["W111064","52132","W710010025","B01","",""]
["W111066","52132","W710010028","B01","",""]
["W111067","52132","W710025014","B01","",""]
["W111071","52132","W710020002","B01","",""]
["W111073","52132","W710025021","B01","",""]
["W111074","52132","W710025023","B01","",""]
["W111076","52132","W710035004","B01","",""]
["W111079","52132","W710055003","B01","",""]
["W111080","52132","W710060003","B01","",""]
["W111081","52132","W710040007","B01","",""]
["W111082","52132","W710060004","B01","",""]
["W111085","52132","W710040018","B01","",""]
["W111086","52132","W710060007","B01","",""]
["W111088","52132","W710045005","B01","",""]
["W111089","52132","W710060021","B01","",""]
["W111091","52132","W710065003","B01","",""]
["W111093","52132","W710065005","B01","",""]
["W111095","52132","W710065013","B01","",""]
["W111101","52132","W710070007","B01","",""]
["W111102","52132","W710070011","B01","",""]
["W111103","52132","W710070012","B01","",""]
["W111104","52132","W710070013","B01","",""]
["W111106","52132","W710075004","B01","",""]
["W111109","52132","W710075006","B01","",""]
["W111111","52132","W710075007","B01","",""]
["W111112","52132","W710080001","B01","",""]
["W111113","52132","W710080002","B01","",""]
["W111114","52132","W710080004","B01","",""]
["W111115","52132","W710085002","B01","",""]
["W111116","52132","W710080006","B01","",""]
["W111117","52132","W710085003","B01","",""]
["W111122","52132","W833500071","B01","",""]
["W111126","52132","W408200051","B01","",""]
["W111127","52132","W713000008","B01","",""]
["W111128","52132","W408200023","B01","",""]
["W111129","52132","W710060009","B01","",""]
["W111132","52132","W410500001","B01","",""]
["W111133","52132","W408200052","B01","",""]
["W111136","52132","W833500070","B01","",""]
["W111138","52132","W403400018","B01","",""]
["W111139","52132","W710025010","B01","",""]
["W111156","51206","W900200000","M00","M63400002266000",""]
["W111157","51491","W710040021","B01","",""]
["W111164","52132","W833500072","B01","",""]
["W111165","52132","W710060023","B01","",""]
["W111172","52132","W710070020","B01","",""]
["W111226","51455","W402510000","B07","",""]
["W111240","51491","W400900000","B01","",""]
["W111241","57000","W407100000","F00","",""]
["W111247","52132","W834500029","B01","",""]
["W111252","51125","W402530000","B07","",""]
["W111253","51470","W710075008","B01","B00020001100000",""]
["W111254","52132","W834100005","B01","",""]
["W111267","51044","W416851000","P07","",""]
["W111291","51470","W824000026","A01","P00037135700000",""]
["W111293","51125","W822538000","B07","",""]
["W111295","52132","W419100016","B01","",""]
["W111311","51470","W825000007","B01","B00030004400000",""]
["W111318","11000","W400114000","F07","",""]
["W111320","52132","W400900081","B01","",""]
["W111344","51453","W822900000","B05","",""]
["W111346","52132","W827500000","B01","",""]
["W111365","51491","W710040011","B01","",""]
["W111382","51046","W407631000","C07","",""]
["W111386","51491","W404500011","B01","",""]
["W111411","57000","W825000004","B00","B00010000300000",""]
["W111418","51491","W822500000","B01","",""]
["W111419","52132","W710070019","B01","",""]
["W111428","52132","W825000008","B01","",""]
["W111440","51453","W827500000","A01","",""]
["W111484","51207","W900200000","F40","M63400001325000",""]
["W111512","51126","W402531000","B07","",""]
["W111513","51491","W710055001","B01","",""]
["W111528","52132","W710025026","B01","",""]
["W111551","52132","W821900028","B01","",""]
["W111555","51206","W900200000","M00","M63400002852000",""]
["W111603","52132","W713000019","B01","",""]
["W111648","51491","W408200051","C01","",""]
["W111649","51491","W824000000","B01","",""]
["W111666","52132","W710060024","B01","",""]
["W111671","51491","W710085001","B01","",""]
["W111702","52132","W825000009","B01","",""]
["W111703","52132","W825000010","B01","",""]
["W111704","52132","W824000083","B01","",""]
["W111722","51207","W900200000","F40","M63400002118000",""]
["W111752","52132","W710060025","B01","",""]
["W111753","51491","W833000024","B01","",""]
["W111756","51125","W822539000","B07","",""]
["W111757","52132","W710035008","B01","",""]
["W111758","52132","W713000020","B01","",""]
["W111794","52132","W710060014","B01","",""]
["W111804","52132","W825500015","B01","",""]
["W111816","51046","W400800000","C07","",""]
["W111825","11000","W400136000","F07","",""]
["W111826","11000","W400133000","F07","",""]
["W111835","11000","W842010000","G11","",""]
["W111837","11000","W400130000","F07","",""]
["W111839","51229","W100000000","F10","",""]
["W111858","51063","W833500000","A07","",""]
["W111860","51063","W825000000","A07","",""]
["W111862","51063","W713000000","A07","",""]
["W111863","51063","W710060000","A07","",""]
["W111864","51063","W710040000","A07","",""]
["W111865","51063","W419100000","A07","",""]
["W111866","51063","W415100000","A07","",""]
["W111868","51063","W407700000","A07","",""]
["W111870","51063","W100000000","A07","",""]
["W111871","51226","W833500000","B01","",""]
["W111872","51226","W824700000","B01","",""]
["W111873","51226","W824000000","B01","",""]
["W111874","51226","W822900000","B01","",""]
["W111875","51226","W821900000","B01","",""]
["W111880","51226","W710070000","B01","",""]
["W111881","51226","W710060000","B01","",""]
["W111882","51226","W710000000","B01","",""]
["W111884","51226","W408200000","C01","",""]
["W111885","51226","W404011000","B01","P00010550300000",""]
["W111887","51226","W404011000","B01","",""]
["W111888","51226","W404000033","B01","",""]
["W111890","51226","W402400000","B01","",""]
["W111892","51226","W400900000","B01","",""]
["W111942","52132","W710045013","B01","P00010004600000",""]
["W111944","51470","W402400023","B03","P00010004700000",""]
["W111949","51491","W834500000","B01","",""]
["W111950","52132","W419100019","B01","",""]
["W111998","52132","W710060028","B01","",""]
["W112002","51009","W842011000","F07","",""]
["W112005","51207","W900200000","F40","M63400002830000",""]
["W112027","51491","W710090001","B01","",""]
["W112043","52132","W402400040","B01","",""]
["W112050","52132","W824700000","A01","",""]
["W112055","52132","W833500032","B01","",""]
["W112057","51207","W900200000","F40","M63400002237000",""]
["W112066","51455","W407034000","B07","",""]
["W112067","51453","W826000000","A01","",""]
["W112068","51206","W900200000","M00","M63400003057000",""]
["W112069","51491","W402400023","B01","",""]
["W112071","52132","W710060029","B01","",""]
["W112102","51492","W400900055","B01","",""]
["W112106","51492","W400900064","B01","",""]
["W112136","51492","W402400008","B01","",""]
["W112138","51492","W402400012","B01","",""]
["W112141","51492","W402400023","B01","",""]
["W112200","51492","W404000034","B01","",""]
["W112201","51492","W404000035","B01","",""]
["W112267","51492","W710000001","B01","",""]
["W112268","51492","W710000005","B01","",""]
["W112269","51492","W710000006","B01","",""]
["W112273","51492","W710000015","B01","",""]
["W112277","51492","W710010001","B01","",""]
["W112278","51492","W710010007","B01","",""]
["W112279","51492","W710010008","B01","",""]
["W112291","51492","W710025026","B01","",""]
["W112292","51492","W710035001","B01","",""]
["W112294","51492","W710040011","B01","",""]
["W112301","51492","W710046005","B01","",""]
["W112302","51492","W710055001","B01","",""]
["W112316","51492","W710070003","B01","",""]
["W112327","51492","W710075002","B01","",""]
["W112335","51492","W821900001","B01","",""]
["W112338","51492","W821900011","B01","",""]
["W112341","51492","W821900022","B01","",""]
["W112407","51492","W833500015","B01","",""]
["W112447","52132","W834500028","B01","",""]
["W112463","51226","W404011000","B01","P00010550700000",""]
["W112464","51226","W404011000","B01","P00010550800000",""]
["W112465","52132","W404500021","B01","",""]
["W112487","51125","W822540000","B07","",""]
["W112490","52132","W710025028","B01","",""]
["W112493","51491","W821900000","B01","",""]
["W112521","51206","W900200000","M00","M63400002111000",""]
["W112522","51491","W710065000","B01","",""]
["W112548","52132","W404600030","B01","",""]
["W112569","51198","W842731000","L07","",""]
["W112577","13805","W416830000","P10","",""]
["W112579","52132","W408200055","B01","",""]
["W112589","51491","W404000032","B01","",""]
["W112590","51491","W834500020","B01","",""]
["W112591","51491","W710060004","B01","",""]
["W112592","51491","W710060003","B01","",""]
["W112597","51491","W710010029","B01","",""]
["W112598","51491","W710010025","B01","",""]
["W112599","51491","W710010022","B01","",""]
["W112601","51491","W710010012","B01","",""]
["W112603","51491","W710010001","B01","",""]
["W112604","51206","W900200000","M00","M63400003257000",""]
["W112605","52132","W710065023","B01","",""]
["W112607","51491","W710010008","B01","",""]
["W112619","51491","W827500001","B01","",""]
["W112620","51491","W832500014","B01","",""]
["W112622","51491","W832500007","B01","",""]
["W112634","52132","W710060020","B01","",""]
["W112635","52132","W825000011","B01","",""]
["W112654","52132","W710075008","B01","",""]
["W112663","52132","W710070017","B01","",""]
["W112683","51491","W834100000","B01","",""]
["W112684","51491","W821900015","B01","",""]
["W112685","51491","W821900007","B01","",""]
["W112687","52132","W710085008","B01","",""]
["W112738","52132","W710085009","B01","",""]
["W112758","52132","W710060026","B01","",""]
["W112766","51205","W417400000","B05","",""]
["W112767","51207","W900200000","F40","M63400002806000",""]
["W112773","51491","W710010037","B01","",""]
["W112778","51491","W710025000","B01","",""]
["W112779","51453","W802010000","F10","",""]
["W112783","51491","W824000050","B01","",""]
["W112794","52132","W400900084","B01","",""]
["W112795","51491","W821900000","B01","P60029081200000",""]
["W112816","52132","W419100020","B01","",""]
["W112835","51453","W419020000","C07","",""]
["W112847","51046","W407632000","C07","",""]
["W112849","51491","W710075004","B01","",""]
["W112870","52132","W710060030","B01","",""]
["W112891","52132","W832500017","B01","",""]
["W112909","51491","W824000014","B01","",""]
["W112910","51491","W710040018","B01","",""]
["W112911","51491","W710045000","B01","",""]
["W112956","52132","W710075001","B01","",""]
["W112972","51491","W824000043","B01","",""]
["W112980","52132","W824700035","B01","",""]
["W112990","51206","W900200000","M00","M63400003102000",""]
["W112994","51453","W413000000","F10","",""]
["W113019","52132","W833500015","B01","",""]
["W113060","52132","W710070021","B01","",""]
["W113076","51492","W403000012","B01","",""]
["W113088","53402","W710010017","B04","S68200000005799",""]
["W113090","52132","W825500016","B01","",""]
["W113115","51206","W900200000","M00","M63400003103000",""]
["W113116","51491","W710040000","B01","",""]
["W113137","52132","W710075009","B01","",""]
["W113140","52132","W419100021","B01","",""]
["W113160","51491","W822500012","B01","",""]
["W113236","51492","W402400038","B01","",""]
["W113256","51046","W400713000","C07","",""]
["W113265","52132","W710085010","B01","",""]
["W113305","51470","W834500040","B01","B60020001600000",""]
["W113334","52132","W710055006","B01","",""]
["W113364","52132","W834500041","B01","",""]
["W113401","51125","W400939000","B07","",""]
["W113429","51453","W826010000","A01","",""]
["W113430","51453","W826011000","D01","",""]
["W113431","51453","W826012000","A01","",""]
["W113432","51453","W826020000","B01","",""]
["W113456","52132","W710025002","B01","",""]
["W113459","51046","W407930000","C07","",""]
["W113474","52132","W822500018","B01","",""]
["W113477","52132","W710010037","B01","",""]
["W113492","52132","W710040024","B01","",""]
["W113520","52132","W400900088","B01","",""]
["W113540","52132","W833039000","B01","",""]
["W113594","52132","W821900034","B01","",""]
["W113607","51453","W410100000","D01","",""]
["W113615","52132","W710070022","B01","",""]
["W113618","51453","W405400000","B01","",""]
["W113626","51491","W710075008","B01","",""]
["W113636","52132","W710000022","B01","",""]
["W113637","52132","W821900035","B01","",""]
["W113662","51491","W403400018","B01","",""]
["W113669","52132","W407500014","B01","",""]
["W113696","52132","W710040023","B01","",""]
["W113702","52132","W710085001","B05","P60010008700000",""]
["W113738","51491","W713000010","B01","",""]
["W113739","51470","W403700001","B01","B60010001600000",""]
["W113740","52132","W404000052","B01","",""]
["W113748","52132","W710035009","B01","",""]
["W113757","51453","W403700000","B01","",""]
["W113758","53402","W710090001","B04","S68300000007547",""]
["W113785","51491","W710000000","B01","",""]
["W113786","51046","W407940000","C07","",""]
["W113787","51207","W900100000","F40","M61000203978000",""]
["W113792","51453","W842101000","G11","",""]
["W113793","57000","W882031000","G00","","01108"]
["W113797","51251","W100000000","A00","",""]
["W113808","51491","W710010017","B01","",""]
["W113809","52132","W833000052","B01","",""]
["W113815","52132","W710085001","B01","",""]
["W113823","52132","W832500005","B05","",""]
["W113828","56005","W400900000","B01","P60010009000000",""]
["W113829","56005","W402400000","B01","P60010009100000",""]
["W113830","56005","W404000000","B01","P60010009200000",""]
["W113831","56005","W710000000","B01","P60010009300000",""]
["W113840","51455","W710011000","B07","",""]
["W113851","52132","W824000000","B01","P60010009400000",""]
["W113861","52132","W833000053","B01","",""]
["W113865","51206","W900200000","M00","M63400002876000",""]
["W113866","51207","W900200000","F40","M63400002877000",""]
["W113867","51207","W900200000","F40","M63400002876000",""]
["W113876","51470","W833500000","B01","P60037094800000",""]
["W113880","11000","W403700000","B01","",""]
["W113903","51470","W405200002","B01","B60020001800000",""]
["W113907","52132","W400900089","B01","",""]
["W113912","52132","W404000057","B01","",""]
["W113913","52132","W403700001","B01","",""]
["W113927","53500","W713000000","A02","R67700000008261",""]
["W113936","51207","W900100000","F40","M61000206224000",""]
["W113937","51491","W832500021","B01","",""]
["W113939","51491","W832500010","B01","",""]
["W113953","52132","W400920000","B01","",""]
["W113971","51491","W710080000","B01","",""]
["W113979","52132","W419100022","B01","",""]
["W113996","51226","W834500000","B01","",""]
["W114000","51470","W403700001","B01","P60037093600000",""]
["W114004","52132","W403700000","B01","",""]
["W114025","17034","W100000000","G00","",""]
["W114027","51470","W834500045","B01","B60030005300000",""]
["W114046","52132","W400900090","B01","",""]
["W114063","52132","W400900091","B01","",""]
["W114066","51470","W405230000","B01","P60012100100000",""]
["W114067","52132","W834500040","B01","",""]
["W114073","51044","W416852000","P07","",""]
["W114079","52132","W710010040","B01","",""]
["W114092","51491","W419000000","B01","",""]
["W114093","51491","W403400001","B01","",""]
["W114118","51491","W402510000","B01","",""]
["W114119","51491","W710065013","B01","",""]
["W114165","52132","W404000053","B01","",""]
["W114181","51491","W825000000","B01","",""]
["W114192","51046","W401950000","C07","",""]
["W114198","51492","W404000057","B01","",""]
["W114199","52132","W400900073","B01","",""]
["W114208","52132","W400900092","B01","",""]
["W114258","52132","W710085004","B01","",""]
["W114261","51484","W800800000","L07","","06067"]
["W114262","52132","W407900002","B01","",""]
["W114287","51491","W402400038","B01","",""]
["W114288","52132","W833500084","B01","",""]
["W114298","52132","W402400010","B01","",""]
["W114307","51492","W404000052","B01","",""]
["W114309","51492","W710046000","B01","",""]
["W114314","51470","W832500030","B01","B60010001800000",""]
["W114315","57000","W832500030","B00","B60010001800000",""]
["W114324","52132","W833000055","B01","",""]
["W114326","51044","W416853000","P10","",""]
["W114327","51044","W416854000","P10","",""]
["W114347","51491","W710070015","B01","",""]
["W114364","52132","W400900093","B01","",""]
["W114372","51045","W416931001","P07","",""]
["W114373","51045","W416931002","P07","",""]
["W114377","51045","W416939000","P07","",""]
["W114378","51045","W416932001","P07","",""]
["W114379","51045","W416932002","P07","",""]
["W114380","51045","W416933001","P07","",""]
["W114381","51045","W416937001","P07","",""]
["W114382","51045","W416939001","P07","",""]
["W114383","51045","W416939002","P07","",""]
["W114384","51045","W416939003","P07","",""]
["W114385","51045","W416939004","P07","",""]
["W114386","51045","W416933002","P07","",""]
["W114393","51254","W900100000","F40","M61000203984000",""]
["W114398","52132","W402400000","B01","P60010009900000",""]
["W114418","51491","W710065003","B01","",""]
["W114421","52132","W408200045","B01","",""]
["W114426","52132","W404000063","B03","",""]
["W114427","51492","W404000048","B01","",""]
["W114428","52132","W404000048","B01","",""]
["W114429","52132","W408223001","G11","",""]
["W114431","51046","W401486000","C07","",""]
["W114432","51046","W401487000","C07","",""]
["W114460","52132","W821900020","B01","",""]
["W114461","52132","W821900033","B01","",""]
["W114464","51453","W842102000","G11","",""]
["W114466","51484","W842100100","L07","","06067"]
["W114480","57000","W402400000","B00","",""]
["W114481","57000","W419100000","A00","",""]
["W114483","57000","W100000000","A00","",""]
["W114488","51492","W821900027","B01","",""]
["W114492","57000","W842700000","G00","",""]
["W114496","52132","W824000088","B01","",""]
["W114499","51046","W400717000","C07","",""]
["W114500","51492","W404000053","B01","",""]
["W114519","51470","W710035001","B01","P60037136000000",""]
["W114524","52132","W832500031","B01","",""]
["W114526","52132","W825000013","B01","",""]
["W114531","57000","W400900000","B00","",""]
["W114556","52132","W402400041","B01","",""]
["W114596","52132","W404500026","B01","",""]
["W114620","52132","W400900095","B01","",""]
["W114657","51453","W400014000","F10","",""]
["W114661","53800","W400900000","B01","U6036140000000W",""]
["W114662","53800","W400900000","B01","U6038495000000W",""]
["W114664","53800","W402400000","B01","U6035252000000W",""]
["W114665","53800","W402400000","B01","U6038497000000W",""]
["W114666","53800","W402500000","B01","U6035343000000W",""]
["W114669","53800","W403400004","B01","U6036249000000W",""]
["W114670","53800","W404000000","B01","U6036199000000W",""]
["W114671","53800","W404000000","B01","U6038498000000W",""]
["W114672","53800","W404000033","B01","U6036334000000W",""]
["W114673","53800","W409210000","H01","U6035055000000W",""]
["W114674","53800","W409210000","H00","U6035297000000W",""]
["W114675","53800","W409210000","H00","U6036148000000W",""]
["W114676","53800","W409210000","H00","U6036153000000W",""]
["W114677","53800","W409210000","H00","U6036201000000W",""]
["W114678","53800","W409210000","H00","U6036212000000W",""]
["W114679","53800","W409210000","H00","U6036245000000W",""]
["W114680","53800","W409210000","H00","U6036304000000W",""]
["W114682","11000","W405200000","B01","",""]
["W114684","53800","W409210000","H00","U6036496000000W",""]
["W114685","53800","W409210000","H00","U6038095000000W",""]
["W114686","53800","W409210000","H00","U6038391000000W",""]
["W114687","53800","W409210000","H00","U6085166000000W",""]
["W114688","53800","W409210000","H00","U6085348000000W",""]
["W114689","53800","W410500000","B01","U6035256000000W",""]
["W114690","53800","W417400000","B01","U6035246000000W",""]
["W114691","53800","W419100000","B01","U6035349000000W",""]
["W114697","53800","W710020000","B01","U6035106000000W",""]
["W114699","53800","W710046004","B01","U6035249000000W",""]
["W114700","53800","W710070000","B01","U6036280000000W",""]
["W114701","53800","W710080000","B01","U6035104000000W",""]
["W114702","53800","W713000000","B01","U6036322000000W",""]
["W114704","53800","W824000000","B01","U6036111000000W",""]
["W114705","53800","W402500000","B01","U6035059000000W",""]
["W114706","53800","W824013000","B01","U6035112000000W",""]
["W114707","53800","W824013000","B01","U6036044000000W",""]
["W114708","53800","W824013000","B01","U6036114000000W",""]
["W114709","53800","W825000000","B01","U6035054000000W",""]
["W114710","53800","W827500001","B01","U6035288000000W",""]
["W114712","53800","W833000000","B01","U6035051000000W",""]
["W114713","53800","W833000000","B01","U6035197000000W",""]
["W114714","53800","W833000000","B01","U6035260000000W",""]
["W114716","53800","W833000000","B01","U6036344000000W",""]
["W114717","53800","W833000024","B01","U6035092000000W",""]
["W114718","53800","W833500000","B01","U6035042000000W",""]
["W114721","53800","W404000058","B01","U6035344000000W",""]
["W114732","51468","W400900008","B01","P60010008100000",""]
["W114742","51226","W404500000","B01","",""]
["W114755","53800","W824000000","B01","U6035123000000W",""]
["W114757","57000","W824000000","A01","",""]
["W114773","51470","W710010007","B01","P60012100900000",""]
["W114774","52132","W824000091","B01","",""]
["W114781","52132","W405200003","B03","",""]
["W114787","51126","W400940001","B07","",""]
["W114788","51126","W400940002","B07","",""]
["W114789","51126","W400940003","B07","",""]
["W114790","51126","W400940004","B07","",""]
["W114811","51046","W407970000","C07","",""]
["W114829","52132","W400900094","B01","",""]
["W114830","52132","W402400042","B01","",""]
["W114832","52132","W710065026","B01","",""]
["W114833","52132","W710065027","B01","",""]
["W114837","51453","W409002000","F10","",""]
["W114838","51470","W832500032","B01","B60030005900000",""]
["W114839","51470","W832500033","B01","B60020002400000",""]
["W114846","52132","W710040026","B01","",""]
["W114847","52132","W833500088","B01","",""]
["W114858","52132","W821900036","B01","",""]
["W114862","13805","W416838000","P10","",""]
["W114872","51126","W710061100","B07","",""]
["W114876","51125","W405230000","B07","",""]
["W114887","52132","W404000062","B01","",""]
["W114893","52132","W407900008","B01","",""]
["W114903","53500","W832500030","B01","R77060005500000",""]
["W114904","51453","W710055000","A01","",""]
["W114910","53800","W402000029","B01","U6035324000000W",""]
["W114912","53800","W404000000","B01","U6036189000000W",""]
["W114913","53800","W404000026","B01","U6035384000000W",""]
["W114914","53800","W404500003","B01","U6035322000000W",""]
["W114918","53800","W710070000","B01","U6036358000000W",""]
["W114937","51205","W842102200","L07","",""]
["W114940","51470","W400900005","B01","P60037136100000",""]
["W114942","51470","W710010037","B01","P60012101100000",""]
["W114950","52132","W821900037","B01","",""]
["W114951","52132","W825500017","B01","",""]
["W114956","52132","W710025029","B01","",""]
["W114958","53500","W710075004","C04","R67700000011002",""]
["W114960","53500","W824000000","C04","R67700000011004",""]
["W114962","53500","W824000000","C04","R67700000011006",""]
["W114964","53500","W824000000","C04","R67700000011008",""]
["W114965","53500","W710085000","C04","R67700000011009",""]
["W114986","52132","W400900096","B01","",""]
["W115000","53500","W833500082","C04","R67700000011061",""]
["W115003","53500","W832500030","C04","R67700000011064",""]
["W115005","53500","W824000093","C04","R67700000011066",""]
["W115010","52132","W824000093","B01","",""]
["W115011","51453","W822000000","A01","",""]
["W115017","51492","W710075008","B01","",""]
["W115022","51206","W900200000","M00","M63400001500000",""]
["W115027","52132","W833000057","B01","",""]
["W115038","52132","W400900087","B01","",""]
["W115046","52132","W825500014","B01","",""]
["W115057","53500","W404500005","B01","R67700000011296",""]
["W115060","51470","W710046000","B01","P60037136800000",""]
["W115062","51470","W710035000","B01","P60002100200000",""]
["W115083","53500","W710090001","C04","R67700000011298",""]
["W115103","52132","W403400027","B01","P60012101300000",""]
["W115122","53500","W824000014","C04","R67700000011468",""]
["W115132","51453","W455000000","B01","",""]
["W115151","51491","W710040006","B01","",""]
["W115156","52132","W824000095","B01","",""]
["W115158","53500","W824000095","C04","R67700000011641",""]
["W115188","51046","W407633000","C07","",""]
["W115189","51046","W407634000","C07","",""]
["W115190","51046","W407635000","C07","",""]
["W115191","52132","W710040027","B01","",""]
["W115207","51470","W713000022","B01","B60020002500000",""]
["W115209","53500","W710075004","A01","R67700000011785",""]
["W115214","51491","W710070018","B01","",""]
["W115216","52132","W824013001","B01","",""]
["W115239","52132","W710085012","B01","",""]
["W115242","52132","W710085012","B01","P60012101500000",""]
["W115244","51453","W826016000","B01","",""]
["W115267","53500","W822000001","B03","R67700000011877",""]
["W115278","51046","W401932000","C07","",""]
["W115284","52132","W400600000","B05","",""]
["W115287","51107","W710027000","B07","",""]
["W115290","51207","W900200000","F40","M63400003110000",""]
["W115291","51207","W900200000","F40","M63400003111000",""]
["W115308","53500","W404500011","C04","R67700000012147",""]
["W115310","51453","W400140000","F07","",""]
["W115311","51453","W400141000","F07","",""]
["W115313","51453","W400143000","F07","",""]
["W115319","52132","W419100015","B01","",""]
["W115322","11000","W400112000","F07","",""]
["W115323","11000","W410100000","D01","",""]
["W115324","11000","W413000000","F10","",""]
["W115325","11000","W875021000","F10","",""]
["W115377","52132","W832500035","B01","",""]
["W115380","51453","W400015000","F10","",""]
["W115390","11000","W400113000","F07","",""]
["W115391","11000","W400140000","F07","",""]
["W115392","11000","W400141000","F07","",""]
["W115394","11000","W400143000","F07","",""]
["W115411","52132","W825000007","B01","",""]
["W115428","51491","W825500000","B01","",""]
["W115440","51205","W875026000","L07","",""]
["W115457","52132","W822500020","B01","",""]
["W115460","51205","W800800100","L07","",""]
["W115473","11000","W842102000","G11","",""]
["W115477","52132","W402400043","B01","",""]
["W115479","52132","W408200057","B01","",""]
["W115487","52132","W824000096","B01","",""]
["W115553","53570","W409210000","H01","A67700000012795",""]
["W115554","53570","W409210000","H01","A67700000012796",""]
["W115558","52132","W400900101","B01","",""]
["W115566","55005","W409200000","H01","A67700000012806",""]
["W115609","51044","W416855000","P10","",""]
["W115619","52132","W402000040","B01","",""]
["W115627","51453","W710090000","A01","",""]
["W115639","52132","W833000061","B01","",""]
["W115671","51470","W455000002","B01","B60010002000000",""]
["W115672","51470","W455000003","B01","B60020002700000",""]
["W115709","52132","W710000023","B01","",""]
["W115710","52132","W400900103","B01","",""]
["W115715","52132","W710085013","B01","P60002100700000",""]
["W115729","52132","W833000041","B01","",""]
["W115745","52132","W404600032","B01","",""]
["W115759","11000","W405400000","B01","",""]
["W115765","51470","W405400002","B01","P60002101500000",""]
["W115790","52132","W832500036","B01","",""]
["W115802","52132","W403000045","B01","",""]
["W115803","52132","W824000097","B01","",""]
["W115842","52132","W824700006","B01","",""]
["W115843","52132","W824700010","B01","",""]
["W115844","52132","W824700014","B01","",""]
["W115846","52132","W824700026","B01","",""]
["W115852","51491","W710045011","B01","",""]
["W115858","52132","W832500030","B01","",""]
["W115876","52132","W710000024","B01","",""]
["W115893","51453","W400301000","F10","",""]
["W115894","51453","W845010000","G11","",""]
["W115901","52132","W822500022","B01","",""]
["W115917","53402","W824000095","B04","S68200000013299",""]
["W115930","52132","W832500034","B01","",""]
["W115932","52132","W405200000","B01","",""]
["W115934","52132","W822500023","B01","",""]
["W115968","52132","W455000006","B01","",""]
["W116002","51453","W419013000","B01","",""]
["W116036","51046","W407612018","C07","",""]
["W116043","13805","W416833000","P07","",""]
["W116044","13839","W416833000","P07","",""]
["W116047","51491","W825000004","B01","",""]
["W116061","52132","W713000022","B01","",""]
["W116118","51226","W710060010","B01","",""]
["W116119","51226","W710060014","B01","",""]
["W116121","51226","W710045011","B01","",""]
["W116122","51226","W710045000","B01","",""]
["W116123","51226","W710060020","B01","",""]
["W116124","52132","W405200002","B01","",""]
["W116127","53402","W402510003","B04","S68200000013833",""]
["W116134","53500","W824000092","B03","R67700000013891",""]
["W116139","53500","W833000057","B01","R67400000013921",""]
["W116142","51009","W842510100","F11","",""]
["W116147","51491","W402400029","B01","",""]
["W116155","52132","W419100005","B01","",""]
["W116167","51470","W455000007","B01","B60020003100000",""]
["W116173","51206","W900200000","M00","M63400002818000",""]
["W116174","51470","W710025031","B01","B60010002100000",""]
["W116177","52132","W408200058","B01","",""]
["W116182","51491","W824000001","B01","",""]
["W116183","52132","W400900100","B01","P60012102000000",""]
["W116186","52132","W408200010","B01","",""]
["W116189","52132","W408200017","B01","",""]
["W116191","52132","W408200046","B01","",""]
["W116204","52132","W455000003","B01","",""]
["W116205","52132","W455000002","B01","",""]
["W116206","52132","W455000000","B01","",""]
["W116207","52132","W455000000","B05","",""]
["W116208","51491","W710070003","B01","",""]
["W116209","52132","W408200024","B01","",""]
["W116210","52132","W408200054","B01","",""]
["W116211","51491","W404000032","B01","P60012102300000",""]
["W116212","52132","W400900104","B01","",""]
["W116213","52132","W400900100","B01","",""]
["W116224","51176","W409016000","E14","",""]
["W116226","51470","W403400038","B01","B60030006800000",""]
["W116227","51470","W403400039","B01","B60030006900000",""]
["W116236","51226","W403000030","B01","",""]
["W116242","53500","W403000020","B03","R67000000014125",""]
["W116243","53500","W403000012","B03","R67000000014127",""]
["W116244","53500","W403000013","B03","R67000000014128",""]
["W116278","51205","W842101000","L07","",""]
["W116280","53570","W409210000","H01","A67700000014218",""]
["W116283","51491","W710085000","B01","",""]
["W116305","53500","W710010008","C04","R67700000014390",""]
["W116309","53500","W710010044","C04","R67700000014397",""]
["W116310","52132","W710010044","B01","",""]
["W116321","53500","W710085008","B07","R67100000014399",""]
["W116330","51470","W821900041","B01","P60002102400000",""]
["W116349","52132","W710010045","B01","",""]
["W116368","52132","W800800001","B01","",""]
["W116374","53500","W824000097","C04","R67700000014574",""]
["W116386","52132","W404000064","B01","",""]
["W116388","52132","W710010046","B01","",""]
["W116395","53500","W832500030","B03","R67400000014612",""]
["W116400","52132","W832500038","B01","",""]
["W116402","51206","W900200000","M00","M63400003232000",""]
["W116420","52132","W832500037","B01","",""]
["W116427","51491","W710010040","B01","",""]
["W116429","51453","W400302000","F10","",""]
["W116430","51207","W900100000","F40","M61000203998000",""]
["W116431","51046","W400713000","C07","P60029700000000",""]
["W116435","52132","W455000007","B01","",""]
["W116441","51206","W900200000","M00","M63400003249000",""]
["W116443","52132","W710060033","B01","P60002102600000",""]
["W116446","51484","W842012000","L07","","01038"]
["W116491","51453","W882024000","G11","",""]
["W116506","51491","W455000002","B01","",""]
["W116509","51207","W900200000","F40","M63400001988000",""]
["W116516","52132","W419100010","B01","",""]
["W116532","52132","W713010000","B01","",""]
["W116535","52132","W455000010","B01","",""]
["W116537","51046","W407638000","C07","",""]
["W116545","52132","W455000012","B01","",""]
["W116548","52132","W710085013","B01","",""]
["W116579","53500","W833000050","C04","R67700000015105",""]
["W116582","52132","W825000018","B01","",""]
["W116621","51046","W401880000","C07","",""]
["W116625","52132","W713000023","B01","",""]
["W116650","52132","W834500029","B05","",""]
["W116655","52132","W710060034","B01","",""]
["W116657","51491","W710010005","B01","",""]
["W116672","53570","W409210000","H01","A67700000015307",""]
["W116682","52132","W404000065","B01","",""]
["W116683","51226","W404000065","B01","P60002103600000",""]
["W116690","53500","W832500037","B03","R67100000015373",""]
["W116692","51492","W710000020","B01","",""]
["W116693","51491","W710040027","B01","",""]
["W116699","52132","W822000000","B01","",""]
["W116712","51207","W900100000","F40","M61000203520000",""]
["W116717","51254","W900200000","F40","M63400003232000",""]
["W116730","51491","W832500038","B01","",""]
["W116731","51491","W710075006","B01","",""]
["W116786","52132","W400900107","B01","",""]
["W116792","11000","W834500000","A01","",""]
["W116793","11000","W833000000","A01","",""]
["W116804","11000","W455000000","A01","",""]
["W116807","11000","W419020000","C07","",""]
["W116819","53500","W413000000","C04","R67000000015571",""]
["W116824","51206","W900200000","M00","M63400002851000",""]
["W116825","51046","W408241000","C07","",""]
["W116836","52132","W710010047","B01","",""]
["W116853","52132","W455000013","B01","",""]
["W116858","51453","W826050000","B01","F60005007872010",""]
["W116861","53500","W400100000","G11","R67700000015716",""]
["W116876","51470","W405400005","B01","B60030007400000",""]
["W116878","11000","W842012000","G11","",""]
["W116892","52132","W710045015","B01","P60012102900000",""]
["W116895","51470","W710025033","B01","B60030007500000",""]
["W116905","51492","W710010014","B01","",""]
["W116906","51492","W455000003","B01","",""]
["W116910","51491","W400900021","B01","P60037137620000",""]
["W116924","51491","W710010000","B01","",""]
["W116933","51491","W710060000","B01","",""]
["W116935","52132","W821900042","B01","",""]
["W116949","51470","W832500032","B01","P60037137640000",""]
["W116950","51470","W832500033","B01","P60037137650000",""]
["W116952","51470","W832500037","B01","P60037137670000",""]
["W116955","51453","W417030000","F10","",""]
["W116959","51205","W417400003","L07","",""]
["W116960","51453","W419014000","B01","",""]
["W116984","52132","W405200008","B01","",""]
["W116986","52132","W404000067","B01","",""]
["W117005","52132","W710025033","B01","",""]
["W117019","53600","W413000000","B03","R67000000016080",""]
["W117023","52132","W825000021","B01","",""]
["W117025","52132","W824000102","B01","",""]
["W117026","52132","W710045016","B01","",""]
["W117055","51207","W900100000","F40","M61000204001000",""]
["W117102","51491","W710060029","B01","",""]
["W117119","52132","W713000025","B01","",""]
["W117121","51491","W710075002","B01","",""]
["W117122","51491","W710075000","B01","",""]
["W117127","52132","W832500032","B01","",""]
["W117128","52132","W832500033","B01","",""]
["W117155","51491","W404000033","B01","P60037095100000",""]
["W117162","51491","W710040001","B01","",""]
["W117169","51484","W844611000","L07","","01038"]
["W117170","51484","W800800000","L07","","01038"]
["W117188","53570","W409210000","H01","A67700000016300",""]
["W117189","51046","W407639000","C07","",""]
["W117195","52132","W825000022","B01","",""]
["W117211","51491","W402400038","B01","P60037137760000",""]
["W117212","52132","W477000000","B01","",""]
["W117221","52132","W400900108","B01","",""]
["W117222","52132","W400900109","B01","",""]
["W117223","52132","W400900110","B01","",""]
["W117243","51468","W400000000","F01","P60010001190000",""]
["W117268","51491","W710010016","B01","",""]
["W117269","51491","W833000061","B01","",""]
["W117270","52132","W821900041","B01","",""]
["W117279","52132","W455000015","B01","",""]
["W117280","51206","W900200000","M00","M63400001963000",""]
["W117281","51207","W900200000","F40","M63400001963000",""]
["W117307","52132","W407500016","B01","",""]
["W117311","52132","W833000067","B01","",""]
["W117323","51206","W900200000","M00","M63400001939000",""]
["W117324","51207","W900200000","F40","M63400001939000",""]
["W117328","52132","W822000005","B01","",""]
["W117367","51207","W900100000","F40","M61000203700000",""]
["W117372","53500","W710065005","B04","R67700000016632",""]
["W117383","51063","W710075008","A07","",""]
["W117384","52132","W824700040","B01","",""]
["W117392","52132","W824700041","B01","",""]
["W117401","51491","W835013000","B01","",""]
["W117404","53500","W824000083","B01","R67000000016693",""]
["W117405","52132","W710075010","B01","",""]
["W117406","55005","W409200000","H01","A61120000016695",""]
["W117417","51063","W404000000","A07","",""]
["W117421","52132","W710055008","B01","",""]
["W117423","52132","W419100026","B01","",""]
["W117425","52132","W822500024","B01","",""]
["W117448","51046","W400713000","C07","P60036300000000",""]
["W117457","52132","W833000044","B01","",""]
["W117465","52132","W403400044","B01","",""]
["W117468","53500","W403000025","A02","R67700000016900",""]
["W117470","52132","W407500002","B01","",""]
["W117471","52132","W407500003","B01","",""]
["W117489","52132","W833000066","B01","",""]
["W117495","52132","W400900112","B01","",""]
["W117508","51206","W900200000","M00","M63400002220000",""]
["W117511","51470","W405200004","B01","P60037137780000",""]
["W117514","51470","W485000000","B01","P60037137790000",""]
["W117515","11000","W485000000","A01","",""]
["W117516","51470","W485000000","B01","P60037137800000",""]
["W117522","11000","W860021000","F10","",""]
["W117523","51453","W860021000","F10","",""]
["W117524","51453","W860022000","F10","",""]
["W117525","11000","W860022000","F10","",""]
["W117530","11000","W860000000","F10","",""]
["W117531","51453","W860000000","F10","",""]
["W117541","52132","W833000024","B01","",""]
["W117544","52132","W710025031","B01","",""]
["W117549","51491","W833010000","B01","",""]
["W117550","53500","W832500030","B03","R67400000017207",""]
["W117551","53500","W477000000","D04","R67000000017208",""]
["W117552","51491","W834100000","B01","P60037137810000",""]
["W117558","52132","W833000068","B01","",""]
["W117580","52132","W833000069","B01","",""]
["W117581","52132","W833000070","B01","",""]
["W117584","53500","W402500000","B03","R67000000017255",""]
["W117586","53500","W402500000","B03","R67000000017257",""]
["W117587","53500","W402500000","B03","R67000000017258",""]
["W117602","53500","W822500009","C04","R67700000017310",""]
["W117627","51049","W455010000","B07","",""]
["W117632","51491","W832500030","B01","",""]
["W117634","51125","W404042000","B07","",""]
["W117637","53500","W710040011","B04","R67700000017385",""]
["W117652","51470","W455000000","B01","P60037137840000",""]
["W117653","51082","W409004000","E14","",""]
["W117671","53500","W833500060","C04","R67500000017436",""]
["W117673","52132","W710010048","B01","",""]
["W117674","52132","W713000026","B01","",""]
["W117678","51491","W713000019","B01","",""]
["W117679","51491","W404000000","B01","",""]
["W117686","53402","W824000095","B04","S68200000017435",""]
["W117688","52132","W455000016","B01","",""]
["W117690","53500","W822000001","A01","R67700000017524",""]
["W117702","51207","W900100000","F40","M61000202362000",""]
["W117704","52132","W400900113","B01","",""]
["W117712","53500","W419000000","A02","R67700000017604",""]
["W117718","52132","W824000104","B01","",""]
["W117739","51470","W400900109","B01","P60037137880000",""]
["W117750","52132","W825000023","B01","",""]
["W117752","52132","W825000024","B01","",""]
["W117754","51453","W417900000","F10","",""]
["W117763","51453","W875037000","F10","",""]
["W117764","11000","W875037000","F10","",""]
["W117798","53800","W404000026","B01","U6035306000000W",""]
["W117799","53800","W405200002","B01","U6035544000000W",""]
["W117801","53800","W400900087","B01","U6035545000000W",""]
["W117804","53800","W710025031","B01","U6035015000000W",""]
["W117808","53800","W400900006","B01","U6035380000000W",""]
["W117814","52132","W825000025","B01","",""]
["W117818","51491","W833000044","B01","",""]
["W117831","52132","W821900044","B01","",""]
["W117847","52132","W710040029","B01","",""]
["W117848","52132","W825000026","B01","",""]
["W117854","51046","W401330000","C07","",""]
["W117859","53800","W710010014","B01","U6035365000000W",""]
["W117861","52132","W821900005","B01","",""]
["W117866","52132","W404600035","B03","P60037137930000",""]
["W117867","52132","W404600036","B03","P60037137940000",""]
["W117871","52132","W404000056","B01","",""]
["W117872","52132","W826000000","B01","",""]
["W117874","52132","W710060035","B01","",""]
["W117883","51491","W826020000","B01","P60016170000117",""]
["W117886","51468","W404000000","B01","P60010001220000",""]
["W117887","51470","W834500053","B01","B60020003600000",""]
["W117892","57016","W843000000","G00","F60001008292011",""]
["W117893","57016","W842102000","G00","F60001008302011",""]
["W117909","53500","W400900005","B04","R67700000018117",""]
["W117988","52132","W832500032","B01","P60012103600000",""]
["W117990","52132","W832500034","B01","P60012103800000",""]
["W117991","52132","W832500037","B01","P60012103900000",""]
["W117992","51198","W842731000","L07","F60004008332011",""]
["W117993","53500","W824000093","B01","R67700000018218",""]
["W118001","52132","W824000098","B01","",""]
["W118002","52132","W824011001","B01","",""]
["W118010","51198","W842731000","L07","F60005008382011",""]
["W118014","52132","W710065034","B01","",""]
["W118017","51125","W826060000","B07","",""]
["W118024","52132","W710010049","B01","",""]
["W118034","51125","W825002000","B07","",""]
["W118038","52132","W824000106","B01","",""]
["W118039","53500","W824000106","B01","R67700000018299",""]
["W118042","51491","W710035009","B01","",""]
["W118047","52132","W710085014","B01","",""]
["W118048","52132","W710060036","B01","",""]
["W118054","53500","W400900008","D01","R68100000018315",""]
["W118070","51491","W455000007","B01","",""]
["W118071","53570","W409210000","A02","A67700000018353",""]
["W118072","53570","W409210000","A02","A67700000018354",""]
["W118073","53570","W409210000","A02","A67700000018355",""]
["W118076","51453","W409210000","H00","P60016200000001",""]
["W118077","51453","W409210000","H00","P60016200000002",""]
["W118078","53500","W404500000","B01","R67700000018361",""]
["W118092","51491","W710010049","B01","",""]
["W118093","51491","W710065005","B01","",""]
["W118098","52132","W410500011","B01","",""]
["W118105","53800","W413000000","B01","U6035308000000W",""]
["W118111","51046","W407980000","C07","",""]
["W118116","51491","W834100000","B01","P60037137970000",""]
["W118168","52132","W833500099","B01","",""]
["W118174","53500","W824000054","B04","R67000000018624",""]
["W118178","52132","W408200061","B01","",""]
["W118189","51468","W409000000","B01","P60037138000000",""]
["W118210","53406","W710025031","B04","S68200000017092",""]
["W118213","53800","W400900021","B01","U6035620000000W",""]
["W118217","51101","W843011000","L11","",""]
["W118219","51491","W832500037","B01","",""]
["W118220","51491","W400900104","B01","",""]
["W118225","51491","W821900012","B01","P60002102700000",""]
["W118241","51207","W900200000","F40","M63400003233000",""]
["W118295","53800","W710025031","B01","U6035631000000W",""]
["W118296","53800","W409210000","H01","U6035700000000W",""]
["W118301","52132","W402400045","B01","",""]
["W118314","52132","W710065035","B01","",""]
["W118329","51453","W409210000","H00","",""]
["W118330","51470","W710010050","B01","B60030007700000",""]
["W118331","52132","W400900116","B01","",""]
["W118345","51470","W710010051","B01","B60030007800000",""]
["W118356","52132","W710010052","B01","",""]
["W118360","51125","W400941000","B07","",""]
["W118365","53800","W417000000","B01","U6035319000000W",""]
["W118375","51125","W710012000","B07","",""]
["W118376","52132","W822900019","B01","",""]
["W118390","52132","W710010053","B01","",""]
["W118396","57016","W100000000","G11","F60004008492012",""]
["W118397","51491","W405200000","B01","",""]
["W118398","51254","W900200000","F40","M63400003205000",""]
["W118421","52132","W402400046","B01","",""]
["W118450","51453","W465000000","A01","",""]
["W118451","51046","W407639000","C07","P60030000300000",""]
["W118452","51046","W407639000","C07","P60030000400000",""]
["W118453","51046","W407639000","C07","P60030000500000",""]
["W118460","51491","W409000000","E14","P60037138030000",""]
["W118474","51206","W900200000","M00","M63400002245000",""]
["W118475","51207","W900200000","F40","M63400002245000",""]
["W118495","52132","W419100027","B01","",""]
["W118498","51206","W900200000","M00","M63400001903000",""]
["W118499","51207","W900200000","F40","M63400001903000",""]
["W118500","52132","W821910001","B01","",""]
["W118549","51491","W404000056","B01","",""]
["W118556","52132","W710010051","B01","",""]
["W118559","52132","W405200009","B01","",""]
["W118581","52137","W822900000","A01","",""]
["W118582","52137","W713000000","A01","",""]
["W118583","52137","W824700000","A01","",""]
["W118584","52137","W710000000","A01","",""]
["W118585","52137","W832500000","A01","",""]
["W118586","52137","W825500000","A01","",""]
["W118587","52137","W822000000","A01","",""]
["W118588","52137","W825000000","A01","",""]
["W118589","52137","W834100000","A01","",""]
["W118590","52137","W821900000","A01","",""]
["W118591","52137","W833500000","A01","",""]
["W118592","52137","W833000000","A01","",""]
["W118593","52137","W827500000","A01","",""]
["W118594","52137","W822500000","A01","",""]
["W118595","52137","W824000000","A01","",""]
["W118596","51254","W900100000","F40","M61000201408000",""]
["W118601","51491","W400900004","B01","",""]
["W118602","51491","W400900005","B01","",""]
["W118603","51491","W400900006","B01","",""]
["W118604","51491","W400900022","B01","",""]
["W118606","51491","W400900087","B01","",""]
["W118607","51491","W400900100","B01","",""]
["W118608","51491","W400900109","B01","",""]
["W118609","51491","W402000012","B01","",""]
["W118611","51491","W402000015","B01","",""]
["W118612","51491","W402000024","B01","",""]
["W118614","51491","W402400008","B01","",""]
["W118615","51491","W402400042","B01","",""]
["W118616","51491","W403400002","B01","",""]
["W118618","51491","W403400027","B01","",""]
["W118620","51491","W404000009","B01","",""]
["W118621","51491","W404000030","B01","",""]
["W118622","51491","W404000033","B01","",""]
["W118623","51491","W404000035","B01","",""]
["W118624","51491","W404000040","B01","",""]
["W118625","51491","W404000048","B01","",""]
["W118626","51491","W404000052","B01","",""]
["W118627","51491","W404000053","B01","",""]
["W118628","51491","W404000057","B01","",""]
["W118630","51491","W404500001","B01","",""]
["W118632","51491","W404500015","B01","",""]
["W118636","51491","W455000003","B01","",""]
["W118637","51491","W821900001","B01","",""]
["W118638","51491","W821900011","B01","",""]
["W118639","51491","W821900017","B01","",""]
["W118640","51491","W821900022","B01","",""]
["W118641","51491","W822000003","B01","",""]
["W118643","51491","W834500029","B01","",""]
["W118646","51491","W834500040","B01","",""]
["W118647","51491","W834500045","B01","",""]
["W118650","51470","W833500022","B01","P60037138080000",""]
["W118651","51046","W401924001","C07","",""]
["W118680","51491","W824000097","B01","",""]
["W118684","11000","W465000000","A01","",""]
["W118695","51371","W419100000","A07","",""]
["W118697","51371","W419150000","A07","",""]
["W118698","51371","W419160000","A07","",""]
["W118699","52137","W821700000","A01","",""]
["W118702","51206","W900200000","M00","M63400003437000",""]
["W118704","51491","W824000092","B01","",""]
["W118730","51491","W403700000","B01","",""]
["W118738","51491","W403400004","B01","",""]
["W118747","51491","W832500005","B01","",""]
["W118748","51491","W832500032","B01","",""]
["W118749","51491","W832500033","B01","",""]
["W118750","51491","W832500034","B01","",""]
["W118795","51491","W713000000","B01","",""]
["W118798","51491","W710000006","B01","",""]
["W118799","51491","W710046003","B01","",""]
["W118800","51491","W710060014","B01","",""]
["W118801","51491","W710060015","B01","",""]
["W118802","51491","W710065026","B01","",""]
["W118803","51491","W710075005","B01","",""]
["W118804","51491","W710085013","B01","",""]
["W118805","51491","W710060013","B01","",""]
["W118815","53500","W833500000","B04","R67000000020000",""]
["W118823","52132","W833000075","B01","",""]
["W118833","53800","W419100015","B01","U6035343000000W",""]
["W118836","52132","W710060038","B01","",""]
["W118850","51491","W455000000","B01","",""]
["W118860","51045","W416930000","P07","P60030001700000",""]
["W118863","52132","W710000027","B01","",""]
["W118873","52132","W455000020","B01","",""]
["W118891","51470","W400900118","B01","B60030008000000",""]
["W118892","51254","W900200000","F40","M63400003206000",""]
["W118896","52132","W710015000","B01","",""]
["W118897","52132","W710015001","B01","",""]
["W118898","51453","W710015000","A01","",""]
["W118899","52132","W710030000","B01","",""]
["W118900","51453","W710030000","A01","",""]
["W118901","52132","W713000021","B01","",""]
["W118907","51063","W710035000","A07","",""]
["W118910","53500","W409800002","E00","R67700000020293",""]
["W118920","51206","W900100000","M00","M61000206760000",""]
["W118927","52132","W400900119","B01","",""]
["W118936","52132","W400900120","B01","",""]
["W118947","51207","W900200000","F40","M63400003107000",""]
["W118948","52132","W824000067","B01","",""]
["W118949","52132","W710060039","B01","",""]
["W118956","52132","W404000072","B01","",""]
["W118957","53500","W832500030","B03","R67700000020436",""]
["W118959","51491","W821900005","B01","",""]
["W118960","51045","W416939005","P07","",""]
["W118969","53500","W710025031","B03","R67400000020470",""]
["W118974","52132","W402510023","B01","",""]
["W118976","53402","W832500014","B04","S68200000020466",""]
["W118991","52132","W710060018","B01","",""]
["W118992","52132","W826000000","B01","P60012104400000",""]
["W119012","52132","W710060040","B01","",""]
["W119013","52132","W710060041","B01","",""]
["W119015","52132","W834500053","B01","",""]
["W119019","51491","W409000000","E14","P60030002500000",""]
["W119022","52132","W833500100","B01","",""]
["W119026","51046","W407924000","C07","",""]
["W119055","52132","W400900118","B01","",""]
["W119062","53402","W710010005","B04","S68200000020722",""]
["W119066","51491","W710035007","B01","",""]
["W119082","52132","W403400049","B01","",""]
["W119095","52132","W824700043","B01","",""]
["W119114","52132","W824000108","B01","",""]
["W119115","52132","W824000109","B01","",""]
["W119119","53570","W409210000","H01","A67700000021032",""]
["W119120","53570","W409210000","H01","A67700000021035",""]
["W119126","52132","W833500102","B01","",""]
["W119127","52132","W713000028","B01","",""]
["W119128","52132","W824700044","B01","",""]
["W119142","51491","W710070021","B01","",""]
["W119143","51491","W400900016","B01","",""]
["W119183","53500","W419100022","H00","R67000000021185",""]
["W119184","52132","W710010050","B01","",""]
["W119229","52132","W833000078","B01","",""]
["W119240","51470","W402400047","B01","B60030008100000",""]
["W119285","51107","W407239000","D07","",""]
["W119306","51206","W900200000","M00","M63400002418000",""]
["W119307","51207","W900200000","F40","M63400002418000",""]
["W119308","51206","W900200000","M00","M63400002733000",""]
["W119309","51207","W900200000","F40","M63400002733000",""]
["W119310","51206","W900200000","M00","M63400003107000",""]
["W119311","51491","W710085012","B01","",""]
["W119329","53402","W402510023","B04","S68200000021470",""]
["W119334","51491","W713000000","B01","P60037138140000",""]
["W119354","52132","W403400051","B01","",""]
["W119357","51470","W455000024","B01","B60010002200000",""]
["W119375","51205","W842510001","L07","",""]
["W119376","51491","W710010045","B01","",""]
["W119385","53402","W710040015","B04","S69200000021613",""]
["W119411","51491","W710075010","B01","",""]
["W119415","51491","W824013000","B01","",""]
["W119419","53570","W409210000","H01","A67700000021714",""]
["W119430","53800","W400900121","B01","U6035303000000W",""]
["W119439","51226","W400900090","B01","",""]
["W119455","51254","W900200000","F40","M63400002816000",""]
["W119461","52132","W455000000","B01","P60012102500000",""]
["W119462","52132","W455000000","B01","P60012102700000",""]
["W119463","52132","W400900122","B01","P60037138181000",""]
["W119473","53800","W465000000","B01","U6035301000000W",""]
["W119476","52132","W824000110","B01","",""]
["W119479","51206","W900200000","M00","M63400002806000",""]
["W119480","51226","W404000073","B01","P60002103900000",""]
["W119486","52132","W833500104","B01","",""]
["W119492","51206","W900200000","M00","M63400002107000",""]
["W119493","51207","W900200000","F40","M63400002107000",""]
["W119494","51046","W407925000","C07","",""]
["W119503","53500","W408200061","C04","R67400000021996",""]
["W119506","51206","W900200000","M00","M63400002113000",""]
["W119508","51453","W800800000","F11","","01108"]
["W119509","51453","W842012000","G11","","01108"]
["W119521","51453","W844611000","F11","","01108"]
["W119522","51453","W845000000","G11","","01000"]
["W119523","51453","W845000000","G11","","01108"]
["W119527","51453","W845010000","G11","","01000"]
["W119534","51453","W882000000","G11","","01005"]
["W119535","51044","W416857000","P10","",""]
["W119536","57012","W416857000","P10","",""]
["W119537","51044","W416858000","P10","",""]
["W119538","57012","W416858000","P10","",""]
["W119541","51484","W844610000","L07","","081A3"]
["W119545","51205","W842010000","L07","","01000"]
["W119546","51205","W842012000","L07","","01000"]
["W119547","51205","W842013000","L07","","01000"]
["W119548","51205","W844611000","L07","","01000"]
["W119550","51453","W800800000","F11","","01000"]
["W119552","51453","W844612000","G11","","01000"]
["W119553","51453","W844611000","F11","","01000"]
["W119554","51453","W842511000","G11","","01000"]
["W119556","11003","W800800000","F11","","01000"]
["W119557","11003","W842010000","G11","","01000"]
["W119558","11003","W842012000","G11","","01000"]
["W119559","11003","W842013000","G11","","01000"]
["W119560","11003","W842511000","G11","","01000"]
["W119568","51205","W842511000","L07","","01000"]
["W119569","51453","W842512000","G11","","01000"]
["W119570","11000","W842512000","G11","","01000"]
["W119571","11000","W844612000","G11","","01000"]
["W119572","51205","W800800100","L07","","01000"]
["W119573","51205","W842012001","L07","","01000"]
["W119574","51046","W407625002","C07","P60030004700000",""]
["W119589","51453","W860024000","F10","",""]
["W119590","11000","W860024000","F10","",""]
["W119593","51046","W407612021","C07","",""]
["W119595","51046","W401924001","C07","P60030004800000",""]
["W119596","53800","W832500030","B01","U6036435000000W",""]
["W119597","51491","W822500009","B01","",""]
["W119613","53570","W409210000","H01","A67700000022132",""]
["W119614","52132","W821900045","B01","",""]
["W119631","52132","W822000003","B01","",""]
["W119637","52132","W834500036","B01","",""]
["W119640","52132","W833000079","B01","",""]
["W119657","52132","W404000074","B01","",""]
["W119661","51470","W403700005","B01","B60030008400000",""]
["W119662","51206","W900200000","M00","M63400001840000",""]
["W119666","51470","W710010049","B01","B60030008500000",""]
["W119670","52132","W833000080","B01","",""]
["W119696","53500","W405200002","B04","R67700000022341",""]
["W119697","52132","W408200062","B01","",""]
["W119703","52132","W710060042","B01","",""]
["W119706","52132","W400900124","B01","",""]
["W119707","52132","W400900125","B01","",""]
["W119713","51207","W900200000","F40","M63400001002000",""]
["W119714","51207","W900100000","F40","M69990006205000",""]
["W119722","52132","W710085015","B01","",""]
["W119758","52132","W400900126","B01","",""]
["W119761","52132","W400900127","B01","",""]
["W119792","52132","W400900128","B01","",""]
["W119797","51254","W900200000","F40","M63400001600000",""]
["W119798","51254","W900200000","F40","M63400002855000",""]
["W119799","51254","W900200000","F40","M63400001300000",""]
["W119800","51254","W900200000","F40","M63400001305000",""]
["W119801","51254","W900200000","F40","M63400001325000",""]
["W119802","51254","W900200000","F40","M63400002118000",""]
["W119803","51254","W900200000","F40","M63400002119000",""]
["W119804","51254","W900200000","F40","M63400002125000",""]
["W119805","51254","W900200000","F40","M63400002227000",""]
["W119806","51254","W900200000","F40","M63400002236000",""]
["W119807","51254","W900200000","F40","M63400002237000",""]
["W119808","51254","W900200000","F40","M63400003400000",""]
["W119809","51453","W875021000","F10","P60087502100005",""]
["W119811","52132","W826000014","B01","",""]
["W119815","52132","W833500105","B01","",""]
["W119817","52132","W832500042","B01","",""]
["W119824","53500","W824000054","B03","R67700000022618",""]
["W119851","52132","W710040006","B01","",""]
["W119852","52132","W402510024","B01","",""]
["W119861","51491","W414200000","B01","",""]
["W119862","51491","W416800007","B01","",""]
["W119867","51491","W821900004","B01","",""]
["W119874","51453","W826018000","B03","",""]
["W119882","52132","W405400000","B01","",""]
["W119897","51046","W401453000","C07","",""]
["W119902","51046","W401458000","C07","",""]
["W119923","52132","W710060043","B01","",""]
["W119933","51207","W900200000","F40","M63400001968000",""]
["W119934","51206","W900200000","M00","M63400001968000",""]
["W119939","51049","W875034001","F07","",""]
["W119942","53500","W710085008","B01","R67700000022851",""]
["W119946","52137","W855000000","A01","",""]
["W119947","52137","W837000000","A01","",""]
["W119950","53406","W405200002","B03","S68200000022794",""]
["W119951","53406","W405200002","B03","S68200000022795",""]
["W119953","51046","W401923003","C07","P60030006500000",""]
["W119989","51254","W900200000","F40","M63400001900000",""]
["W119990","51254","W900200000","F40","M63400002815000",""]
["W119991","51254","W900200000","F40","M63400002825000",""]
["W119992","51254","W900200000","F40","M63400002835000",""]
["W120000","51491","W822000005","B01","",""]
["W120005","51453","W860014001","F10","",""]
["W120007","53800","W403400018","B01","U6035323000000W",""]
["W120010","53402","W824000095","B04","S68200000022762",""]
["W120019","53800","W825500000","B01","U6035705000000W",""]
["W120022","52132","W402400047","B01","",""]
["W120040","53500","W409000001","A02","R67700000023178",""]
["W120041","51470","W405400007","B01","B60020003800000",""]
["W120043","51046","W401923003","C07","P60030007000000",""]
["W120044","51254","W900200000","F40","M63400001401000",""]
["W120066","51468","W402520000","B01","",""]
["W120067","51468","W402540000","B01","",""]
["W120068","51468","W402550000","B01","",""]
["W120069","51468","W402560000","B01","",""]
["W120070","51468","W402570000","B01","",""]
["W120071","51468","W402580000","B01","",""]
["W120072","51468","W402590000","B01","",""]
["W120073","51468","W402595000","B01","",""]
["W120075","51491","W822500026","B01","",""]
["W120088","51206","W900200000","M00","M63400002783000",""]
["W120091","53500","W833000082","B03","R67700000023355",""]
["W120098","51206","W900200000","M00","M63400003272000",""]
["W120103","51207","W900200000","F40","M63400002111000",""]
["W120109","52132","W710065038","B01","",""]
["W120111","52132","W403700005","B01","",""]
["W120112","52132","W455000024","B01","",""]
["W120118","52132","W833500106","B01","",""]
["W120129","51207","W900100000","F40","M61000203960000",""]
["W120130","51207","W900100000","F40","M61000204042000",""]
["W120132","51125","W403450000","B07","",""]
["W120136","51491","W824000055","B01","",""]
["W120139","52132","W833500077","B01","",""]
["W120141","13028","W821200000","C07","",""]
["W120143","13028","W867500000","F10","",""]
["W120146","52132","W400900121","B01","",""]
["W120149","52132","W833000083","B01","",""]
["W120152","51468","W400133000","F07","P60030007200000",""]
["W120154","53500","W833500000","B03","R67200000023608",""]
["W120155","53500","W833500000","C04","R67700000023610",""]
["W120156","53500","W833500000","B03","R67700000023611",""]
["W120157","53500","W833500000","B03","R67700000023613",""]
["W120172","53500","W710010045","B03","R67000000023664",""]
["W120173","53500","W710065023","B03","R67700000023665",""]
["W120174","52132","W710085016","B01","",""]
["W120178","52132","W710040030","B01","",""]
["W120192","51254","W900200000","F40","M63400002111000",""]
["W120211","52132","W833500107","B01","",""]
["W120212","52132","W710010054","B01","",""]
["W120217","52132","W824700045","B01","",""]
["W120227","52132","W404000076","B01","",""]
["W120231","52132","W405200010","B01","",""]
["W120234","52132","W408200063","B01","",""]
["W120266","51491","W419100000","D01","P60012105300000",""]
["W120301","52132","W404000077","B01","",""]
["W120302","52132","W404000078","B01","",""]
["W120308","52132","W710060044","B01","",""]
["W120311","51009","W842311000","F07","",""]
["W120312","52132","W465000000","B01","",""]
["W120313","52132","W465000002","B01","",""]
["W120314","52132","W465000001","B01","",""]
["W120320","51207","W900100000","F40","M61000202320000",""]
["W120321","51207","W900100000","F40","M61000204081000",""]
["W120330","51351","W100000000","F00","",""]
["W120335","52132","W833500108","B01","",""]
["W120346","52132","W405400006","B01","",""]
["W120355","53800","W409210000","H01","U6035707000000W",""]
["W120356","53800","W409210000","H01","U6035723000000W",""]
["W120368","51491","W710040031","B01","",""]
["W120369","51491","W710040026","B01","",""]
["W120370","51206","W900200000","M00","M63400002239000",""]
["W120374","52132","W710020007","B01","",""]
["W120375","52132","W400900129","B01","",""]
["W120383","52132","W833500029","B01","",""]
["W120384","51470","W824000111","B01","P60037180000000",""]
["W120385","51470","W824000112","B01","P60037190000000",""]
["W120393","51206","W900200000","M00","M63400002853000",""]
["W120394","51207","W900200000","F40","M63400001107000",""]
["W120395","51206","W900200000","M00","M63400001107000",""]
["W120396","51207","W900200000","F40","M63400002853000",""]
["W120397","51254","W900200000","F40","M63400002853000",""]
["W120399","51491","W404000039","B01","",""]
["W120402","52132","W402400048","B01","",""]
["W120411","51491","W405200003","B01","",""]
["W120412","51491","W405200002","B01","",""]
["W120413","51491","W405200004","B01","",""]
["W120417","51491","W824700000","B01","",""]
["W120428","52132","W833000085","B01","",""]
["W120431","51491","W833000066","B01","",""]
["W120433","51491","W403400038","B01","",""]
["W120435","51491","W403400013","B01","",""]
["W120438","51491","W400900094","B01","",""]
["W120439","51491","W400900060","B01","",""]
["W120440","51491","W400900034","B01","",""]
["W120441","51491","W400900118","B01","",""]
["W120442","51491","W400900008","B01","",""]
["W120445","53800","W402400008","B01","U6035329000000W",""]
["W120446","51491","W465000001","B01","",""]
["W120447","51491","W465000002","B01","",""]
["W120448","51491","W405400002","B01","",""]
["W120449","51491","W834500053","B01","",""]
["W120450","51491","W403700001","B01","",""]
["W120451","51491","W821900023","B01","",""]
["W120452","51491","W821900041","B01","",""]
["W120453","51491","W408200054","B01","",""]
["W120456","51009","W842400000","F07","",""]
["W120474","51491","W404500003","B01","",""]
["W120483","52132","W826000015","B01","",""]
["W120501","51470","W822500027","B01","B60010002400000",""]
["W120502","51491","W713000000","B01","P60037138165000",""]
["W120512","51491","W402400047","B01","",""]
["W120514","51470","W402400048","B01","B60020004000000",""]
["W120550","51046","W400713000","C07","P60030009100000",""]
["W120556","51206","W900200000","M00","M63400001845000",""]
["W120570","53402","W827500001","B04","S68200000024467",""]
["W120573","52132","W710046009","B01","",""]
["W120583","51470","W713000029","B01","",""]
["W120584","52132","W713000029","B01","",""]
["W120604","52132","W408200064","B01","",""]
["W120607","52132","W405400004","B01","",""]
["W120609","53800","W710055009","B01","U6035310000000W",""]
["W120611","53800","W404000000","B01","U6035329000000W",""]
["W120612","53402","W710010050","B04","S68200000024630",""]
["W120616","52132","W405400002","B01","",""]
["W120624","51491","W710060026","B01","",""]
["W120625","51491","W710000001","B01","",""]
["W120626","51491","W710060018","B01","",""]
["W120627","51491","W710060025","B01","",""]
["W120629","51491","W710040019","B01","",""]
["W120630","51491","W710070013","B01","",""]
["W120632","51491","W710046000","B01","",""]
["W120640","51254","W900200000","F40","M63400003111000",""]
["W120641","51254","W900200000","F40","M63400003100000",""]
["W120642","51254","W900200000","F40","M63400003109000",""]
["W120644","51491","W822500012","B01","P60037145000000",""]
["W120687","52132","W833000087","B01","",""]
["W120693","51206","W900200000","M00","M63400002105000",""]
["W120700","53500","W832500030","B03","R67700000024864",""]
["W120701","53500","W832500030","B03","R67700000024862",""]
["W120703","53500","W832500029","B03","R67700000024859",""]
["W120704","53500","W832500012","B03","R67700000024858",""]
["W120705","53500","W832500008","B03","R67700000024857",""]
["W120717","51491","W824000114","B01","",""]
["W120733","51226","W405400002","B01","",""]
["W120734","51226","W405400000","B01","",""]
["W120735","51226","W405400004","B01","",""]
["W120739","51044","W416859000","P10","",""]
["W120740","57012","W416859000","P10","",""]
["W120741","51044","W416860000","P10","",""]
["W120742","57012","W416860000","P10","",""]
["W120760","52132","W419100013","B01","",""]
["W120772","52132","W834500054","B01","",""]
["W120782","51491","W833500088","B01","",""]
["W120783","51491","W833500086","B01","",""]
["W120784","52132","W833000057","B01","P60037195000000",""]
["W120799","52132","W405400007","B01","",""]
["W120801","51207","W900200000","F40","M63400002220000",""]
["W120804","52132","W832500040","B01","",""]
["W120812","11000","W406800000","A01","",""]
["W120813","53800","W710000001","B01","U6036113000000W",""]
["W120826","53500","W822500027","C04","R67700000025127",""]
["W120827","52132","W416800012","B01","",""]
["W120829","51470","W824013001","B01","P60037101000000",""]
["W120837","52132","W403400054","B01","",""]
["W120843","53500","W408200024","B03","R67700000025183",""]
["W120844","53800","W833500061","B01","U6035318000000W",""]
["W120853","52132","W834500055","B01","",""]
["W120864","53500","W402500000","B03","R67700000025216",""]
["W120866","53500","W413000000","C04","R67700000025223",""]
["W120886","52132","W400900130","B01","",""]
["W120895","52132","W402400051","B01","",""]
["W120896","53500","W402500000","B03","R67700000025222",""]
["W120907","53500","W824000055","A02","R67700000025350",""]
["W120908","53500","W833000050","C04","R67700000025351",""]
["W120909","53500","W400800002","C04","R67700000025352",""]
["W120911","53500","W833000050","C04","R67700000025354",""]
["W120913","53500","W824000000","B01","R67700000025361",""]
["W120915","53500","W410500002","B01","R67700000025355",""]
["W120916","53500","W710055004","B01","R67700000025356",""]
["W120918","53500","W402400017","B01","R67700000025358",""]
["W120919","53500","W402400038","B01","R67700000025359",""]
["W120926","51453","W875025000","F10","P60087502500001",""]
["W120929","51470","W465000003","B01","B60030008800000",""]
["W120931","51254","W900200000","F40","M63400002110000",""]
["W120933","53800","W833500000","B01","U6035109000000W",""]
["W120935","51470","W710010055","B01","B60010002500000",""]
["W120937","51491","W833000057","B01","",""]
["W120956","52132","W827500001","B01","",""]
["W120958","52132","W710010055","B01","",""]
["W120959","52132","W833500110","B01","",""]
["W120973","51453","W875038000","F10","",""]
["W120975","51453","W875039100","F10","",""]
["W120976","51453","W875039200","F10","",""]
["W120978","51453","W875039400","F10","",""]
["W120979","51453","W875042000","F10","",""]
["W120981","52132","W419000006","B01","",""]
["W121003","11000","W875038000","F10","",""]
["W121005","11000","W875042000","F10","",""]
["W121006","11000","W875039100","F10","",""]
["W121007","11000","W875039200","F10","",""]
["W121009","11000","W875039400","F10","",""]
["W121016","51207","W900100000","F40","M62300005890000",""]
["W121026","52132","W405400005","B01","",""]
["W121034","51491","W710085000","B01","P60037187000000",""]
["W121035","51491","W710085000","B01","P60037188000000",""]
["W121065","51491","W826000000","B01","",""]
["W121079","51206","W900200000","M00","M63400002808000",""]
["W121080","52132","W833000041","B01","P60037195000000",""]
["W121081","51453","W400300000","F10","P60030010400000",""]
["W121087","51206","W900200000","M00","M63400001015000",""]
["W121093","51491","W400900022","B01","P60037189000000",""]
["W121094","52132","W822000004","B01","",""]
["W121125","51491","W406800000","B01","",""]
["W121127","53500","W710035001","B01","R67700000025796",""]
["W121146","52132","W710065040","B01","",""]
["W121149","11000","W400900000","B05","P60082601600026",""]
["W121168","51491","W400900090","B01","",""]
["W121174","53402","W824000095","B04","S68200000025902",""]
["W121176","52132","W833000090","B01","",""]
["W121178","53402","W824000014","B04","S68200000025823",""]
["W121200","51206","W900200000","M00","M63400001908000",""]
["W121201","51207","W900200000","F40","M63400001908000",""]
["W121209","51491","W710030000","B01","",""]
["W121246","52132","W404000073","B01","",""]
["W121247","51044","W416800012","P03","",""]
["W121256","51491","W710065035","B01","",""]
["W121261","51254","W900200000","F40","M63400003110000",""]
["W121276","51046","W400712005","C07","P60030011500000",""]
["W121279","51206","W900200000","M00","M63400002816000",""]
["W121291","51046","W401924001","C07","P60030011800000",""]
["W121293","51207","W900100000","F40","M61000202144000",""]
["W121295","52132","W405200011","B01","",""]
["W121298","53402","W402510024","B04","S69210000026260",""]
["W121301","51206","W900100000","M00","M61000202144000",""]
["W121303","52132","W824000118","B01","",""]
["W121309","53800","W710010000","B01","U6035329000000W",""]
["W121311","52132","W710035010","B01","P60012105700000",""]
["W121312","51491","W400900124","B01","",""]
["W121313","51491","W710025031","B01","",""]
["W121314","51491","W405400007","B01","",""]
["W121323","51226","W400900005","B01","",""]
["W121324","51226","W400900006","B01","",""]
["W121325","51226","W400900008","B01","",""]
["W121331","51470","W833500065","B01","P60037095300000",""]
["W121332","52132","W710040033","B01","P60012105800000",""]
["W121336","51226","W403400000","B01","",""]
["W121340","53800","W710085008","B01","U6035317000000W",""]
["W121341","53800","W409210000","H01","U6035760000000W",""]
["W121353","53402","W832500038","B04","S68100000026415",""]
["W121354","51491","W824011000","B01","",""]
["W121358","51468","W400133000","F07","P60030012400000",""]
["W121359","53500","W824000092","B01","R67700000026441",""]
["W121360","53500","W824000106","B01","R67700000026442",""]
["W121381","53402","W833500111","B04","S68200000026522",""]
["W121383","53800","W402400008","B01","U6035096000000W",""]
["W121384","53800","W402400008","B01","U6035174000000W",""]
["W121387","53800","W400900108","B01","U6035689000000W",""]
["W121392","51491","W824000043","B01","P60030012600000",""]
["W121394","52137","W710025029","A01","",""]
["W121403","51044","W416833000","P10","",""]
["W121409","52132","W710060022","B01","P60030012700000",""]
["W121410","52132","W833500111","B01","",""]
["W121415","51491","W837000001","B01","",""]
["W121416","51453","W875021000","F10","P60087502100010",""]
["W121426","52132","W710040021","B01","",""]
["W121428","52132","W833500112","B01","",""]
["W121437","53800","W832500030","B01","U6035755000000W",""]
["W121438","53800","W833000000","B01","U6035733000000W",""]
["W121443","53402","W710025029","B04","S68200000026624",""]
["W121459","52132","W822500028","B01","",""]
["W121476","52137","W710015002","A01","",""]
["W121477","52132","W825000028","B01","",""]
["W121496","51453","W855000000","A01","",""]
["W121499","52132","W822500026","B01","",""]
["W121500","52132","W821900046","B01","",""]
["W121504","51491","W824013000","B01","P60030013100000",""]
["W121515","51491","W410500000","D01","",""]
["W121536","51207","W900200000","F40","M63400002808000",""]
["W121544","53402","W402510007","B04","S68200000026963",""]
["W121547","52132","W710015000","B01","P60037260000000",""]
["W121549","51491","W710010047","B01","",""]
["W121553","51470","W822500029","B01","P60037270000000",""]
["W121574","51206","W900200000","M00","M63400001960000",""]
["W121575","51207","W900200000","F40","M63400001960000",""]
["W121578","51044","W416860000","P10","P60037168000000",""]
["W121579","51044","W416860000","P10","P60037165000000",""]
["W121583","53800","W409210000","H01","U6035789000000W",""]
["W121584","53800","W409210000","H01","U6035788000000W",""]
["W121585","53800","W409210000","H01","U6035581000000W",""]
["W121586","53800","W409210000","H01","U6035790000000W",""]
["W121587","53800","W409210000","H01","U6035586000000W",""]
["W121588","53800","W409210000","H01","U6035791000000W",""]
["W121589","53800","W409210000","H01","U6035776000000W",""]
["W121590","53800","W409210000","H01","U6035792000000W",""]
["W121592","52132","W713000010","B01","",""]
["W121593","52132","W710060047","B01","",""]
["W121614","51484","W842012000","L07","","02103"]
["W121615","51484","W842012000","L07","","02104"]
["W121616","51484","W842012000","L07","","02105"]
["W121617","51484","W842012000","L07","","06024"]
["W121627","53402","W824000095","B04","S68200000027202",""]
["W121629","52132","W710060042","B01","P60037020000000",""]
["W121661","52132","W833500113","B01","",""]
["W121666","53402","W824000095","B04","S67600000027329",""]
["W121687","51491","W833050000","B01","",""]
["W121688","51254","W900200000","F40","M63400003005000",""]
["W121701","51491","W419000006","B01","",""]
["W121705","53402","W710010053","B04","S68200000027389",""]
["W121710","52132","W404500888","B01","",""]
["W121711","51492","W710010037","B01","",""]
["W121737","51470","W405400013","B01","B60020004300000",""]
["W121738","51491","W402400000","B01","",""]
["W121752","52132","W710060048","B01","",""]
["W121755","51254","W900200000","F40","M63400003536000",""]
["W121756","51254","W900200000","F40","M63400003532000",""]
["W121760","51254","W900100000","F40","M61000203998000",""]
["W121770","53500","W710085012","B01","R67700000027568",""]
["W121797","52132","W833000066","B01","P60012106200000",""]
["W121822","51206","W900200000","M00","M63400002804000",""]
["W121823","51207","W900200000","F40","M63400002804000",""]
["W121824","51044","W416861000","P10","",""]
["W121828","51453","W837000000","B01","",""]
["W121833","51491","W832500036","B01","",""]
["W121848","52132","W408200065","B01","",""]
["W121874","52132","W710015002","B01","",""]
["W121876","51453","W400100000","F07","P60016200000003",""]
["W121877","51470","W400900133","B01","B60020004400000",""]
["W121879","53402","W822500026","B04","S69200000027769",""]
["W121916","52132","W824000000","B01","P60012106400000",""]
["W121926","51491","W833500065","B01","",""]
["W121928","51491","W833500058","B01","",""]
["W121938","51207","W900200000","F40","M63400003272000",""]
["W121943","53500","W477000000","B01","R67700000028002",""]
["W121980","51206","W900200000","M00","M63400003039000",""]
["W121981","51470","W404000079","B01","B60020004500000",""]
["W121998","53402","W710025014","B04","S68200000028059",""]
["W122001","51046","W401945000","C07","",""]
["W122004","52132","W855000001","B01","",""]
["W122005","52132","W404000079","B01","",""]
["W122023","51254","W900200000","F40","M63400003242000",""]
["W122026","51453","W875043000","F10","",""]
["W122027","11000","W875043000","F10","",""]
["W122033","53416","W710025014","B04","S67100000027736",""]
["W122038","52132","W710060010","B01","P60012106600000",""]
["W122043","53800","W403400002","B01","U6035329000000W",""]
["W122054","52132","W710000017","B01","",""]
["W122055","52132","W405200004","B01","",""]
["W122061","51049","W875034001","F07","P60087503400001",""]
["W122073","51470","W833500102","B01","P60037138290000",""]
["W122077","51470","W403700007","B01","B60030009100000",""]
["W122080","52137","W710045017","B01","",""]
["W122081","51470","W405400014","B01","B60020004600000",""]
["W122098","53800","W409210000","H01","U6035799000000W",""]
["W122099","53800","W409210000","H01","U6035821000000W",""]
["W122100","53800","W409210000","H01","U6035822000000W",""]
["W122101","53800","W409210000","H01","U6035834000000W",""]
["W122102","53800","W409210000","H01","U6036511000000W",""]
["W122106","53402","W825500014","B04","S67100000028345",""]
["W122113","51206","W900200000","M00","M63400001306000",""]
["W122114","51207","W900200000","F40","M63400001306000",""]
["W122115","52132","W710060026","B01","P60012106900000",""]
["W122121","52132","W837000000","B01","",""]
["W122124","51491","W822500000","B01","P60012107000000",""]
["W122139","51101","W843010000","L11","",""]
["W122140","51491","W833000080","B01","",""]
["W122160","52132","W710060010","B05","S61110000026393",""]
["W122176","52132","W455000032","B01","",""]
["W122180","52132","W710015003","B01","",""]
["W122190","53402","W833500027","B04","S67600000028508",""]
["W122195","51046","W401923003","C07","P60030016100000",""]
["W122199","53500","W833500000","B01","R67000000028691",""]
["W122201","53500","W834500028","B01","R67400000028688",""]
["W122219","52132","W404500034","B01","",""]
["W122223","52132","W400900133","B01","",""]
["W122226","52132","W400900136","B01","",""]
["W122233","51470","W400900133","B01","P60012107200000",""]
["W122234","51470","W837000000","B01","P60012107300000",""]
["W122246","51206","W900200000","M00","M63400001944000",""]
["W122247","51207","W900200000","F40","M63400001944000",""]
["W122248","53800","W710010037","B01","U6035706000000W",""]
["W122250","52132","W824700048","B01","",""]
["W122260","51491","W710060010","B01","P60012107400000",""]
["W122261","52137","W710060000","A01","P60012107500000",""]
["W122281","51491","W405200000","B01","P60012107600000",""]
["W122289","51254","W900200000","F40","M63400002135000",""]
["W122290","51254","W900200000","F40","M63400002115000",""]
["W122291","51254","W900100000","F40","M61000200602000",""]
["W122298","53500","W832500030","B01","R67000000028929",""]
["W122300","53800","W822539000","B01","U6036236000000W",""]
["W122332","51205","W400400000","L07","",""]
["W122344","53402","W710085012","B04","S68200000028949",""]
["W122345","53402","W822500026","B04","S68200000028950",""]
["W122347","51046","W401914000","C07","P60030016400000",""]
["W122348","51046","W401914100","C07","P60030016500000",""]
["W122349","51046","W401914100","C07","P60030016600000",""]
["W122350","51046","W401914100","C07","P60030016700000",""]
["W122353","51207","W900200000","F40","M63400005821000",""]
["W122359","52132","W822500030","B01","",""]
["W122371","51491","W404500005","B01","",""]
["W122374","51254","W900100000","F40","M61000205702000",""]
["W122375","51226","W402000012","B01","",""]
["W122376","51226","W402000015","B01","",""]
["W122378","51226","W402000029","B01","",""]
["W122384","53402","W824000095","B03","S68200000028987",""]
["W122387","52132","W405400014","B01","",""]
["W122397","53402","W402510023","B04","S68300000029035",""]
["W122402","51491","W417000000","B01","P60012107900000",""]
["W122404","51046","W401300000","C07","P60030016800000",""]
["W122405","51044","W416890000","P10","",""]
["W122406","51044","W416893000","P10","",""]
["W122407","51044","W416894100","P10","",""]
["W122408","51044","W416893500","P10","",""]
["W122409","51044","W416895100","P10","",""]
["W122418","51470","W404500040","B01","B60030009200000",""]
["W122419","51466","W404500000","B01","P60012108000000",""]
["W122424","11000","W875025000","F10","P60087502500001",""]
["W122429","53402","W822500026","B04","S69200000029034",""]
["W122430","52132","W417000000","B01","",""]
["W122441","51491","W822500031","B01","P60012108100000",""]
["W122444","53402","W832500038","B04","S68100000029055",""]
["W122446","51207","W900200000","F40","M63400002816000",""]
["W122448","51226","W710085013","B01","",""]
["W122466","51206","W900200000","M00","M63400002955000",""]
["W122477","53500","W833500102","B01","R67700000029289",""]
["W122492","51470","W710060049","B01","B60030009300000",""]
["W122493","51206","W900200000","M00","M63400003064000",""]
["W122494","51491","W417000000","B01","P60012108300000",""]
["W122507","53106","W400900133","B03","S61110000028794",""]
["W122515","52137","W824000000","B01","P60012108400000",""]
["W122516","52137","W824000000","B01","P60012108500000",""]
["W122517","52137","W824000000","B01","P60012108600000",""]
["W122518","52137","W824000000","B01","P60012108700000",""]
["W122519","53800","W825500016","B01","U6036291000000W",""]
["W122531","51491","W824013000","B01","P60012108800000",""]
["W122532","53500","W409000000","B01","R67700000029397",""]
["W122533","53500","W409000000","B01","R67700000029401",""]
["W122537","11000","W400900000","B05","S61110000028794",""]
["W122541","53500","W833512000","B01","R67700000029452",""]
["W122561","51125","W404043000","B07","",""]
["W122568","53402","W822500026","B04","S68200000029483",""]
["W122576","51491","W710060043","B01","",""]
["W122591","52137","W710000000","A01","P60012106300000",""]
["W122598","51491","W710000000","B01","P60012108900000",""]
["W122615","11000","W400950000","A01","",""]
["W122617","11000","W495000000","A01","",""]
["W122619","51470","W495000000","B01","P60012109000000",""]
["W122632","53406","W400900108","B03","S67100000029541",""]
["W122639","51491","W833000000","B01","P60012109100000",""]
["W122658","53800","W710045000","B01","U6035256000000W",""]
["W122662","11000","W400950000","B05","S67100000029541",""]
["W122664","51254","W900200000","F40","M63400002850000",""]
["W122671","52132","W715510000","B01","",""]
["W122679","52132","W832500048","B01","",""]
["W122683","51125","W822542000","B07","",""]
["W122684","51341","W895020000","C00","",""]
["W122685","51491","W710045000","B01","P60012109200000",""]
["W122705","51491","W824000001","B01","P60012109300000",""]
["W122716","53416","W824000095","B04","S67100000029902",""]
["W122719","53800","W406800001","B01","U6035382000000W",""]
["W122725","51046","W407611001","C07","P60030019600000",""]
["W122726","51046","W407611001","C07","P60030019700000",""]
["W122727","51046","W407611001","C07","P60030019800000",""]
["W122728","51046","W407611001","C07","P60030019900000",""]
["W122734","51046","W401950000","C07","P60030020500000",""]
["W122741","51044","W416894000","P10","",""]
["W122742","51044","W416895900","P10","",""]
["W122754","51470","W834100001","B01","P60037196000000",""]
["W122772","52132","W408200010","B01","P60037197000000",""]
["W122777","53106","W821900011","B03","S61110000029860",""]
["W122797","51491","W410100000","B01","",""]
["W122801","52132","W821900011","B05","S61110000029860",""]
["W122803","53500","W419000000","B01","R67700000030118",""]
["W122808","51491","W832500030","B01","P60030021200000",""]
["W122841","51491","W710035001","B01","",""]
["W122842","51491","W710080002","B01","",""]
["W122844","53500","W834500053","B01","R67700000030260",""]
["W122845","53500","W834500030","B01","R67700000030261",""]
["W122846","53500","W834500029","B01","R67700000030263",""]
["W122855","53402","W833500088","B04","S67600000030301",""]
["W122859","53402","W402510024","B04","S68200000030316",""]
["W122863","52132","W837000002","B01","",""]
["W122869","52132","W495000000","B01","",""]
["W122872","53106","W400900034","B03","S61110000027187",""]
["W122883","52132","W495010001","B01","",""]
["W122886","51470","W833500114","B01","B60030009400000",""]
["W122888","51045","W416931003","P07","",""]
["W122889","51045","W416931004","P07","",""]
["W122890","51045","W416939006","P07","",""]
["W122898","52132","W408200066","B01","",""]
["W122904","52132","W419100029","B01","",""]
["W122912","51453","W822520000","A01","",""]
["W122925","52132","W833000095","B01","",""]
["W122928","51470","W833500118","B01","P60012201700000",""]
["W122938","52132","W404500040","B01","",""]
["W122939","53402","W832500038","B04","S68100000030511",""]
["W122946","51207","W900200000","F40","M63400003228000",""]
["W122947","51206","W900200000","M00","M63400003228000",""]
["W122948","51254","W900200000","F40","M63400003228000",""]
["W122950","51044","W416893800","P10","",""]
["W122951","51044","W416895800","P10","",""]
["W122954","52132","W495010002","B01","",""]
["W122955","52132","W403700007","B01","",""]
["W122960","52132","W404500000","B01","P60012201900000",""]
["W122967","51453","W826022000","B03","",""]
["W122970","51491","W824000000","B01","P60030023200000",""]
["W122976","52132","W404000085","B01","",""]
["W122977","51046","W407970000","C07","P60030023100000",""]
["W122979","52132","W419100030","B01","",""]
["W122980","52132","W402400000","B01","P60012109400000",""]
["W123004","52132","W833000096","B01","",""]
["W123006","51470","W822900005","B01","P60012202000000",""]
["W123008","51470","W822900005","B01","P60012202200000",""]
["W123009","51470","W822900005","B01","P60012202300000",""]
["W123011","51491","W833000057","B01","P60012202500000",""]
["W123012","53500","W822520000","B01","R67000000030737",""]
["W123014","52132","W710060046","B01","",""]
["W123022","51470","W833000096","B01","P60012202600000",""]
["W123028","52132","W832500041","B01","",""]
["W123044","53402","W710040011","B04","S68100000030778",""]
["W123055","51453","W116010000","F10","",""]
["W123071","53800","W825500000","B01","U6035668000000W",""]
["W123083","51468","W710055000","B01","",""]
["W123085","51254","W900200000","F40","M63400003266000",""]
["W123090","51341","W895021015","C00","",""]
["W123091","51341","W895020195","C00","",""]
["W123093","51341","W407638000","C00","",""]
["W123094","51341","W895020203","C00","",""]
["W123101","52132","W401950000","B01","",""]
["W123111","52137","W710000000","A01","P60012202900000",""]
["W123112","52132","W710045015","B01","",""]
["W123113","53106","W710085013","B03","S61110000028458",""]
["W123142","53106","W710060026","B03","S61110000029587",""]
["W123147","51491","W413000000","B01","",""]
["W123148","53800","W419000000","B01","U6035777000000W",""]
["W123151","53402","W822500026","B04","S68200000030999",""]
["W123155","52132","W710060049","B01","",""]
["W123158","52132","W821900047","B01","",""]
["W123160","52132","W710070018","B01","P60012203000000",""]
["W123165","51491","W824011000","B01","P60030023800000",""]
["W123192","53106","W821900041","B03","S61110000029098",""]
["W123203","51491","W832500034","B01","P60012203500000",""]
["W123250","51491","W710030000","B01","P60012203800000",""]
["W123251","51491","W833000000","B01","P60012203900000",""]
["W123261","53402","W710040015","B04","S68100000031180",""]
["W123265","51491","W824000000","B01","P60030024000000",""]
["W123266","51470","W404500011","B01","P60012204000000",""]
["W123267","52132","W825000031","B01","",""]
["W123274","51207","W900200000","F40","M63400003405000",""]
["W123275","51491","W402400038","B01","P60012203700000",""]
["W123276","51470","W465000004","B01","B60030009800000",""]
["W123277","51470","W405400018","B01","B60020004700000",""]
["W123278","51470","W404500000","B01","P60012204100000",""]
["W123283","53106","W710040019","B03","S61110000028780",""]
["W123287","52132","W710040034","B01","",""]
["W123289","53500","W827500000","B01","R67000000031293",""]
["W123294","52132","W821900041","B05","S61110000029098",""]
["W123308","53106","W404500034","B03","S61110000029439",""]
["W123326","51491","W400133000","B01","",""]
["W123337","51453","W400120000","F10","",""]
["W123344","51049","W825003000","B07","",""]
["W123346","51491","W403400000","B01","",""]
["W123351","52132","W824700034","B01","",""]
["W123355","51491","W710010050","B01","",""]
["W123359","53500","W405200003","B01","R67000000031528",""]
["W123360","53500","W413000000","B01","R67000000031529",""]
["W123364","51491","W410541000","B01","",""]
["W123373","51491","W400900133","B01","",""]
["W123377","53500","W495010003","B01","R67000000031575",""]
["W123381","51470","W824000117","B01","P60037138340000",""]
["W123387","53106","W710060022","B03","S61110000029574",""]
["W123388","53106","W710060025","B03","S61110000031609",""]
["W123389","53500","W710035001","B01","R67000000031618",""]
["W123391","53106","W404000030","B03","S61110000029688",""]
["W123400","53800","W455000002","B01","U6035877000000W",""]
["W123401","51206","W900200000","M00","M63400001947000",""]
["W123402","51207","W900200000","F40","M63400001947000",""]
["W123403","51207","W900200000","F40","M63400001700000",""]
["W123407","53800","W405200004","B01","U6035316000000W",""]
["W123412","53106","W825000007","B03","S61110000029247",""]
["W123413","53106","W400900100","B03","S61110000029265",""]
["W123416","52132","W833000098","B01","",""]
["W123426","53402","W822500026","B04","S68200000031658",""]
["W123434","52132","W465000003","B01","",""]
["W123445","51470","W404000030","B01","P60012204300000",""]
["W123454","53106","W404000035","B03","S62100000029612",""]
["W123455","52132","W825000032","B01","",""]
["W123481","52137","W833000000","A01","P60012204400000",""]
["W123482","52137","W833000000","A01","P60012204500000",""]
["W123483","52137","W833000000","A01","P60012204600000",""]
["W123484","52137","W833000000","A01","P60012204700000",""]
["W123501","53402","W400900108","B04","S68100000031909",""]
["W123510","52132","W833000099","B01","",""]
["W123516","51491","W710010057","B01","",""]
["W123517","51125","W404044000","B07","",""]
["W123518","51121","W410541000","A07","",""]
["W123548","52132","W495010007","B01","",""]
["W123549","53106","W402000002","B03","S61110000028393",""]
["W123550","53106","W495010007","B03","S61110000027772",""]
["W123551","51491","W713000033","B01","",""]
["W123555","53402","W402510007","B04","S68100000032011",""]
["W123559","51046","W400712005","C07","P60030024800000",""]
["W123560","51046","W401924000","C07","P60030024900000",""]
["W123562","51470","W495010008","B01","B60030009900000",""]
["W123571","11000","W455000000","B05","S61110000027772",""]
["W123578","53406","W408200062","C04","S64000000027701",""]
["W123586","52132","W710010058","B01","",""]
["W123589","53500","W400400000","B01","R67000000032097",""]
["W123591","52132","W822500033","B01","",""]
["W123599","51491","W710065023","B01","",""]
["W123601","52132","W833500119","B01","",""]
["W123642","53106","W832500033","B03","S61110000029577",""]
["W123647","51491","W710060024","B01","",""]
["W123648","51206","W900200000","M00","M63400002856000",""]
["W123658","53402","W824000095","B04","S68200000032207",""]
["W123659","52137","W832500000","A01","P60012204900000",""]
["W123660","11000","W400900000","B05","S61110000027187",""]
["W123676","53106","W400900016","B03","S61110000029552",""]
["W123677","53106","W455000004","B03","S61110000029719",""]
["W123679","53106","W822500018","B03","S61110000032344",""]
["W123689","52137","W710045018","A01","P60012205300000",""]
["W123692","52132","W495010011","B01","",""]
["W123693","53106","W710020007","B03","S61110000030250",""]
["W123699","51470","W832500000","A01","P60012205200000",""]
["W123708","52132","W495010010","B01","",""]
["W123709","53800","W404500011","B01","U6035869000000W",""]
["W123714","53402","W710010053","B04","S68200000032363",""]
["W123716","51046","W407981000","C07","",""]
["W123717","51453","W410610000","A01","",""]
["W123719","51453","W410620000","A01","",""]
["W123720","51453","W410630000","A01","",""]
["W123721","51453","W410640000","A01","",""]
["W123722","51470","W402400051","B01","P60037138350000",""]
["W123724","51491","W710065038","B01","",""]
["W123725","51491","W710065040","B01","",""]
["W123726","51491","W710065034","B01","",""]
["W123736","53106","W710000001","B03","S61310000029530",""]
["W123737","53106","W402400011","B03","S61310000032403",""]
["W123738","53106","W404000053","B03","S61310000032404",""]
["W123739","53106","W404000030","B03","S61310000032405",""]
["W123741","52132","W495010012","B01","",""]
["W123768","53402","W837000002","B05","S68200000032532",""]
["W123776","51491","W824000000","B01","P60012205500000",""]
["W123777","51206","W900200000","M00","M63400002812000",""]
["W123778","51207","W900200000","F40","M63400002812000",""]
["W123779","53800","W710040015","B01","U6035985000000W",""]
["W123782","53800","W710025031","B01","U6035734000000W",""]
["W123798","53800","W400900004","B01","U6035868000000W",""]
["W123805","53402","W402510007","B04","S69200000032582",""]
["W123847","51491","W404000065","B01","",""]
["W123854","51491","W822500000","B01","P60012205600000",""]
["W123860","53800","W832500030","B01","U6035969000000W",""]
["W123875","51226","W455000000","B01","P60012205800000",""]
["W123880","53402","W824000109","B04","S68200000032613",""]
["W123881","57016","W882000000","G00","F60004011222016","01001"]
["W123886","53402","W822500026","B04","S68100000032739",""]
["W123893","51491","W710025014","B01","",""]
["W123898","53402","W455000012","B04","S68100000032772",""]
["W123904","53800","W710060014","B01","U6035325000000W",""]
["W123905","53800","W710060014","B01","U6035329000000W",""]
["W123908","51470","W710060014","B01","P60012205900000",""]
["W123912","53402","W402510007","B04","S68200000032809",""]
["W123919","51470","W710060014","B01","P60012206000000",""]
["W123924","51470","W402400038","B01","P60012206100000",""]
["W123925","51206","W900200000","M00","M63400001050000",""]
["W123929","53402","W833000057","B04","S68200000032869",""]
["W123943","53402","W402510023","B04","S68200000032894",""]
["W123945","52137","W833000000","A01","P60012206200000",""]
["W123946","51491","W495000000","B01","P60012206300000",""]
["W123957","52132","W405400013","B01","",""]
["W123964","53106","W710070003","B03","S61110000030395",""]
["W123971","51046","W401453000","C07","P60030026300000",""]
["W123980","52132","W416800015","B01","",""]
["W123981","51491","W710070019","B01","P60012206400000",""]
["W123985","51046","W401411000","C07","P60030026500000",""]
["W123992","53402","W824000054","B04","S68100000033048",""]
["W123995","52132","W495010013","B01","",""]
["W124012","53500","W713000000","B01","R67000000033107",""]
["W124013","51254","W900200000","F40","M63400002130000",""]
["W124034","53416","W713000022","B03","S67600000028430",""]
["W124037","53402","W710025014","B04","S68200000033137",""]
["W124039","51046","W401453000","C07","P60030027300000",""]
["W124041","52132","W825500018","B01","",""]
["W124043","53402","W825500014","B04","S67100000033124",""]
["W124046","11000","W845000000","G11","","01000"]
["W124047","11000","W845000000","G11","","01108"]
["W124048","11000","W845010000","G11","",""]
["W124049","52132","W495010014","B01","",""]
["W124050","52132","W495010003","B01","",""]
["W124051","53106","W495010014","B03","S61110000030733",""]
["W124060","52132","W710065043","B01","",""]
["W124084","51491","W832500000","B01","P60012206500000",""]
["W124115","53406","W402400048","B03","S67100000032201",""]
["W124117","51491","W833000043","B01","",""]
["W124118","53106","W404500021","B03","S61110000033227",""]
["W124121","51491","W408200000","C01","P60012206600000",""]
["W124123","52132","W495010015","B01","",""]
["W124140","51491","W822900000","B01","",""]
["W124141","53402","W402510007","B04","S68200000033281",""]
["W124143","52132","W710060051","B01","",""]
["W124156","51491","W710010048","B01","",""]
["W124157","51044","W416893300","P10","",""]
["W124158","51044","W416894200","P10","",""]
["W124166","52132","W495010016","B01","",""]
["W124167","53106","W495010016","B03","S61110000030673",""]
["W124181","52132","W495010017","B01","",""]
["W124182","52132","W495010018","B01","",""]
["W124183","52132","W495010019","B01","",""]
["W124195","53500","W833500000","B01","R67700000033478",""]
["W124197","51470","W710010040","B01","P60010001420000",""]
["W124201","51254","W900200000","F40","M63400003251000",""]
["W124206","53500","W824000106","B01","R67700000033502",""]
["W124208","51470","W833500121","B01","B60030010000000",""]
["W124213","51045","W416939007","P07","",""]
["W124215","52132","W495010020","B01","",""]
["W124216","52132","W495010021","B01","",""]
["W124232","51470","W832500041","B01","B60030010100000",""]
["W124235","53106","W402000012","B03","S61110000030513",""]
["W124244","53416","W710045011","B03","S67100000029356",""]
["W124246","52132","W495010016","B05","S61110000030673",""]
["W124252","51470","W405400004","B01","P60012206700000",""]
["W124278","51046","W401453000","C07","P60030027700000",""]
["W124279","51046","W401453000","C07","P60030027800000",""]
["W124281","51371","W419120000","A07","P60016210000001",""]
["W124282","51371","W419120000","A07","P60016210000002",""]
["W124285","51491","W833000078","B01","",""]
["W124301","52132","W402000012","B05","S61110000030513",""]
["W124302","52132","W419014000","B01","",""]
["W124303","51491","W412800000","B01","",""]
["W124312","51125","W710048000","B07","",""]
["W124321","53416","W405400007","B03","S69200000030262",""]
["W124335","53106","W400900004","B03","S61110000031766",""]
["W124365","51470","W402400053","B01","B60020004800000",""]
["W124367","53106","W404000052","B03","S61110000030077",""]
["W124373","53416","W833500088","B04","S67600000033945",""]
["W124375","51046","W401923003","C07","P60030027900000",""]
["W124385","53106","W832500041","B03","S61110000031413",""]
["W124392","53402","W832500014","B04","S68100000033932",""]
["W124395","51470","W402400042","B01","P60012206800000",""]
["W124413","53800","W410500000","B01","U6036181000000W",""]
["W124415","53402","W402510021","B04","S68200000034001",""]
["W124424","53402","W822500026","B04","S68200000034052",""]
["W124437","53402","W832500014","B04","S68100000034046",""]
["W124440","51254","W900200000","F40","M63400002113000",""]
["W124441","17040","W882000000","G00","","04028"]
["W124445","53106","W710075005","B03","S61110000030457",""]
["W124447","53106","W833000028","B03","S61110000030177",""]
["W124450","51491","W410500011","B01","",""]
["W124459","53416","W710060030","B03","S69210000032109",""]
["W124460","53416","W710060026","B03","S69210000034099",""]
["W124464","52132","W404000092","B01","",""]
["W124465","53106","W821900011","B03","S61110000031895",""]
["W124469","53800","W822900005","B01","U6035063000000W",""]
["W124470","53800","W822900005","B01","U6035667000000W",""]
["W124480","53402","W824000054","B04","S68200000033589",""]
["W124485","53106","W404500001","B03","S61110000030996",""]
["W124488","52132","W713000037","B01","",""]
["W124490","11000","W842012000","G11","","01108"]
["W124497","51470","W402500000","B01","P60012206900000",""]
["W124498","51491","W713000000","B01","P60012207000000",""]
["W124505","51226","W405200000","B01","",""]
["W124509","51491","W821900048","B01","P60012207100000",""]
["W124510","52132","W833060000","B01","",""]
["W124512","53106","W402400048","B03","S61110000031301",""]
["W124524","52132","W821900011","B05","S61110000031895",""]
["W124525","51470","W465000006","B01","B60030010200000",""]
["W124543","53106","W710010055","B03","S61300000032460",""]
["W124549","53800","W400900005","B01","U6035691000000W",""]
["W124559","52132","W710075011","B01","",""]
["W124573","53402","W825500014","B04","S68200000034337",""]
["W124575","53800","W402500000","B01","U6035385000000W",""]
["W124577","53106","W495010025","B03","S61110000031783",""]
["W124605","51491","W404044000","B01","",""]
["W124606","53500","W405200002","B01","R67400000034537",""]
["W124607","53500","W402500000","B01","R67700000034540",""]
["W124623","53106","W710075005","B03","S61110000031585",""]
["W124625","51491","W833000067","B01","",""]
["W124626","51470","W495010026","B01","B60020004900000",""]
["W124631","51470","W822000007","B01","B60010002600000",""]
["W124634","53106","W495010014","B03","S61110000030258",""]
["W124635","52132","W710055004","B01","",""]
["W124658","51491","W409000000","B01","P60012207300000",""]
["W124668","53106","W822510003","B03","S61110000031296",""]
["W124669","51470","W826000014","B01","P60012101110000",""]
["W124670","51470","W710085017","B01","B60030010300000",""]
["W124678","53106","W832500033","B03","S61110000031493",""]
["W124679","51254","W900100000","F40","M69990405886000",""]
["W124683","51371","W419130000","A07","",""]
["W124685","51371","W419133000","A07","",""]
["W124691","51491","W713000000","B01","P60012207400000",""]
["W124694","53416","W832500034","B03","S69200000031957",""]
["W124696","53106","W404000079","B03","S61110000031139",""]
["W124697","52132","W833500121","B01","",""]
["W124699","11000","W400900000","B05","S61110000031766",""]
["W124713","53106","W495010001","B03","S61110000031576",""]
["W124714","53106","W405400013","B03","S61110000034700",""]
["W124715","53106","W833500027","B03","S61110000034701",""]
["W124721","53106","W710060028","B03","S61110000032932",""]
["W124731","53800","W832500033","B01","U6035304000000W",""]
["W124740","51470","W710010059","B01","P60037138400000",""]
["W124742","52132","W400900114","B01","",""]
["W124744","52132","W833060000","B01","P60012105100000",""]
["W124750","52132","W833060000","B01","P60012201500000",""]
["W124753","53106","W710010055","B03","S61110000030280",""]
["W124756","51491","W417000000","B01","",""]
["W124762","52126","W404000088","B03","P60016170000184",""]
["W124763","52132","W710010060","B01","",""]
["W124777","53106","W495010029","B03","S61110000033162",""]
["W124778","52132","W495010029","B01","",""]
["W124779","53402","W402510007","B04","S68200000034814",""]
["W124785","52132","W821900048","B01","",""]
["W124801","53402","W402510007","B04","S68200000034937",""]
["W124803","51453","W400120000","F10","P60016200000004",""]
["W124804","51470","W400900087","B01","P60012207500000",""]
["W124809","53406","W405400014","B03","S67100000032487",""]
["W124810","51207","W900200000","F40","M63400001958000",""]
["W124811","51206","W900200000","M00","M63400001958000",""]
["W124813","51470","W404500042","B01","B60030010400000",""]
["W124814","51470","W404500043","B01","B60030010500000",""]
["W124830","51206","W900200000","M00","M63400001850000",""]
["W124848","51491","W400900006","B01","P60012207600000",""]
["W124858","51470","W833500000","B01","P60012207700000",""]
["W124864","53402","W710025037","B04","S68200000035100",""]
["W124867","52132","W402400053","B01","",""]
["W124868","51491","W832500047","B01","",""]
["W124869","51491","W832500051","B01","",""]
["W124883","53500","W419000000","B01","R67700000035166",""]
["W124895","52132","W402000040","B01","P60012207900000",""]
["W124896","51491","W465000002","B01","P60012208000000",""]
["W124901","51491","W832500033","B01","P60012208100000",""]
["W124905","51505","W409232000","H07","",""]
["W124911","51491","W710040030","B01","",""]
["W124912","51491","W710060044","B01","",""]
["W124913","51491","W710085016","B01","",""]
["W124920","53106","W400900121","B03","S61110000035256",""]
["W124926","53106","W405400007","B03","S61110000032708",""]
["W124927","53106","W833500059","B03","S61110000032191",""]
["W124928","53106","W833500059","B03","S61110000035255",""]
["W124931","51210","W824700053","B01","P60016170000189",""]
["W124938","53106","W495010006","B03","S61110000031488",""]
["W124945","53500","W416800000","B01","R67200000035305",""]
["W124961","53106","W495010018","B03","S61110000031185",""]
["W124968","51125","W825510000","B07","",""]
["W124970","53406","W710046006","B03","S67600000033705",""]
["W124973","51491","W402400005","B01","",""]
["W124976","53106","W495010026","B03","S61110000035063",""]
["W124977","52132","W495010026","B01","",""]
["W124986","52132","W710010061","B01","",""]
["W124994","53406","W710046006","B03","S67100000034734",""]
["W124997","51226","W495000000","B01","",""]
["W124998","11000","W455000000","B05","S61110000032191",""]
["W124999","11000","W455000000","B05","S61110000035255",""]
["W125000","53106","W822510003","B03","S61110000032180",""]
["W125002","52137","W710000000","B01","P60012208300000",""]
["W125004","53106","W710060021","B03","S61110000030417",""]
["W125006","51491","W408200010","B01","",""]
["W125011","52132","W710085019","B01","",""]
["W125016","53402","W827500001","B04","S68200000034794",""]
["W125021","52132","W495010018","B05","S61110000031185",""]
["W125022","51491","W833500000","B01","P60030029100000",""]
["W125024","52132","W833060000","B01","P60012208400000",""]
["W125025","11000","W455000000","B05","S61110000030417",""]
["W125031","11000","W402400000","B05","S67100000032201",""]
["W125032","11000","W402400000","B05","S61110000031301",""]
["W125050","51046","W407970000","C07","P60030029400000",""]
["W125056","52132","W404500042","B01","",""]
["W125057","52132","W404500043","B01","",""]
["W125058","51491","W402400042","B01","P60012208800000",""]
["W125059","53500","W710073000","B01","R67400000035568",""]
["W125068","52132","W833500123","B01","",""]
["W125071","53402","W833500123","B04","S68200000035529",""]
["W125072","53402","W832500038","B04","S68200000035525",""]
["W125075","51491","W404000079","B01","",""]
["W125084","51491","W833000080","B01","P60012208900000",""]
["W125085","53626","W416800012","B01","G60000000035635",""]
["W125086","53626","W417400004","B01","G60000000035637",""]
["W125087","53626","W710060004","B01","G60000000035638",""]
["W125089","53106","W402400042","B03","S61110000031879",""]
["W125090","53106","W710070006","B03","S61110000032635",""]
["W125092","53106","W404000088","B03","S61110000032649",""]
["W125094","53106","W405400014","B03","S61110000032488",""]
["W125104","53106","W713000022","B03","S61110000033424",""]
["W125105","53106","W455000002","B03","S61110000035652",""]
["W125107","53402","W710010050","B03","S68100000035661",""]
["W125108","51491","W455000010","B01","P60012209000000",""]
["W125113","52132","W495010027","B01","",""]
["W125120","53626","W416800012","B01","G60000000035744",""]
["W125134","52132","W833500059","B01","",""]
["W125135","53500","W413000000","B01","R67700000035773",""]
["W125137","53500","W413000000","B01","R67700000035774",""]
["W125138","51254","W900200000","F40","M63400003039000",""]
["W125139","51470","W855000003","B01","B60010002700000",""]
["W125149","51484","W842012000","L07","","06067"]
["W125152","53106","W455000013","B03","S61110000033304",""]
["W125155","52132","W495010006","B01","",""]
["W125158","53402","W832500014","B04","S68200000035840",""]
["W125159","51046","W401923003","C07","P60030030300000",""]
["W125160","53106","W408200068","B03","S61110000034108",""]
["W125166","53500","W833500118","B01","R67700000035915",""]
["W125167","53500","W400000000","B01","R67700000035916",""]
["W125168","51046","W401453000","C07","P60030030400000",""]
["W125169","51046","W401453000","C07","P60030030500000",""]
["W125177","52137","W823000000","A01","",""]
["W125178","51453","W823000000","A01","",""]
["W125179","51491","W823000000","A01","",""]
["W125180","11000","W455000000","B05","S61110000035652",""]
["W125203","52132","W408200067","B01","",""]
["W125204","52132","W408200068","B01","",""]
["W125205","51491","W823000001","B01","",""]
["W125206","52132","W823000001","B01","",""]
["W125207","51491","W823000002","B01","",""]
["W125208","52132","W823000002","B01","",""]
["W125214","52132","W710040036","B01","",""]
["W125217","51226","W400900004","B01","",""]
["W125218","52137","W822000000","B01","P60012209200000",""]
["W125219","53402","W822500026","B04","S67600000035883",""]
["W125220","51453","W400145000","F07","",""]
["W125229","53402","W824000014","B04","S68200000036048",""]
["W125231","51453","W408200000","A01","",""]
["W125233","52132","W495010006","B05","S61110000031488",""]
["W125239","53406","W404000073","B03","S67100000034070",""]
["W125245","51453","W875037000","B05","S61110000035652",""]
["W125246","51042","W401924001","C07","",""]
["W125247","51042","W408242000","C07","",""]
["W125248","51491","W408243000","C07","",""]
["W125264","52132","W833000101","B01","",""]
["W125265","52132","W710060054","B01","",""]
["W125268","51491","W710060028","B01","",""]
["W125278","51491","W710025033","B01","",""]
["W125287","51470","W832500055","B01","P60037138420000",""]
["W125289","51207","W900200000","F40","M63400002530000",""]
["W125290","51207","W900200000","F40","M63400002529000",""]
["W125291","51207","W900200000","F40","M63400002528000",""]
["W125292","51207","W900200000","F40","M63400002525000",""]
["W125293","51254","W900200000","F40","M63400002530000",""]
["W125294","51254","W900200000","F40","M63400002529000",""]
["W125295","51254","W900200000","F40","M63400002528000",""]
["W125296","51254","W900200000","F40","M63400002525000",""]
["W125297","51206","W900200000","M00","M63400002530000",""]
["W125298","51206","W900200000","M00","M63400002529000",""]
["W125299","51206","W900200000","M00","M63400002528000",""]
["W125300","51206","W900200000","M00","M63400002525000",""]
["W125301","52132","W855000000","B01","",""]
["W125307","52132","W400900134","B01","",""]
["W125310","53406","W824700043","B03","S69200000030188",""]
["W125314","53800","W405200002","B01","U6036529000000W",""]
["W125317","53402","W402510023","B04","S67000000036269",""]
["W125319","51046","W401880000","C07","P60030031500000",""]
["W125322","51470","W495010007","B01","P60012209400000",""]
["W125324","51470","W710085012","B01","P60012209500000",""]
["W125325","52132","W825000035","B01","",""]
["W125331","51491","W855000004","B01","",""]
["W125332","52132","W855000004","B01","",""]
["W125372","51254","W900100000","F40","M69990405952000",""]
["W125373","52132","W710060055","B01","",""]
["W125394","53406","W823000003","B03","S67100000036197",""]
["W125396","51046","W401923003","C07","P60030031800000",""]
["W125397","51491","W822900000","B01","P60012209600000",""]
["W125407","51491","W822500000","B01","P60012209700000",""]
["W125409","52132","W823000004","B01","",""]
["W125412","53416","W403700007","B03","S69200000035834",""]
["W125422","51491","W833500000","B01","P60012209800000",""]
["W125424","53106","W495010005","B03","S61110000033704",""]
["W125426","53800","W408200067","B01","U6036243000000W",""]
["W125430","52132","W417400006","B01","",""]
["W125431","52132","W405400018","B01","",""]
["W125435","51046","W407925000","C07","P60030032000000",""]
["W125437","53416","W710046006","B03","S67600000035121",""]
["W125445","51506","W865000000","F10","",""]
["W125447","51506","W865040000","F12","",""]
["W125448","51506","W865050000","F11","",""]
["W125449","51506","W865050000","F10","",""]
["W125450","51506","W865060000","F10","",""]
["W125452","51506","W865080000","F10","",""]
["W125453","51506","W867500000","F10","",""]
["W125467","53106","W710085017","B03","S61110000035777",""]
["W125468","51254","W900100000","F40","M69990405821000",""]
["W125470","52132","W406800007","B01","",""]
["W125475","11000","W455000000","B05","S61110000033304",""]
["W125489","51491","W710025029","B01","",""]
["W125491","51453","W822560000","A01","",""]
["W125492","52132","W710000000","B01","P60012108900000",""]
["W125496","53406","W400900054","B03","S67100000035973",""]
["W125500","51453","W400120000","F10","P60016200000005",""]
["W125504","53416","W833000028","B03","S67100000030978",""]
["W125505","51046","W401880000","C07","P60030032200000",""]
["W125506","53800","W855000000","B01","U6035342000000W",""]
["W125507","51046","W401923003","C07","P60030032300000",""]
["W125510","52132","W408200000","B05","S61110000034108",""]
["W125512","51491","W822900000","B01","P60012301000000",""]
["W125513","53106","W710085013","B03","S61110000033649",""]
["W125514","53106","W710060014","B03","S61110000036606",""]
["W125517","53800","W419000000","B01","U6035061000000W",""]
["W125518","51371","W419120000","A07","",""]
["W125520","53402","W710085012","B04","S68200000036624",""]
["W125521","53402","W823000004","B04","S68100000036621",""]
["W125523","52132","W710060056","B01","",""]
["W125526","53800","W833000014","B01","U6035305000000W",""]
["W125528","52132","W495010005","B01","",""]
["W125534","53106","W400900054","B03","S61110000036683",""]
["W125544","53570","W409210000","H00","A67700000036717",""]
["W125570","57000","W843000000","G00","F60001012122017",""]
["W125577","53500","W832500000","B01","R67400000036828",""]
["W125579","53500","W413000000","B01","R67000000036825",""]
["W125581","53500","W823000000","B01","R67700000036832",""]
["W125604","51491","W408242000","B01","",""]
["W125605","53106","W495010032","B03","S61110000033778",""]
["W125608","52132","W495010032","B01","",""]
["W125611","52132","W824700047","B01","",""]
["W125612","53406","W713000022","B03","S67100000036876",""]
["W125620","52132","W824700055","B01","",""]
["W125622","51470","W405230000","B01","P60012301100000",""]
["W125623","52132","W710085017","B01","",""]
["W125624","53800","W713000000","B01","U6035993000000W",""]
["W125625","53800","W402400008","B01","U6035252000000W",""]
["W125626","53106","W832500058","A02","S61110000034067",""]
["W125628","53416","W710010045","B03","S69110000034492",""]
["W125634","51046","W407980000","C07","P60030032500000",""]
["W125637","52132","W824000069","B01","",""]
["W125641","53402","W402510023","B04","S68200000036983",""]
["W125643","53402","W837000002","B04","S68100000036988",""]
["W125646","51470","W832500059","B01","P60010001500000",""]
["W125648","57000","W882000000","G00","F60001012212017","01001"]
["W125666","53406","W400900100","B03","S67100000037046",""]
["W125679","51491","W835110000","B01","P60012301300000",""]
["W125680","52137","W821900000","B01","P60012301200000",""]
["W125685","51491","W833000000","B01","P60012301400000",""]
["W125686","53406","W455000010","B03","S67100000034546",""]
["W125694","51491","W495010021","B01","",""]
["W125695","11000","W455000000","B05","S67100000034546",""]
["W125697","51046","W401923003","C07","P60030032600000",""]
["W125701","52132","W455000036","B01","",""]
["W125702","53406","W710035001","B03","S67100000037150",""]
["W125703","53406","W832500034","B03","S67100000037151",""]
["W125704","53402","W822500026","B04","S68200000037133",""]
["W125708","51491","W824021000","B01","",""]
["W125709","51491","W402400038","B01","P60012301500000",""]
["W125713","53406","W832500030","B03","S67100000034211",""]
["W125719","51207","W900200000","F40","M63400001978000",""]
["W125720","51206","W900200000","M00","M63400001978000",""]
["W125721","52132","W408200069","B01","",""]
["W125723","53800","W408200000","B01","U6035319000000W",""]
["W125724","52132","W713000031","B01","",""]
["W125739","53106","W404000028","B03","S61110000034878",""]
["W125740","53500","W832500056","B01","R67100000037248",""]
["W125741","53500","W822560002","B01","R67000000037247",""]
["W125742","53402","W710040015","B04","S68100000037241",""]
["W125748","51207","W900200000","F40","M63400001946000",""]
["W125749","53106","W821900004","B03","S61110000035117",""]
["W125750","53106","W821900033","B03","S61110000037310",""]
["W125755","53402","W402510021","B04","S68200000037266",""]
["W125764","53500","W822900000","B01","R67000000037351",""]
["W125765","52132","W821900004","B05","S61110000035117",""]
["W125767","57000","W419011000","E00","F60001012242017",""]
["W125789","52132","W495010029","B05","S61110000033162",""]
["W125791","52132","W823000000","B01","",""]
["W125792","11000","W400302000","F10","",""]
["W125794","11004","W865020000","F12","",""]
["W125796","53106","W833012011","B03","S61110000032927",""]
["W125802","51046","W407980000","C07","P60030032800000",""]
["W125806","53106","W710010055","B03","S61110000034968",""]
["W125807","53106","W495010026","B03","S61110000035582",""]
["W125809","52132","W465000004","B01","",""]
["W125810","51491","W833000000","B01","P60012301700000",""]
["W125815","53106","W832500037","B03","S61110000035292",""]
["W125818","51470","W400900146","B01","B60030010600000",""]
["W125820","53800","W832500034","B01","U6035313000000W",""]
["W125821","51491","W410100000","B01","P60010001510000",""]
["W125829","53500","W833500102","B01","R67400000037567",""]
["W125844","53416","W710010049","B03","S67100000034514",""]
["W125851","51491","W832500040","B01","",""]
["W125852","51491","W833000000","B01","P60012301800000",""]
["W125853","52132","W833500128","B01","",""]
["W125856","53406","W824700043","B03","S69200000036642",""]
["W125857","53406","W465000003","B03","S67100000035792",""]
["W125859","51046","W401923003","C07","P60030032900000",""]
["W125865","53402","W710070018","B04","S68200000037643",""]
["W125866","53402","W710025014","B04","S68200000037640",""]
["W125870","53106","W400900109","B03","S61110000035739",""]
["W125871","53106","W400900118","B03","S61110000037648",""]
["W125874","51491","W713000021","A01","",""]
["W125875","51491","W402400025","B01","",""]
["W125878","53402","W832500038","B04","S68200000037670",""]
["W125881","53500","W832500030","B01","R67700000037699",""]
["W125883","51453","W713000000","B05","S67100000036876",""]
["W125884","51453","W713000000","B05","S61110000033424",""]
["W125886","11000","W455000000","B05","S61110000034968",""]
["W125887","53406","W416800007","B03","S67400000037333",""]
["W125891","53106","W404000032","B03","S61110000035892",""]
["W125894","53402","W408200067","B04","S68200000037714",""]
["W125898","53106","W822560003","B03","S61110000034377",""]
["W125899","52132","W822560003","B01","",""]
["W125900","52132","W710025039","B01","",""]
["W125901","53402","W710025039","B04","S68200000037734",""]
["W125904","51470","W495010034","B01","B60030010800000",""]
["W125907","53106","W400900005","B03","S61110000036456",""]
["W125908","53106","W402400008","B03","S61110000034445",""]
["W125909","53800","W832500061","B01","U6035965000000W",""]
["W125911","57000","W400014000","F00","F60001012312017",""]
["W125912","53106","W400900006","B03","S61110000036257",""]
["W125913","53106","W495010016","B03","S61110000034746",""]
["W125935","52132","W402400000","B01","P60012302000000",""]
["W125936","52132","W402400000","B01","P60012302100000",""]
["W125937","52132","W402400000","B01","P60012302200000",""]
["W125938","52132","W402400000","B01","P60012302300000",""]
["W125939","52132","W402400000","B01","P60012302400000",""]
["W125940","52132","W402400000","B01","P60012302500000",""]
["W125941","52132","W402400000","B01","P60012302600000",""]
["W125942","52132","W402400000","B01","P60012302700000",""]
["W125943","52132","W402400000","B01","P60012302800000",""]
["W125944","52132","W402400000","B01","P60012302900000",""]
["W125945","51491","W713000039","B01","",""]
["W125955","52132","W710070029","B01","",""]
["W125982","52132","W402400000","B05","S61110000034445",""]
["W125989","52132","W832500000","B01","P60012303000000",""]
["W125990","52132","W832500000","B01","P60012303100000",""]
["W125991","52132","W832500000","B01","P60012303200000",""]
["W125993","51453","W409817200","A01","",""]
["W125994","51453","W409817300","A01","",""]
["W125995","51453","W409817400","A01","",""]
["W125996","51453","W409817500","A01","",""]
["W125997","51453","W400016000","F10","",""]
["W126007","53106","W400900022","B03","S61110000034512",""]
["W126013","53406","W404000097","B03","S67100000037597",""]
["W126021","51491","W822500018","B01","",""]
["W126022","11000","W402400000","B05","S61110000034445",""]
["W126023","57016","W842010000","G00","F60001012362017",""]
["W126024","57017","W410100000","A00","",""]
["W126026","51491","W713000000","B01","P60037130100000",""]
["W126028","52132","W404000088","B01","",""]
["W126029","53570","W409210000","A02","A67700000038033",""]
["W126032","53106","W455000032","B03","S61110000035080",""]
["W126037","51470","W824700000","B01","P60012303300000",""]
["W126039","53402","W833000024","B04","S68200000038006",""]
["W126051","11000","W455000000","B05","S61110000035080",""]
["W126057","53106","W821900011","B03","S61110000037014",""]
["W126068","51470","W833000044","F07","P60012303400000",""]
["W126071","52063","W408030000","A07","",""]
["W126072","52063","W408032000","A07","",""]
["W126073","52063","W408032000","A07","P00035285500000",""]
["W126074","52063","W408033000","A07","",""]
["W126075","52063","W408034000","A07","",""]
["W126076","52063","W713020000","A07","",""]
["W126077","52063","W824730000","A07","",""]
["W126078","52063","W824730000","A07","P60082473000000",""]
["W126079","52063","W833041000","A07","",""]
["W126080","52063","W833041001","A07","",""]
["W126081","52063","W833041001","A07","P60012208700000",""]
["W126082","52063","W833041002","A07","",""]
["W126083","52063","W833041004","A07","",""]
["W126086","52063","W833041008","A07","",""]
["W126091","52132","W822560004","B01","",""]
["W126094","53106","W832500063","B03","S61110000034521",""]
["W126095","52132","W832500063","B01","",""]
["W126097","53106","W495010003","B03","S61110000035704",""]
["W126101","52132","W821910000","B01","P60012303500000",""]
["W126103","51470","W833000072","B01","P60012303600000",""]
["W126104","51470","W833000080","B01","P60012303700000",""]
["W126111","53106","W710060049","B03","S61110000036322",""]
["W126113","52132","W710090000","B01","",""]
["W126118","53106","W710060024","B03","S61110000036090",""]
["W126123","51491","W400900137","B01","",""]
["W126125","51470","W824000106","B01","P60012303800000",""]
["W126127","53406","W833500127","B03","S67100000037603",""]
["W126128","52132","W833500127","B01","",""]
["W126129","53500","W833500096","B01","R67100000038183",""]
["W126130","11000","W400900000","B05","S61110000036456",""]
["W126131","52132","W821900011","B05","S61110000037014",""]
["W126135","51046","W401950000","C07","P60030033700000",""]
["W126136","51046","W401880000","C07","P60030033600000",""]
["W126138","51470","W824000121","B01","P60012304000000",""]
["W126139","51206","W900200000","M00","M63400002132000",""]
["W126147","51491","W822000000","B01","",""]
["W126148","51046","W407611001","C07","P60030033800000",""]
["W126149","51046","W407611001","C07","P60030030800000",""]
["W126153","17041","W100000000","G00","F60001012372017",""]
["W126154","17035","W100000000","G00","F60001012372017",""]
["W126155","57016","W882000000","G00","F60001012392018",""]
["W126156","57016","W882000000","G00","F60001012402018",""]
["W126159","53402","W832500064","B04","S67100000038233",""]
["W126160","52132","W832500064","B01","",""]
["W126171","53106","W713000022","B03","S61110000038294",""]
["W126187","53106","W404500040","B03","S61110000035540",""]
["W126188","53402","W710010058","B04","S68200000038306",""]
["W126190","52132","W710060058","B01","",""]
["W126191","53106","W822560004","B03","S61110000035732",""]
["W126193","53106","W465000001","B03","S61110000034404",""]
["W126194","53106","W833500071","B03","S61110000034663",""]
["W126196","52132","W833500129","B01","",""]
["W126198","52132","W710000000","B01","P60012304300000",""]
["W126199","53800","W824000106","B01","U6036357000000W",""]
["W126201","53106","W710060025","B03","S61110000035382",""]
["W126202","53106","W710060022","B03","S61110000038360",""]
["W126204","53416","W710010017","B04","S69210000037608",""]
["W126206","52132","W855000003","B01","",""]
["W126207","53416","W710085012","B04","S69200000038173",""]
["W126208","53402","W825500014","B04","S68100000038367",""]
["W126209","57000","W407200000","D00","F60001012472018",""]
["W126212","53106","W710060025","B03","S61110000037602",""]
["W126213","53106","W710060023","B03","S61110000038390",""]
["W126215","11000","W400900000","B05","S61110000034512",""]
["W126216","52137","W710085017","B01","P60012304400000",""]
["W126217","51491","W400302000","E14","",""]
["W126226","51453","W710088000","A01","",""]
["W126232","52132","W833500130","B01","",""]
["W126233","52132","W403400000","B01","P60012304500000",""]
["W126234","52132","W495000000","B01","P60012304600000",""]
["W126235","52132","W710000000","B01","P60012304700000",""]
["W126237","53402","W710035012","B04","S68200000038403",""]
["W126239","51470","W405400025","B01","B60030001090000",""]
["W126240","53106","W833500129","B03","S61110000038453",""]
["W126241","51046","W407981000","C07","D64100102000001",""]
["W126243","51491","W413000000","B01","P60012304900000",""]
["W126244","53800","W413000000","B01","U6035235000000W",""]
["W126247","53800","W413000000","B01","U6036181000000W",""]
["W126250","53402","W824000106","B04","S68200000038448",""]
["W126252","51046","W400713000","C07","D65300004000001",""]
["W126254","51470","W400900124","B01","P60012305000000",""]
["W126255","51470","W833500000","B01","P60012305100000",""]
["W126256","52132","W833000000","B01","P60012305200000",""]
["W126257","52132","W833000000","B01","P60012305300000",""]
["W126260","51210","W823000006","B01","P60016170000208",""]
["W126261","51222","W455000003","B01","P60016170000204",""]
["W126264","51222","W833000000","B01","P60016170000207",""]
["W126265","51210","W833500087","B01","P60016170000209",""]
["W126266","51210","W404000098","B01","P60016170000210",""]
["W126269","52132","W405200013","B01","",""]
["W126270","51491","W832500055","B01","",""]
["W126272","53800","W833500102","B01","U6036291000000W",""]
["W126274","53106","W402400022","B03","S61110000036016",""]
["W126275","53406","W825000007","B03","S67100000036907",""]
["W126286","51046","W407970000","C07","D64700404000001",""]
["W126287","51046","W400713000","C07","D65300002000001",""]
["W126288","53800","W400900054","B01","U6036621000000W",""]
["W126292","51491","W405400000","B01","P60012305500000",""]
["W126293","51341","W895020207","C00","",""]
["W126296","53106","W710040019","B03","S61110000035334",""]
["W126297","53106","W455000039","B03","S61110000038604",""]
["W126298","53106","W822000003","B03","S61110000038582",""]
["W126299","53106","W400900119","B03","S61110000036110",""]
["W126300","52132","W455000039","B01","",""]
["W126301","53800","W400900124","B01","U6035988000000W",""]
["W126307","52132","W407900030","B01","",""]
["W126308","53106","W833012004","B03","S61110000036024",""]
["W126310","52132","W824000111","B01","",""]
["W126324","52132","W833014000","B01","P60012305600000",""]
["W126338","53800","W710035001","B01","U6035322000000W",""]
["W126341","51046","W407632000","C07","D65200104000001",""]
["W126345","53106","W404500007","B03","S61110000034531",""]
["W126348","51491","W832500034","B01","P60012305700000",""]
["W126349","52132","W833000085","B01","P60012305800000",""]
["W126353","53402","W710080009","B04","S67100000038606",""]
["W126355","53406","W832500061","B03","S67100000037911",""]
["W126356","53406","W405400018","B03","S67100000038193",""]
["W126358","53406","W405200002","B03","S68100000038051",""]
["W126372","53416","W404000030","B03","S68200000035584",""]
["W126373","53106","W408200070","B03","S61110000037132",""]
["W126374","52132","W408200070","B01","",""]
["W126375","51207","W900200000","F40","M63400002202000",""]
["W126376","53500","W402400058","B01","R67100000038819",""]
["W126380","53500","W402400038","B01","R67100000038821",""]
["W126387","51470","W405200003","B01","P60012305900000",""]
["W126388","51470","W405200003","B01","P60012306000000",""]
["W126390","53106","W455000024","B03","S61110000034555",""]
["W126392","53106","W833000096","B03","S61110000036039",""]
["W126394","52132","W405400026","B01","",""]
["W126399","51491","W833000000","B01","P60012306100000",""]
["W126401","53402","W832500038","B04","S67600000038809",""]
["W126403","11000","W455000000","B05","S61110000034555",""]
["W126404","52132","W408200010","B01","P60037198000000",""]
["W126405","53402","W833500132","B04","S67600000038877",""]
["W126406","52132","W833500132","B01","",""]
["W126407","57000","W100000000","G00","F60001012592018","01001"]
["W126408","51491","W823000004","B01","",""]
["W126410","53106","W710060013","B03","S61110000037448",""]
["W126411","53106","W833500129","B03","S61110000035716",""]
["W126412","53106","W710025033","B03","S61110000037098",""]
["W126413","53106","W710025031","B03","S61110000038851",""]
["W126414","53106","W821900022","B03","S61110000038852",""]
["W126431","51491","W408200067","B01","P60012306500000",""]
["W126432","53106","W832500063","B03","S61110000038878",""]
["W126435","52132","W833000000","B01","P60012306400000",""]
["W126436","53106","W455000042","A02","S61110000035216",""]
["W126446","51042","W408200069","C07","",""]
["W126447","51470","W833500133","B01","B60030010900000",""]
["W126448","51470","W823000004","B01","P60012306700000",""]
["W126450","51470","W495010002","B01","P60012306800000",""]
["W126451","51491","W410100000","B01","P60012306900000",""]
["W126452","51046","W400712005","C07","D64800002000001",""]
["W126453","52132","W821900022","B05","S61110000038852",""]
["W126456","53106","W710070015","A02","S61110000035821",""]
["W126462","53500","W710074000","B01","R63000000039017",""]
["W126464","51491","W833000000","B01","P60012307100000",""]
["W126465","51046","W407924000","C07","D65200004000001",""]
["W126470","53106","W822510003","B03","S61110000039031",""]
["W126473","53106","W402400053","B03","S61110000036990",""]
["W126474","53106","W405400007","B03","S61110000036757",""]
["W126475","53106","W465000001","B03","S61110000036678",""]
["W126476","53106","W404000048","B03","S61110000037169",""]
["W126479","51046","W401914000","C07","D64500004000002",""]
["W126486","53800","W409000000","B01","U6036603000000W",""]
["W126487","53800","W400015000","B01","U6036603000000W",""]
["W126488","53800","W401453000","B01","U6036603000000W",""]
["W126491","53416","W710046005","B03","S67600000034834",""]
["W126501","51491","W832500041","B01","",""]
["W126502","51506","W865020000","F12","",""]
["W126506","52132","W455000043","B01","",""]
["W126519","53800","W710060010","B01","U6036620000000W",""]
["W126520","52132","W833000000","B01","",""]
["W126522","52132","W833000072","B01","",""]
["W126523","51491","W713000041","B01","",""]
["W126529","51470","W833000104","B01","P60012307200000",""]
["W126538","51470","W826000000","B01","P60012101160000",""]
["W126554","51341","W895020209","C00","",""]
["W126555","52137","W710060026","B01","",""]
["W126556","51491","W822000000","B01","P60012307300000",""]
["W126557","53106","W832500063","B03","S61110000034662",""]
["W126559","53500","W419000000","B01","R67400000039226",""]
["W126561","53402","W402510028","B04","S68200000039224",""]
["W126562","51491","W413000000","A01","P60012307400000",""]
["W126563","51491","W413000000","A01","P60012307500000",""]
["W126564","51491","W419000000","A01","P60012307700000",""]
["W126565","51491","W419000000","A01","P60012307800000",""]
["W126566","51491","W419100000","A01","P60012307900000",""]
["W126567","51491","W419100000","H01","P60012308000000",""]
["W126568","51491","W409210000","H01","P60012308100000",""]
["W126569","51491","W710010058","B01","",""]
["W126570","51491","W413000000","D13","",""]
["W126571","53406","W495010035","B03","S67100000035566",""]
["W126572","52132","W404500044","B01","",""]
["W126573","52132","W404500045","B01","",""]
["W126574","52132","W404500046","B01","",""]
["W126575","52132","W404500047","B01","",""]
["W126583","11000","W400900000","B05","S61110000039230",""]
["W126584","11000","W400900000","B05","S61110000039233",""]
["W126585","51470","W404500046","B01","P60012308200000",""]
["W126587","51491","W710040034","B01","",""]
["W126590","17039","W882000000","B00","F60001012612018","04028"]
["W126591","55005","W409200000","H01","A61120000039309",""]
["W126599","52132","W404500048","B01","",""]
["W126601","53402","W710060044","B04","S68100000037997",""]
["W126606","53106","W455000010","B03","S62100000036314",""]
["W126607","53106","W832500037","B03","S61110000036156",""]
["W126609","52063","W833533000","A07","",""]
["W126610","51046","W407925000","C07","D65200004000002",""]
["W126612","53402","W823000004","B04","S68200000039394",""]
["W126614","51046","W401923003","C07","D65500002000002",""]
["W126615","53800","W832500037","B01","U6036682000000W",""]
["W126617","53800","W406800001","B01","U6036606000000W",""]
["W126620","52132","W824700058","B01","",""]
["W126630","52132","W455000038","B01","",""]
["W126634","53416","W833500121","B04","S69210000037901",""]
["W126635","52132","W713000042","B01","",""]
["W126637","53402","W710060044","B04","S68200000037996",""]
["W126638","53402","W710040011","B04","S68100000037993",""]
["W126640","53416","W713000042","B03","S69200000038609",""]
["W126642","53402","W824000122","B04","S68200000039275",""]
["W126645","51467","W826070000","B01","",""]
["W126647","51491","W833000095","B01","",""]
["W126648","53416","W455000038","B03","S62600000039449",""]
["W126649","53402","W710025014","B04","S67100000039417",""]
["W126652","51453","W826023000","B03","",""]
["W126654","53106","W826000014","B03","S61110000039427",""]
["W126659","53106","W826000001","B03","S61110000039432",""]
["W126661","53106","W826000014","B03","S61110000039434",""]
["W126663","53106","W826000020","B03","S61110000039436",""]
["W126665","53106","W826000014","B03","S61110000039438",""]
["W126674","53106","W826000021","B03","S61110000039459",""]
["W126684","52132","W824000123","B01","",""]
["W126685","51046","W401453000","C07","D65610002000002",""]
["W126689","52132","W455000044","B01","",""]
["W126690","52132","W455000045","B01","",""]
["W126691","52132","W455000046","B01","",""]
["W126703","51453","W875037000","B05","S61110000039428",""]
["W126726","53106","W833000043","B03","S61550000039537",""]
["W126729","53106","W710065026","B03","S61110000036591",""]
["W126734","53106","W821900022","B03","S61110000037004",""]
["W126736","53416","W405400006","B03","S69200000035430",""]
["W126739","51491","W837000000","B01","",""]
["W126741","52132","W495010016","B05","S61110000034746",""]
["W126742","51491","W824000106","B01","",""]
["W126743","52132","W833500126","B01","",""]
["W126744","53106","W403700005","B03","S61310000039614",""]
["W126747","53402","W710040018","B04","S68200000037992",""]
["W126748","53106","W403000033","B03","S61110000036791",""]
["W126749","53406","W833500119","B04","S67600000039623",""]
["W126750","51470","W834500036","B01","P60082601600057",""]
["W126753","53800","W409210000","H01","U6036592000000W",""]
["W126754","53800","W409210000","H01","U6036646000000W",""]
["W126755","53800","W409210000","H01","U6036647000000W",""]
["W126756","53800","W409210000","H01","U6036648000000W",""]
["W126757","53800","W409210000","H01","U6036664000000W",""]
["W126758","53800","W409210000","H01","U6036687000000W",""]
["W126761","53406","W402400042","B03","S68100000039194",""]
["W126766","52132","W821900022","B05","S61110000037004",""]
["W126767","53402","W710010053","B04","S68100000039538",""]
["W126769","51046","W401487000","C07","D65200002000001",""]
["W126770","51470","W710060048","B01","P60012308300000",""]
["W126774","53106","W495010020","B03","S61110000036568",""]
["W126776","53106","W710065026","B03","S61110000036865",""]
["W126777","53406","W710025033","B03","S69210000036738",""]
["W126779","57000","W407200000","D00","F60001012702018",""]
["W126781","11000","W402400000","B05","S68100000039194",""]
["W126782","51491","W406800000","B01","P60012304900000",""]
["W126783","53416","W408200067","B03","S69200000035675",""]
["W126801","51046","W401962000","C07","D64400304000001",""]
["W126807","17039","W100000000","G00","F60001012722018","01001"]
["W126808","57000","W100000000","G00","F60001012722018","01001"]
["W126809","53106","W419014000","A02","S61110000036538",""]
["W126817","51046","W401453000","C07","D65610204000001",""]
["W126818","51046","W401453000","C07","D65610002000001",""]
["W126819","51046","W401453000","C07","D65610002000003",""]
["W126820","51046","W401453000","C07","D65610006000001",""]
["W126822","51254","W900200000","F40","M63400002802000",""]
["W126823","51046","W407612010","C07","D65200002000002",""]
["W126826","53402","W402510028","B04","S68200000039529",""]
["W126828","53402","W710010050","B04","S68200000039113",""]
["W126829","53402","W832500030","B04","S68200000038191",""]
["W126831","52132","W833000105","B01","",""]
["W126837","53800","W409817000","B01","U6035319000000W",""]
["W126839","53406","W400900124","B03","S67100000039757",""]
["W126842","52132","W495010030","B01","",""]
["W126844","51453","W400120000","F10","P60016200000006",""]
["W126845","51491","W408200000","B01","P60012308500000",""]
["W126846","51491","W405400018","B01","P60012308600000",""]
["W126847","52132","W455000047","B01","",""]
["W126849","11000","W402400000","B05","S61310000032403",""]
["W126852","57000","W842010000","G00","F60001012732018",""]
["W126853","53402","W402510007","B04","S68200000038740",""]
["W126855","53402","W402510024","B04","S68200000038737",""]
["W126856","51491","W855000000","B01","",""]
["W126862","53106","W400900054","B03","S61110000039817",""]
["W126863","53106","W400900054","B03","S61110000039818",""]
["W126864","53106","W400900054","B03","S61110000039819",""]
["W126865","53106","W400900054","B03","S61110000039820",""]
["W126866","53106","W400900054","B03","S61110000039821",""]
["W126867","53106","W400900054","B03","S61110000039822",""]
["W126871","52132","W405400000","B01","P60012308700000",""]
["W126872","52132","W405400000","B01","P60012308800000",""]
["W126876","52132","W400900148","B01","",""]
["W126877","53402","W402510023","B04","S68200000039526",""]
["W126878","51046","W400713000","C07","D65300002000003",""]
["W126880","53402","W710010045","B04","S68200000039801",""]
["W126881","53406","W710060059","B03","S67300000039681",""]
["W126882","53500","W832500034","B01","R67700000039874",""]
["W126884","52132","W401923000","B01","",""]
["W126885","52132","W400713000","B01","",""]
["W126888","53800","W710085012","B01","U6036697000000W",""]
["W126889","52132","W404500000","B01","P60012308900000",""]
["W126890","53402","W832500064","B04","S67600000039645",""]
["W126891","53402","W710040011","B04","S68100000038270",""]
["W126893","51046","W407980000","C07","D64100202000002",""]
["W126894","51046","W407980000","C07","D64100202000003",""]
["W126895","51046","W407980000","C07","D64100202000004",""]
["W126900","53402","W402510032","B04","S68200000039910",""]
["W126902","51046","W401962000","C07","D64400302000001",""]
["W126903","51470","W455000024","B01","P60012309000000",""]
["W126907","52132","W710065045","B01","",""]
["W126908","52137","W710075011","A01","P60012309100000",""]
["W126909","52132","W710060060","B01","",""]
["W126910","53416","W710060060","B03","S69210000035737",""]
["W126911","53416","W402400047","B03","S67100000035410",""]
["W126923","51046","W401486000","C07","D65200001000001",""]
["W126924","51046","W401487000","C07","D65200001000002",""]
["W126931","52132","W833500133","B01","",""]
["W126932","53800","W402400011","B01","U6035321000000W",""]
["W126933","53800","W409000000","B01","U6035310000000W",""]
["W126934","53402","W833500058","B04","S68200000039955",""]
["W126935","53402","W832500064","B04","S68200000038365",""]
["W126938","52132","W408200071","B01","",""]
["W126939","52132","W405200014","B01","",""]
["W126940","53406","W827500001","B03","S67100000039893",""]
["W126943","53406","W405200014","B03","S68100000039783",""]
["W126945","51491","W409000000","B01","P60012309200000",""]
["W126946","52132","W832500066","B01","",""]
["W126947","53402","W402510021","B04","S68100000038743",""]
["W126951","53406","W710010045","B03","S67600000038589",""]
["W126952","53402","W402510028","B04","S67100000039530",""]
["W126958","57000","W882000000","G00","F60001012782018","01001"]
["W126960","52132","W408200000","B05","S69200000035675",""]
["W126961","53106","W404500049","A02","S61110000038371",""]
["W126962","51491","W403000019","B01","",""]
["W126964","51491","W405400000","B01","",""]
["W126967","53106","W405400013","B03","S61110000036718",""]
["W126968","53402","W402510007","B04","S68200000038741",""]
["W126972","53402","W710040011","B04","S68200000038279",""]
["W126973","53402","W408200067","B04","S68100000038417",""]
["W126976","51470","W832500059","B01","P60010001550000",""]
["W126980","53800","W417000000","B01","U6036183000000W",""]
["W126982","51125","W823010000","B07","",""]
["W126983","51254","W900200000","F40","M63400003222000",""]
["W126984","51207","W900200000","F40","M63400003222000",""]
["W126985","51206","W900200000","M00","M63400003222000",""]
["W126986","51206","W900200000","M00","M63400001055000",""]
["W126992","51453","W826000000","B05","S67100000039757",""]
["W126994","17039","W882000000","G00","F60001012392018",""]
["W126995","51125","W402434000","B07","",""]
["W126996","51046","W401962000","C07","D64400104000001",""]
["W126997","53406","W710046005","B03","S69200000039200",""]
["W127005","53800","W409000000","B01","U6035109000000W",""]
["W127015","51491","W488000000","A01","P60012309300000",""]
["W127016","51046","W401962000","C07","P60030020700000",""]
["W127017","51046","W401962000","C07","P60030020800000",""]
["W127018","51046","W401962000","C07","P60030021000000",""]
["W127019","57000","W413000000","G00","F60001012842018",""]
["W127021","57000","W882000000","G00","F60001012812018",""]
["W127022","11000","W400900000","B05","P60082601600060",""]
["W127023","53800","W710060014","B01","U6036623000000W",""]
["W127025","53500","W833500000","B01","R67700000040264",""]
["W127027","52132","W822500035","B01","",""]
["W127034","53406","W710010050","B03","S67100000040269",""]
["W127041","53106","W419100030","A01","S61120000040278",""]
["W127047","53406","W832500033","B03","S67100000039729",""]
["W127048","53406","W710060014","B03","S68200000039828",""]
["W127057","51046","W401880000","C07","D65630002000002",""]
["W127058","51046","W401950000","C07","D65620604000001",""]
["W127059","51046","W401950000","C07","D65620004000002",""]
["W127060","51046","W401950000","C07","D65620004000003",""]
["W127062","53406","W822000003","B03","S68200000040046",""]
["W127063","53406","W405200002","B03","S68200000040048",""]
["W127065","53402","W833500088","B04","S67600000040248",""]
["W127066","53416","W825500016","B03","S69210000036517",""]
["W127070","53106","W400900124","B03","S61110000038595",""]
["W127071","51470","W405400007","B01","B60020004100000",""]
["W127072","51491","W417000000","B01","P60012101170000",""]
["W127074","53406","W822000003","B03","S68200000040343",""]
["W127076","51046","W401950000","C07","D65620004000004",""]
["W127083","53406","W833500119","B04","S67600000040321",""]
["W127087","53402","W833500119","B04","S67600000040329",""]
["W127089","51046","W407980000","C07","D64100202000005",""]
["W127090","51046","W407980000","C07","D64100202000006",""]
["W127092","53402","W710010058","B04","S68200000040331",""]
["W127093","53406","W824000112","B03","S67300000039156",""]
["W127096","53406","W827500001","B03","S69200000040079",""]
["W127097","52132","W402400054","B01","",""]
["W127098","51491","W404000026","B01","P60037138440000",""]
["W127100","53500","W404500000","B01","R67700000040382",""]
["W127101","53800","W833500133","B01","U6035433000000W",""]
["W127102","53106","W495010003","B03","S61110000038129",""]
["W127104","51341","W407611001","C07","D65400004000002",""]
["W127105","51491","W710085000","B01","P60037138450000",""]
["W127106","51470","W833500135","B01","P60010001560000",""]
["W127108","52132","W824000124","B01","",""]
["W127113","51453","W826000000","B05","S61110000038595",""]
["W127114","52132","W710010045","B01","P60037138460000",""]
["W127125","51453","W710040000","B05","S61110000036904",""]
["W127126","51470","W833500121","B01","P60012309400000",""]
["W127128","51491","W710080009","B01","",""]
["W127131","53402","W710085012","B04","S68200000038791",""]
["W127145","53406","W405200002","B03","S68200000040231",""]
["W127146","53406","W405200002","B03","S68200000040354",""]
["W127151","53402","W824000106","B04","S69210000038991",""]
["W127152","53402","W402510028","B04","S68200000039528",""]
["W127153","11000","W455000000","B05","S61110000036538",""]
["W127154","51470","W404500005","B01","P60037138470000",""]
["W127155","53402","W824000054","B04","S68200000038996",""]
["W127156","53406","W402400047","B03","S68200000038924",""]
["W127157","53406","W419000006","A01","S67100000040233",""]
["W127158","52132","W832500067","B01","",""]
["W127159","53416","W832500067","B04","S69200000040378",""]
["W127160","52132","W409817200","B01","",""]
["W127161","53406","W400900004","B03","S68200000040121",""]
["W127163","52132","W710070031","B01","",""]
["W127165","52132","W710035001","B05","S67100000037150",""]
["W127166","53406","W710040015","B03","S68200000038176",""]
["W127167","53106","W710035001","B03","S61110000037867",""]
["W127168","53402","W710085012","B04","S68200000040537",""]
["W127169","53402","W825500018","B04","S68200000039697",""]
["W127170","53106","W465000003","B03","S61110000030616",""]
["W127172","57012","W842700000","L00","F60001012892018","01001"]
["W127173","17039","W100000000","G00","F60001012892018","01001"]
["W127187","53213","W833000055","C04","E63600000040498",""]
["W127193","53203","W833060000","C04","E63500000040505",""]
["W127198","52132","W710000000","B01","P60037138480000",""]
["W127204","53800","W710025014","B01","U6032676300000W",""]
["W127206","51009","W419042000","A07","",""]
["W127210","53402","W402510007","B04","S68200000039531",""]
["W127212","53402","W833000080","B04","S68200000038603",""]
["W127213","53406","W405200002","B03","S68200000039755",""]
["W127215","53106","W495010019","B03","S61110000037783",""]
["W127217","51046","W400717000","C07","D64700302000003",""]
["W127220","53500","W833500000","B01","R67400000040656",""]
["W127224","53106","W405400005","B03","S61110000037679",""]
["W127235","51491","W832500034","B01","P60037138490000",""]
["W127236","53106","W495010011","B03","S61110000037680",""]
["W127238","53106","W403700007","B03","S61110000038091",""]
["W127239","51254","W900200000","F40","M63400003240000",""]
["W127240","51207","W900200000","F40","M63400003240000",""]
["W127241","51206","W900200000","M00","M63400003240000",""]
["W127242","51491","W823000005","B01","P60037138500000",""]
["W127243","53402","W402510032","B04","S68200000040688",""]
["W127248","53106","W710010045","B03","S61110000038152",""]
["W127251","51470","W833500136","B01","B60020005000000",""]
["W127256","51046","W400712005","C07","D64800002000002",""]
["W127257","53402","W710040011","B04","S68200000038773",""]
["W127261","57000","W100000000","G00","F60001012902018","01001"]
["W127263","51046","W401923003","C07","D65500002000003",""]
["W127265","53106","W455000002","A02","S61110000040756",""]
["W127269","57012","W842730000","G00","F60001012942018",""]
["W127270","51046","W401923003","C07","D65500002000004",""]
["W127271","53800","W825500000","B01","U6036609000000W",""]
["W127277","53106","W710070006","B03","S61110000040779",""]
["W127278","53106","W710070012","B03","S61110000040780",""]
["W127284","51046","W401880000","C07","D65630004000001",""]
["W127285","51046","W401880000","C07","D65630204000001",""]
["W127286","51046","W401880000","C07","D65630002000001",""]
["W127287","51046","W401880000","C07","D65630002000003",""]
["W127288","51046","W401880000","C07","D65630002000004",""]
["W127292","51491","W710060038","B01","",""]
["W127293","51470","W833000072","B01","P60037138510000",""]
["W127295","51046","W401880000","C07","D65630002000005",""]
["W127299","53106","W710010045","B03","S61110000038118",""]
["W127300","53402","W710040011","B04","S68200000038774",""]
["W127301","53106","W710010051","B03","S61110000037528",""]
["W127311","52132","W710060010","B01","P60037138520000",""]
["W127312","51491","W710015002","B01","",""]
["W127314","51046","W401880000","C07","D65630006000001",""]
["W127315","52132","W822500037","B01","",""]
["W127316","53402","W822500037","B04","S68200000040767",""]
["W127317","53402","W832500036","B04","S68200000038865",""]
["W127322","51470","W833000102","B01","P60082601600063",""]
["W127323","51470","W832500055","B01","P60082601600064",""]
["W127325","53106","W404500015","B03","S61110000038838",""]
["W127326","53402","W832500055","B04","S68200000038010",""]
["W127328","52132","W822500038","B01","",""]
["W127332","53406","W833012004","B03","S67400000040891",""]
["W127335","51046","W407970000","C07","D64700402000001",""]
["W127348","53800","W833500102","B01","U6035109000000W",""]
["W127349","53800","W419100000","H01","U6036689000000W",""]
["W127350","51046","W835110000","C07","D65100002000001",""]
["W127351","51046","W835110000","C07","D65100002000002",""]
["W127352","51046","W835110000","C07","D65100002000003",""]
["W127353","51046","W835110000","C07","D65100002000004",""]
["W127354","53500","W404500000","B01","R67400000040927",""]
["W127355","51046","W400717000","C07","D64700302000004",""]
["W127356","51046","W400717000","C07","D64700302000005",""]
["W127363","51254","W900100000","F40","M61000203700000",""]
["W127365","53402","W402510023","B04","S67100000038739",""]
["W127366","53402","W402510025","B04","S68200000039525",""]
["W127367","53402","W402510025","B04","S68200000039523",""]
["W127368","53416","W822500033","B03","S69110000036264",""]
["W127369","17039","W843000000","G00","F60001012122017",""]
["W127370","53402","W402510007","B04","S68200000040941",""]
["W127371","53106","W402400048","B03","S61110000038648",""]
["W127372","53106","W402400048","B03","S61110000038981",""]
["W127374","53106","W404000088","B03","S62100000038588",""]
["W127376","52132","W824700000","B01","P60037138530000",""]
["W127377","53106","W455000039","B03","S61110000039115",""]
["W127379","53406","W495010030","B03","S67100000040978",""]
["W127382","52132","W825000000","B05","S61110000029247",""]
["W127384","53800","W710000001","B01","U6036134000000W",""]
["W127385","53416","W455000038","B03","S67600000040997",""]
["W127387","11000","W402400000","B05","S61110000038648",""]
["W127388","11000","W402400000","B05","S61110000038981",""]
["W127389","53106","W455000039","B03","S61110000038970",""]
["W127396","51082","W409017000","E14","",""]
["W127397","51082","W409018000","E14","",""]
["W127405","11000","W455000000","B05","S61110000032635",""]
["W127410","11000","W455000000","B05","S61110000035821",""]
["W127413","11000","W455000000","B05","S61110000030395",""]
["W127417","52132","W710025037","B01","",""]
["W127418","51046","W835110000","C07","D65100006000001",""]
["W127420","53402","W710040011","B04","S68100000038775",""]
["W127424","52132","W402400022","B01","",""]
["W127426","52132","W833500137","B01","",""]
["W127431","52132","W821900022","B05","S61110000041016",""]
["W127432","11000","W455000000","B05","S61110000038118",""]
["W127437","51491","W400900006","B01","P60037138540000",""]
["W127438","53416","W710060044","B04","S69200000040060",""]
["W127439","53106","W710025040","B03","S61110000039345",""]
["W127440","53402","W823000004","B04","S68200000040542",""]
["W127444","53402","W710060038","B04","S68100000041017",""]
["W127445","53402","W710040021","B04","S68200000039609",""]
["W127446","53402","W710040021","B04","S68200000039611",""]
["W127449","51470","W832500041","B01","P60082601600066",""]
["W127452","52126","W406800001","B03","P60016170000213",""]
["W127454","52126","W710060014","B03","P60016170000215",""]
["W127455","52126","W834500030","B03","P60016170000216",""]
["W127462","53106","W710085013","B03","S61110000039016",""]
["W127468","53402","W710040011","B04","S68200000039712",""]
["W127470","53402","W825000032","B04","S68200000039544",""]
["W127471","53402","W824000095","B04","S68300000041102",""]
["W127473","51470","W402400011","B01","P60037138570000",""]
["W127474","51046","W401453000","C07","D65610002000004",""]
["W127475","52132","W408200000","B05","S61110000037132",""]
["W127476","51046","W400712005","C07","D64800002000003",""]
["W127477","51491","W822900000","B01","P60037138550000",""]
["W127478","53402","W402510021","B04","S68100000041230",""]
["W127479","52063","W833042000","A07","",""]
["W127480","53416","W400900022","B03","S69110000036661",""]
["W127485","51206","W900200000","M00","M63400002936000",""]
["W127486","51046","W407611001","C07","D65400004000001",""]
["W127487","53106","W713000041","B03","S61110000038704",""]
["W127488","53106","W406800001","B03","S61110000037970",""]
["W127489","53106","W495010001","B03","S61110000041250",""]
["W127490","52132","W713000041","B01","",""]
["W127491","51470","W405200002","B01","P60037138580000",""]
["W127494","53406","W821900051","B03","S67100000040365",""]
["W127495","53416","W408200067","B04","S69210000040178",""]
["W127496","53402","W710085012","B04","S68100000038468",""]
["W127498","51046","W407611001","C07","D65400004000003",""]
["W127500","52132","W833000106","B01","",""]
["W127502","51046","W401470000","C07","",""]
["W127503","51046","W407970000","C07","D64700404000003",""]
["W127504","51046","W407970000","C07","D64700404000004",""]
["W127505","53402","W710040011","B04","S68200000040235",""]
["W127507","53406","W495010014","B03","S68100000040995",""]
["W127508","51046","W401916005","C07","D62000003000001",""]
["W127513","51046","W401916002","C07","D62000003000001",""]
["W127514","51046","W401916003","C07","D62000003000001",""]
["W127515","51046","W401916002","C07","D64700003000004",""]
["W127516","51046","W401916002","C07","D64700003000008",""]
["W127517","51046","W401916005","C07","D65300003000002",""]
["W127518","51046","W401916002","C07","D64700003000006",""]
["W127519","51046","W401916005","C07","D65300003000003",""]
["W127520","51046","W401916005","C07","D65300003000004",""]
["W127521","51046","W401916002","C07","D64700003000007",""]
["W127522","51046","W401916005","C07","D65300003000005",""]
["W127523","51046","W401916005","C07","D65300003000006",""]
["W127524","51046","W401916005","C07","D65300003000007",""]
["W127526","51046","W401916005","C07","D65300003000009",""]
["W127527","51046","W401916005","C07","D65300003000011",""]
["W127528","51046","W401916005","C07","D65300003000012",""]
["W127529","51046","W401916002","C07","D64700003000009",""]
["W127530","51046","W401916002","C07","D64700303000001",""]
["W127531","51046","W401916002","C07","D64800003000002",""]
["W127533","51046","W401916005","C07","D65300003000013",""]
["W127534","51046","W401916005","C07","D65300003000014",""]
["W127535","51046","W401916005","C07","D65300003000015",""]
["W127536","51046","W401916004","C07","D64500003000001",""]
["W127537","53106","W404000100","A02","S61110000039154",""]
["W127538","53106","W495010020","B03","S61110000036959",""]
["W127539","53800","W408200000","B01","U6035314000000W",""]
["W127540","53800","W833500126","B01","U6035317000000W",""]
["W127541","53800","W495010007","B01","U6035321000000W",""]
["W127542","53800","W495010007","B01","U6035323000000W",""]
["W127543","53800","W495010007","B01","U6035325000000W",""]
["W127544","53800","W477000000","B01","U6036692000000W",""]
["W127545","51046","W407612010","C07","D65200002000003",""]
["W127546","51046","W401916002","C07","D64700003000005",""]
["W127547","53106","W404000101","A02","S61110000039381",""]
["W127548","53106","W710060021","B03","S61110000038794",""]
["W127550","51470","W710065046","B01","B60010002800000",""]
["W127552","51491","W822900000","B01","P60037138600000",""]
["W127553","51046","W401916002","C07","D64700003000010",""]
["W127554","51046","W407970000","C07","D64700404000005",""]
["W127555","53106","W465000008","A02","S61110000038383",""]
["W127556","53106","W405400028","A02","S61110000039467",""]
["W127557","53406","W823000005","B03","S67100000038872",""]
["W127558","53406","W400900146","B03","S67100000041034",""]
["W127560","53406","W824000067","A02","S67100000040824",""]
["W127561","53106","W400900005","B03","S61300000038762",""]
["W127563","53402","W710040011","B04","S68100000040234",""]
["W127568","53106","W400900120","B03","S61110000039603",""]
["W127569","53106","W404500044","B03","S61110000038291",""]
["W127571","53106","W713000022","B03","S61110000041413",""]
["W127572","53106","W455000002","B03","S61110000041414",""]
["W127573","53800","W855000000","B01","U6035381000000W",""]
["W127574","53800","W855000000","B01","U6035386000000W",""]
["W127575","53800","W402400011","B01","U6035328000000W",""]
["W127579","51470","W455000050","B01","P60037138590000",""]
["W127583","53106","W400900004","B03","S61300000038757",""]
["W127584","53402","W710025014","B04","S67100000041284",""]
["W127585","53106","W455000049","B03","S61110000038971",""]
["W127587","53106","W710060026","B03","S61110000038811",""]
["W127589","53106","W495010016","B03","S61110000039163",""]
["W127592","51046","W401916002","C07","D64700003000011",""]
["W127593","52132","W495010004","B01","",""]
["W127594","11000","W400900000","B05","S69110000036661",""]
["W127596","52132","W455000057","B01","",""]
["W127597","53106","W404000102","A02","S61110000039414",""]
["W127599","53106","W713000022","B03","S61110000041479",""]
["W127600","53106","W455000002","B03","S61110000041480",""]
["W127607","52137","W827500000","B05","S61110000036538",""]
["W127610","57000","W822000000","A00","F60001020322019",""]
["W127611","57012","W842700000","L00","F6001CP20412019","01001"]
["W127612","17039","W100000000","G00","F6001CP20412019","01001"]
["W127613","57000","W413000000","G00","F6001CP20392019",""]
["W127616","51466","W713000000","A01","P60037137756000",""]
["W127617","51466","W824700000","A01","P60037137757000",""]
["W127618","51466","W832500000","A01","P60037137758000",""]
["W127619","51466","W710000000","A01","P60037137759000",""]
["W127620","51466","W825500000","A01","P60037137761000",""]
["W127621","51466","W833500000","A01","P60037137762000",""]
["W127622","51466","W833000000","A01","P60037137763000",""]
["W127623","53416","W822560004","B03","S69200000039070",""]
["W127625","53416","W400900090","B03","S69200000039329",""]
["W127626","53406","W405400007","B03","S68100000040394",""]
["W127629","53106","W465000002","B03","S61110000039562",""]
["W127630","53402","W710040021","B04","S68200000039612",""]
["W127634","53500","W824013000","B01","R67400000041527",""]
["W127635","53106","W465000004","B03","S61110000038835",""]
["W127637","53106","W833000028","B03","S61170000041265",""]
["W127638","53106","W833000028","B03","S61170000041266",""]
["W127639","53800","W822000000","B01","U6035386000000W",""]
["W127640","53800","W822000000","B01","U6035327000000W",""]
["W127641","51046","W401962000","C07","D64400304000002",""]
["W127643","53106","W824700057","A02","S61120000041529",""]
["W127644","51046","W401451000","C07","D63100006000001",""]
["W127645","51046","W401451000","C07","D63100006000002",""]
["W127646","51046","W401451000","C07","D63100006000003",""]
["W127647","51046","W401451000","C07","D63100006000004",""]
["W127648","51046","W401451000","C07","D63100006000005",""]
["W127653","53213","W407900008","C04","S63500000041423",""]
["W127656","51254","W900200000","F40","M63400001946000",""]
["W127657","52132","W400900000","B01","P60037138610000",""]
["W127658","52132","W400900000","B01","P60037138620000",""]
["W127659","52132","W400900000","B01","P60037138630000",""]
["W127660","52132","W400900000","B01","P60037138640000",""]
["W127661","52132","W400900000","B01","P60037138650000",""]
["W127662","52132","W400900000","B01","P60037138660000",""]
["W127664","53106","W416800009","B03","S61310000038848",""]
["W127665","53416","W824700060","A02","S67100000038508",""]
["W127666","52132","W824700060","B01","",""]
["W127667","52132","W832500051","B01","",""]
["W127669","53106","W404000073","B03","S62100000039308",""]
["W127671","53106","W495010004","B03","S61110000038933",""]
["W127676","57000","W842102000","G00","F60000MOVES2019",""]
["W127681","51453","W419000000","E14","",""]
["W127682","11000","W455000000","B05","S61110000038152",""]
["W127683","51125","W405240000","B07","",""]
["W127686","53406","W405200002","B03","S68300000041422",""]
["W127687","53406","W405200011","B03","S68300000041584",""]
["W127688","53406","W822000009","B03","S68300000041585",""]
["W127689","52132","W822000009","B01","",""]
["W127691","51207","W900200000","F40","M63400001912000",""]
["W127693","53500","W822500000","B01","R67400000041622",""]
["W127695","51491","W404500034","B01","",""]
["W127696","53106","W710046004","B03","S61110000039134",""]
["W127698","51470","W405200015","B01","B60030011000000",""]
["W127700","51453","W400016100","F10","",""]
["W127701","53800","W713000041","B01","U6036603000000W",""]
["W127702","53800","W824700053","B01","U6036603000000W",""]
["W127703","53800","W410100000","B01","U6036603000000W",""]
["W127704","53800","W401962000","B01","U6036603000000W",""]
["W127705","11000","W400900000","B05","S61300000038762",""]
["W127707","53402","W833500088","B04","S67600000041569",""]
["W127710","51466","W822900000","A01","P60037138680000",""]
["W127711","51466","W405400000","A01","P60037138690000",""]
["W127712","51466","W465000000","A01","P60037138700000",""]
["W127713","51466","W495000000","A01","P60037138710000",""]
["W127714","51466","W400900000","A01","P60037138720000",""]
["W127715","51466","W455000000","A01","P60037138730000",""]
["W127717","53106","W833500129","B03","S61110000036873",""]
["W127718","53106","W821900041","B03","S61110000037932",""]
["W127720","51466","W406800000","B05","S61110000037970",""]
["W127721","53106","W713000042","B03","S61110000038297",""]
["W127722","53402","W833500119","B04","S68100000041495",""]
["W127723","57000","W100000000","G00","F6001CP20532019","01001"]
["W127724","57016","W100000000","G00","F6001CP20512019","01001"]
["W127725","51466","W403700000","A01","P60037138740000",""]
["W127726","51466","W404000000","A01","P60037138750000",""]
["W127727","51466","W404000000","A01","P60037138760000",""]
["W127728","51466","W404000000","A01","P60037138770000",""]
["W127729","51466","W404000000","A01","P60037138780000",""]
["W127730","51466","W402400000","A01","P60037138790000",""]
["W127731","51466","W402400000","A01","P60037138800000",""]
["W127732","51466","W402400000","A01","P60037138810000",""]
["W127733","51466","W402400000","A01","P60037138820000",""]
["W127734","51466","W402400000","A01","P60037138830000",""]
["W127736","53416","W455000032","B03","S67600000040297",""]
["W127737","53106","W495010003","B03","S61110000037041",""]
["W127738","53106","W404500045","B03","S61110000038992",""]
["W127739","53106","W455000032","B03","S61110000038986",""]
["W127740","53406","W400900133","B03","S68200000041700",""]
["W127741","51466","W402400000","A01","P60037138840000",""]
["W127744","51466","W495000000","A01","P60037138870000",""]
["W127746","51466","W400920000","A01","P60037138890000",""]
["W127747","51466","W400900000","A01","P60037138900000",""]
["W127748","51466","W400900000","A01","P60037138910000",""]
["W127749","51466","W404500000","A01","P60037138920000",""]
["W127750","51466","W465000000","A01","P60037138930000",""]
["W127751","51466","W465000000","A01","P60037138940000",""]
["W127752","51466","W465000000","A01","P60037138950000",""]
["W127753","51466","W455000000","A01","P60037138960000",""]
["W127754","51466","W455000000","A01","P60037138970000",""]
["W127755","51466","W405400000","A01","P60037138980000",""]
["W127756","51466","W405400000","A01","P60037138990000",""]
["W127757","51466","W405400000","A01","P60037139000000",""]
["W127758","51466","W406800000","A01","P60012304900000",""]
["W127769","51491","W455000000","B01","P60037139100000",""]
["W127770","51491","W455000000","B01","P60037139200000",""]
["W127774","57000","W100000000","G00","F6CW1CP20542019","01001"]
["W127775","57000","W100000000","G00","F6BW1CP20542019","01001"]
["W127776","57000","W100000000","G00","F6SW1CP20542019","01001"]
["W127780","51466","W405200000","A01","P60037139300000",""]
["W127781","51466","W833000000","A01","P60037139400000",""]
["W127782","51466","W822000000","B01","P60037139500000",""]
["W127783","51466","W405200000","B01","P60037139600000",""]
["W127784","53800","W710065046","B01","U6035344000000W",""]
["W127791","51466","W406800000","A01","P60037139900000",""]
["W127792","11000","W455000000","B05","S61110000038986",""]
["W127793","11000","W455000000","B05","S67600000040297",""]
["W127796","51210","W824000123","B01","P60016170000221",""]
["W127797","51210","W833500102","B01","P60016170000222",""]
["W127798","51210","W713000044","B01","P60016170000223",""]
["W127799","51222","W713000044","B01","P60016170000220",""]
["W127800","52132","W833060000","B01","P60050000000000",""]
["W127801","51470","W400900005","B01","P60051000000000",""]
["W127802","51491","W822000000","B01","P60052000000000",""]
["W127804","53402","W402510007","B04","S68200000041739",""]
["W127805","53406","W455000038","B03","S67200000041659",""]
["W127806","53106","W713000028","B03","S61110000038759",""]
["W127807","53106","W419000006","B03","S62100000041470",""]
["W127808","51046","W401950000","C07","D65620002000001",""]
["W127811","57000","W822000000","G00","F6001CP20592019",""]
["W127812","57000","W413000000","G00","F67T1CP20392019",""]
["W127813","57000","W413000000","G00","F6ATSCP20392019",""]
["W127815","53106","W832500068","A02","S61110000038231",""]
["W127816","53106","W404000039","B03","S61110000039138",""]
["W127819","53406","W710060025","B03","S68300000040172",""]
["W127820","53106","W400900054","B03","S61110000040032",""]
["W127825","53106","W833000055","B03","S61180000041760",""]
["W127826","53416","W833000078","B03","S67600000041431",""]
["W127830","51046","W400712005","C07","D64800004000001",""]
["W127831","51046","W400712005","C07","D64800004000002",""]
["W127832","51491","W832500035","B01","",""]
["W127833","51491","W832500057","B01","",""]
["W127834","11000","W455000000","B05","S61110000038970",""]
["W127835","11000","W455000000","B05","S61110000039115",""]
["W127836","11000","W455000000","B05","S61110000038971",""]
["W127838","51491","W833500133","B01","P60054000000000",""]
["W127839","51491","W408200062","B01","P60055000000000",""]
["W127840","51206","W900200000","M00","M63400001912000",""]
["W127841","53203","W408200069","C07","E63120000041840",""]
["W127842","53106","W833000085","B03","S61110000038616",""]
["W127846","53800","W822000000","B01","U6035329000000W",""]
["W127847","52132","W495010016","B05","S61110000039163",""]
["W127849","53106","W402400053","B03","S61110000041870",""]
["W127852","53106","W403000033","B03","S61110000038366",""]
["W127854","11000","W400950000","B05","S61110000038794",""]
["W127855","53106","W713000022","B03","S61110000041878",""]
["W127858","53406","W823000005","B03","S67100000038205",""]
["W127859","51491","W833060000","B01","P60056000000000",""]
["W127861","51470","W710010045","B01","P60057000000000",""]
["W127862","52132","W855000002","B01","",""]
["W127863","53106","W832500063","B03","S61110000041894",""]
["W127864","53106","W832500063","B03","S61110000041895",""]
["W127865","53416","W400800006","C04","S67100000041563",""]
["W127867","53106","W404000052","B03","S61110000041882",""]
["W127868","52132","W400900146","B01","",""]
["W127869","51466","W822000000","B01","P60058000000000",""]
["W127870","52132","W455000000","B01","P60059000000000",""]
["W127871","53406","W832500034","B03","S68100000041032",""]
["W127873","51491","W832500066","B01","",""]
["W127875","53406","W402400024","B03","S67100000041935",""]
["W127880","52132","W821900041","B05","S61110000037932",""]
["W127890","53106","W495010010","B03","S61110000039170",""]
["W127894","53106","W404000103","A02","S61110000038271",""]
["W127895","53402","W832500066","B04","S68200000041950",""]
["W127897","53106","W855000003","B03","S61110000038478",""]
["W127901","53416","W710070020","B03","S69200000041964",""]
["W127902","53416","W710070020","B03","S67600000041963",""]
["W127903","53106","W710010045","B03","S61110000041959",""]
["W127905","53106","W495010036","B03","S61110000039653",""]
["W127907","52132","W833000107","B01","",""]
["W127908","52132","W495010036","B01","",""]
["W127909","52132","W822000010","B01","",""]
["W127910","53402","W402510009","B04","S68200000041743",""]
["W127911","53402","W402510021","B04","S68200000041947",""]
["W127915","53416","W822000010","B03","S67600000041587",""]
["W127917","51491","W405400000","B01","P60060000000000",""]
["W127921","53406","W408200063","B03","S67400000041867",""]
["W127922","57121","W822500039","B03","S61110000037838",""]
["W127923","52132","W822500039","B01","",""]
["W127925","51470","W455000050","B01","P60061000000000",""]
["W127926","51470","W419100011","B01","P60062000000000",""]
["W127928","53500","W822500000","B01","R67700000042039",""]
["W127929","11000","W455000000","B05","S61110000038616",""]
["W127931","53106","W822510003","B03","S61110000042026",""]
["W127934","53106","W710060010","B03","S61110000038725",""]
["W127935","53106","W710060062","B03","S61110000042012",""]
["W127936","52132","W710060062","B01","",""]
["W127938","53106","W405400005","B03","S61110000041969",""]
["W127946","53106","W404000040","B03","S61110000039565",""]
["W127948","51491","W833500119","B01","P60063000000000",""]
["W127950","53106","W404500001","B03","S61110000042025",""]
["W127951","53106","W710046004","B03","S61110000040389",""]
["W127953","51491","W833000000","B01","P60012309500000",""]
["W127954","53106","W416800017","B03","S61170000042109",""]
["W127955","53106","W495010017","B03","S61110000040219",""]
["W127956","11000","W400900000","B05","S61110000036110",""]
["W127957","51470","W405400031","B01","B60020005100000",""]
["W127967","57000","W882000000","G00","F6C7RCP20612019","01001"]
["W127968","57000","W882000000","G00","F6SL1CP20622019","01001"]
["W127969","57000","W882000000","G00","F6VC7CP20632019","01001"]
["W127970","57000","W882000000","G00","F6CWRCP20682019","01001"]
["W127971","57000","W882000000","G00","F6BWDCP20692019","01001"]
["W127972","57000","W843010000","G00","F6PPPCP20662019",""]
["W127973","57000","W843010000","G00","F6SCRCP20672019",""]
["W127974","57016","W843010000","G00","F630RCP20652019",""]
["W127975","51101","W843010000","L11","F630RCP20652019",""]
["W127976","51470","W833000055","B01","P60064000000000",""]
["W127977","53500","W832500034","B01","R67100000042134",""]
["W127978","53406","W710060063","A02","S67100000039950",""]
["W127979","51207","W900100000","F40","M61000101242000",""]
["W127980","51466","W823000000","A01","P60065000000000",""]
["W127981","51466","W824700000","A01","P60066000000000",""]
["W127982","51466","W824700000","A01","P60067000000000",""]
["W127983","51466","W710000000","A01","P60068000000000",""]
["W127984","51466","W832500000","A01","P60069000000000",""]
["W127985","51466","W832500000","A01","P60070000000000",""]
["W127986","51466","W832500000","A01","P60071000000000",""]
["W127987","51466","W855000000","A01","P60072000000000",""]
["W127988","51466","W825500000","A01","P60073000000000",""]
["W127989","51466","W821900000","A01","P60074000000000",""]
["W127990","51046","W401962000","C07","D64400304000003",""]
["W127991","53406","W408200010","B03","S67400000040749",""]
["W127992","53402","W822500026","B04","S68200000042128",""]
["W127993","53402","W823000004","B04","S68100000041883",""]
["W127994","52132","W404500001","B05","S61110000030996",""]
["W127995","53800","W710010049","B01","U6038060000000W",""]
["W127996","51466","W833000000","B01","P60075000000000",""]
["W127997","51466","W833500000","A01","P60076000000000",""]
["W127998","51466","W833500000","A01","P60077000000000",""]
["W127999","51466","W833500000","A01","P60078000000000",""]
["W128001","51466","W833000000","A01","P60080000000000",""]
["W128002","51466","W833000000","A01","P60081000000000",""]
["W128003","51466","W833000000","A01","P60082000000000",""]
["W128004","51466","W822520000","A01","P60083000000000",""]
["W128005","51466","W822500000","A01","P60084000000000",""]
["W128008","53213","W407900008","C04","S63500000042218",""]
["W128009","52132","W400900000","B01","P60085000000000",""]
["W128010","57000","W405200000","G00","F6GTCCP20852019",""]
["W128011","57000","W416839000","G00","F6CRCCP20862019",""]
["W128014","53406","W405200002","B03","S68200000042105",""]
["W128021","53500","W400900000","B01","R67200000042257",""]
["W128023","53800","W710010037","B01","U6038076000000W",""]
["W128025","53106","W832500063","B03","S61110000040242",""]
["W128026","51466","W405200000","B01","P60087000000000",""]
["W128029","51491","W860014003","F10","",""]
["W128030","52132","W710046000","B05","S61110000039134",""]
["W128031","53106","W822000010","B03","S61110000041594",""]
["W128041","53402","W833500136","B04","S68200000041360",""]
["W128042","52132","W832500069","B01","",""]
["W128044","51453","W832500000","B05","S61110000040242",""]
["W128045","51453","W832500000","B05","S61110000038878",""]
["W128046","51453","W832500000","B05","S61110000034521",""]
["W128047","51453","W832500000","B05","S61110000034662",""]
["W128048","51453","W832500000","B05","S61110000041894",""]
["W128052","53406","W710035013","B03","S67200000041459",""]
["W128053","53416","W710045011","B03","S67100000042338",""]
["W128054","53402","W710040021","B03","S68300000038989",""]
["W128055","51453","W860014002","F10","",""]
["W128061","53416","W455000038","C04","S67200000042360",""]
["W128062","53406","W832500033","B03","S67100000040615",""]
["W128064","53500","W407980000","B01","R67700000042378",""]
["W128065","51046","W401945000","C07","D65400002000001",""]
["W128069","51466","W832500000","A01","P60089000000000",""]
["W128071","51046","W401880000","C07","D65630002000006",""]
["W128078","51466","W855000000","A01","P60090000000000",""]
["W128080","52132","W495010034","B01","",""]
["W128082","53402","W833500027","B04","S68100000041645",""]
["W128084","51453","W400000000","F10","",""]
["W128085","51453","W401000000","F07","",""]
["W128086","51453","W407100000","F10","",""]
["W128087","51453","W409000000","E14","",""]
["W128088","51453","W417000000","F10","",""]
["W128090","51453","W417800000","E14","",""]
["W128091","51453","W865000000","F10","",""]
["W128092","51453","W865010000","F10","",""]
["W128093","51453","W865020000","F12","",""]
["W128097","51453","W865040000","F12","",""]
["W128098","51453","W865050000","F10","",""]
["W128099","51453","W865060000","F10","",""]
["W128101","51453","W867500000","F10","",""]
["W128102","53402","W713000041","B04","S68100000040640",""]
["W128103","53416","W402400038","B03","S69200000037688",""]
["W128104","53416","W402400038","B03","S69200000042398",""]
["W128105","53416","W713000039","B03","S67600000041440",""]
["W128106","51046","W401923003","C07","D65500002000005",""]
["W128107","53800","W855000000","B01","U6035304000000W",""]
["W128108","53800","W855000000","B01","U6035307000000W",""]
["W128109","53800","W855000000","B01","U6035310000000W",""]
["W128110","53800","W855000000","B01","U6036179000000W",""]
["W128111","53800","W855000000","B01","U6038163000000W",""]
["W128122","53406","W405400018","B03","S67100000042444",""]
["W128123","51046","W401962000","C07","D64400304000004",""]
["W128125","51453","W400017000","F12","",""]
["W128128","52132","W495010008","B05","",""]
["W128129","53106","W833500128","B03","S61110000042487",""]
["W128134","52132","W833000000","B01","P60091000000000",""]
["W128135","53402","W402510009","B04","S68300000042455",""]
["W128137","53406","W833000108","B03","S67100000041402",""]
["W128138","53106","W409817000","B03","S61110000042052",""]
["W128139","52132","W409817200","B05","S61110000042052",""]
["W128140","53406","W405200014","B03","S67400000041464",""]
["W128141","53626","W416800017","B01","G60000000042508",""]
["W128142","53626","W416800017","B01","G60000000042509",""]
["W128145","51125","W710089000","B07","",""]
["W128146","53416","W710085017","B03","S69210000042514",""]
["W128147","51466","W832500000","A01","P60092000000000",""]
["W128149","51046","W400713000","C07","D65300002000008",""]
["W128150","51491","W833000000","B01","P60093000000000",""]
["W128151","51046","W401451000","C07","D63100006000007",""]
["W128152","53416","W833000096","B03","S69200000040227",""]
["W128154","53106","W402400048","B03","S61110000040117",""]
["W128156","53106","W710060014","B03","S61110000040089",""]
["W128157","53416","W710010055","B03","S68200000038610",""]
["W128158","53406","W400900073","B03","S68200000041916",""]
["W128159","53406","W823000003","B03","S67100000041820",""]
["W128163","53500","W833000000","B01","R67700000042560",""]
["W128165","51205","W842000000","L07","",""]
["W128166","51046","W400713000","C07","D65300002000009",""]
["W128167","51207","W900100000","F40","M61000203807000",""]
["W128168","51046","W400712005","C07","D64800002000004",""]
["W128169","51491","W833000072","B01","",""]
["W128174","53416","W419000006","B03","S67300000039088",""]
["W128175","51491","W408200063","B01","P60044082100000",""]
["W128176","51466","W402400011","A01","P60037138850000",""]
["W128177","53406","W400900146","B03","S67400000041471",""]
["W128178","51466","W833500000","A01","P60096000000000",""]
["W128180","53106","W416800017","B03","S61300000041812",""]
["W128183","53402","W710040021","B04","S68300000041359",""]
["W128184","51491","W465000001","B01","P60097000000000",""]
["W128185","53800","W710030000","B01","U6035109000000W",""]
["W128187","51484","W842000000","L07","",""]
["W128188","51466","W406800000","A01","P60098000000000",""]
["W128189","51466","W406800000","A01","P60099000000000",""]
["W128190","51466","W406800000","A01","P60100000000000",""]
["W128191","51466","W406800000","A01","P60101000000000",""]
["W128192","51466","W822900000","A01","P60102000000000",""]
["W128193","51466","W832500000","A01","P60102000000000",""]
["W128194","51466","W833500000","A01","P60103000000000",""]
["W128195","51466","W833000000","A01","P60104000000000",""]
["W128196","51466","W822520000","A01","P60102000000000",""]
["W128197","51466","W822500000","A01","P60102000000000",""]
["W128199","53406","W405200004","B03","S68100000042502",""]
["W128200","53416","W455000013","B03","S67100000039395",""]
["W128201","53416","W833000055","A02","S67600000042450",""]
["W128203","51207","W900200000","F40","M63400001975000",""]
["W128204","51206","W900200000","M00","M63400001975000",""]
["W128208","11000","W402400000","B05","S61110000040117",""]
["W128210","52132","W455000052","B01","",""]
["W128212","52132","W408200000","B00","P60105000000000",""]
["W128213","53106","W400900060","B03","S61110000039363",""]
["W128214","53406","W402400008","B03","S67400000042036",""]
["W128215","53106","W405200015","B03","S61110000042165",""]
["W128218","51491","W833500119","B01","",""]
["W128219","53800","W404500001","B01","U6035383000000W",""]
["W128220","51466","W404500000","A01","P60106000000000",""]
["W128221","51453","W822520000","A01","P60102000000000",""]
["W128222","53406","W822900022","B03","S67100000041408",""]
["W128223","53402","W402510032","B04","S68100000042726",""]
["W128224","53402","W710000001","B04","S68300000041512",""]
["W128225","53416","W833500121","C04","S67100000040592",""]
["W128228","53106","W495010004","B03","S61110000040168",""]
["W128232","53406","W400900149","B03","S67100000041222",""]
["W128233","53106","W404500021","B03","S62100000038375",""]
["W128235","52132","W713000045","B01","",""]
["W128236","53213","W400800006","C04","E63150000042219",""]
["W128237","51046","W401880000","C07","D65630002000007",""]
["W128238","52132","W710045011","B01","P60107000000000",""]
["W128239","53406","W455000044","B03","S68200000042564",""]
["W128249","53416","W465000002","B03","S69210000042767",""]
["W128257","53106","W404000034","B03","S61110000040137",""]
["W128260","53500","W495010010","B01","R67400000042782",""]
["W128264","51371","W419170000","A07","",""]
["W128265","51491","W495010003","B01","",""]
["W128266","51453","W455000000","B01","S61110000030395",""]
["W128267","53416","W710070031","B03","S67100000042129",""]
["W128268","53406","W832500070","B03","S67100000042382",""]
["W128270","53106","W710060025","B03","S61110000039723",""]
["W128271","53106","W710060022","B03","S61110000042786",""]
["W128272","53416","W822500026","B04","S67600000041799",""]
["W128273","52132","W832500070","B01","",""]
["W128277","53416","W825000031","B03","S67600000042794",""]
["W128280","53213","W833000055","C04","E63600000042678",""]
["W128281","53213","W833000055","C04","E63600000042682",""]
["W128282","53106","W408200051","A02","S61120000042820",""]
["W128283","53402","W710040021","B04","S68200000041364",""]
["W128284","53406","W400900108","B03","S67600000042556",""]
["W128287","52132","W495010026","B05","S61110000035063",""]
["W128288","52132","W495010026","B05","S61110000035582",""]
["W128290","52137","W855000000","A01","P60108000000000",""]
["W128291","11000","W455000000","B05","S61110000041959",""]
["W128292","52132","W833500087","B01","",""]
["W128297","53106","W404500011","B03","S61110000042723",""]
["W128298","11000","W400900000","B05","S61110000039363",""]
["W128300","51466","W833000000","A01","P60109000000000",""]
["W128301","51207","W900200000","F40","M63400001948000",""]
["W128302","51206","W900200000","M00","M63400001948000",""]
["W128303","53416","W710046004","B03","S67100000042868",""]
["W128304","52132","W710046000","B05","S67100000042868",""]
["W128306","52132","W832500000","B01","P60113000000000",""]
["W128307","52132","W402400000","B01","P60112000000000",""]
["W128308","52132","W404000000","B01","P60111000000000",""]
["W128309","51453","W400120000","F10","P60016200000007",""]
["W128312","53402","W710040031","B04","S68100000042646",""]
["W128313","53106","W404500044","B03","S61110000042896",""]
["W128314","53500","W405200004","B01","R67700000042888",""]
["W128318","53416","W710046006","B03","S67100000042891",""]
["W128321","53402","W822500026","B03","S68200000042827",""]
["W128323","57000","W842730000","G00","F6CPLCP20922019","01001"]
["W128324","53106","W419100028","B03","S61110000040456",""]
["W128326","53406","W495010016","B03","S68200000042719",""]
["W128328","52132","W821900051","B01","",""]
["W128329","53106","W821900004","B03","S61110000040619",""]
["W128330","53800","W408200000","B01","U6035329000000W",""]
["W128331","53800","W405200000","B01","U6035313000000W",""]
["W128332","53800","W417000000","B01","U6035309000000W",""]
["W128333","51491","W824000069","B01","",""]
["W128334","51046","W400713000","C07","D65300002000010",""]
["W128336","53416","W408200068","B03","S69200000042970",""]
["W128337","52132","W419100032","B01","",""]
["W128339","53106","W404000073","B03","S61110000040101",""]
["W128340","53106","W404000073","B03","S61110000040994",""]
["W128341","53106","W404500051","B03","S61110000040425",""]
["W128343","52132","W710010066","B01","",""]
["W128344","53800","W495010015","B01","U6036249000000W",""]
["W128345","53416","W419100032","B03","S69210000042968",""]
["W128346","52137","W710010000","B01","P60114000000000",""]
["W128347","52137","W710085016","B01","P60115000000000",""]
["W128367","51046","W400713000","C07","D65300002000011",""]
["W128368","53106","W710010049","B03","S61110000040429",""]
["W128369","51046","W401962000","C07","D64400304000005",""]
["W128371","53416","W495010005","B03","S69200000039754",""]
["W128372","53406","W710010045","B03","S67600000042892",""]
["W128373","52132","W825000007","B05","S61110000029247",""]
["W128374","53402","W710040021","B04","S68300000042335",""]
["W128375","53402","W402510007","B04","S68200000042353",""]
["W128376","53500","W823000004","B01","R67200000043070",""]
["W128377","53500","W822000010","B01","R67300000043069",""]
["W128378","53106","W710010051","B03","S61110000040080",""]
["W128380","52132","W400900108","B05","S67600000042556",""]
["W128381","52132","W821900050","B01","",""]
["W128382","52132","W821900004","B05","S61110000040619",""]
["W128383","51466","W822000000","B01","P60116000000000",""]
["W128384","53402","W822500040","B04","S69210000043075",""]
["W128387","51046","W401916006","C07","D65610003000001",""]
["W128388","11000","W400900000","B05","S61110000040429",""]
["W128390","53402","W710040021","B04","S68200000041283",""]
["W128391","53106","W455000052","B03","S61190000041179",""]
["W128393","53406","W825000031","B03","S69210000042744",""]
["W128394","53106","W713000022","B03","S61110000039825",""]
["W128395","53106","W455000054","B03","S61110000043094",""]
["W128396","52132","W455000054","B01","",""]
["W128397","53106","W710060004","B03","S61120000043129",""]
["W128398","53800","W409817000","B01","U6036236000000W",""]
["W128401","52132","W405200015","B01","",""]
["W128404","52132","W495010015","B05","S69110000043163",""]
["W128406","51470","W713000000","B01","P60012304110000",""]
["W128409","51491","W404000092","B01","",""]
["W128413","53106","W400900150","A02","S61110000041554",""]
["W128414","51046","W835110000","C07","D65100004000001",""]
["W128418","53416","W416800019","B03","S69200000039759",""]
["W128419","52132","W416800019","B05","S69200000039759",""]
["W128420","53106","W404000104","B03","S61110000040506",""]
["W128421","53106","W405400032","B03","S61110000041535",""]
["W128422","53402","W822500014","B04","S68100000041598",""]
["W128425","53416","W833500128","B03","S69200000043266",""]
["W128430","53416","W833500059","B03","S69110000043265",""]
["W128431","53403","W414200001","A01","E67600000043253",""]
["W128435","53203","W833500032","C04","E63450000043239",""]
["W128436","53203","W833060000","C04","E63450000043240",""]
["W128443","53406","W710015002","B03","S68200000040631",""]
["W128444","52132","W833000072","B01","P60117000000000",""]
["W128445","51046","W407980000","C07","D64100202000007",""]
["W128447","51046","W401880000","C07","D65630002000008",""]
["W128449","53402","W710010017","B04","S67100000043306",""]
["W128450","52132","W713000022","B05","S61110000039825",""]
["W128451","53406","W827500001","B04","S67600000043274",""]
["W128452","53416","W822500026","B03","S68100000043276",""]
["W128454","53416","W402400017","B03","S69200000039870",""]
["W128455","53406","W825000039","B03","S67100000042586",""]
["W128456","51046","W401916002","C07","D64700003000012",""]
["W128457","51046","W401880000","C07","D65630002000009",""]
["W128459","53416","W455000003","B03","S66000000043339",""]
["W128461","53416","W455000002","B03","S69200000043341",""]
["W128471","51491","W821200000","C07","",""]
["W128472","53106","W400900094","B03","S61110000043348",""]
["W128476","53106","W405400006","B03","S61110000043352",""]
["W128478","53416","W419100032","B03","S69210000043356",""]
["W128479","53416","W419100032","B03","S69210000043357",""]
["W128480","51491","W822000007","B01","P60118000000000",""]
["W128481","51491","W400900006","B01","P60119000000000",""]
["W128484","53203","W408200062","C04","E63120000043368",""]
["W128485","53500","W834100006","B01","R67700000043369",""]
["W128486","53406","W833000072","B04","S67200000042886",""]
["W128487","53106","W404500043","B03","S61110000040956",""]
["W128489","52132","W455000055","B01","",""]
["W128491","53406","W827500001","B03","S69000000042466",""]
["W128499","53406","W855000003","B03","S67600000043409",""]
["W128500","53106","W404000065","B03","S61110000040806",""]
["W128501","53106","W495010021","B03","S61110000041108",""]
["W128502","52132","W833000080","B01","P60119100000000",""]
["W128504","53106","W400900005","B03","S61110000040228",""]
["W128505","53106","W832500055","B03","S61110000040252",""]
["W128506","53106","W710085013","B03","S61110000041437",""]
["W128507","52132","W402400000","B01","P60112100000000",""]
["W128508","52132","W402400000","B01","P60112200000000",""]
["W128509","52132","W402400000","B01","P60112300000000",""]
["W128510","52132","W402400000","B01","P60112400000000",""]
["W128511","52132","W419100028","B01","",""]
["W128512","53416","W416800018","B03","S69200000043416",""]
["W128513","53416","W824700055","B03","S69110000043417",""]
["W128514","53106","W826000024","B03","S61110000043418",""]
["W128515","53106","W826000024","B03","S61110000043419",""]
["W128516","53106","W826000015","B03","S61110000043420",""]
["W128517","53106","W826000015","B03","S61110000043421",""]
["W128518","53106","W826000024","B03","S61110000043422",""]
["W128519","53106","W826000024","B03","S61110000043423",""]
["W128521","53106","W713000031","B03","S61110000040043",""]
["W128522","53106","W404000057","B03","S61110000040177",""]
["W128524","52132","W826000024","B05","S61110000043418",""]
["W128527","51046","W407970000","C07","D64700404000006",""]
["W128528","53106","W495010038","B03","S61110000041404",""]
["W128529","53106","W400900054","B03","S61110000038122",""]
["W128531","51453","W710075000","B05","S61110000031585",""]
["W128534","53106","W416800017","B03","S61110000043452",""]
["W128536","51046","W401916002","C07","D64800003000003",""]
["W128537","51046","W400713000","C07","D65300002000012",""]
["W128539","53416","W832500040","B03","S67600000043475",""]
["W128540","52132","W400900145","B01","",""]
["W128541","51046","W407970000","C07","D64700402000002",""]
["W128542","51470","W833000102","B01","P60016180000012",""]
["W128545","53800","W855000003","B01","U6032047700000W",""]
["W128546","51453","W713000000","B05","S61110000039825",""]
["W128547","51226","W710060015","B01","",""]
["W128548","11000","W400900000","B05","S61110000040228",""]
["W128553","51470","W832500061","B01","P60030013000000",""]
["W128554","53416","W400900109","B03","S69200000043521",""]
["W128557","53416","W827500001","B03","S69210000043530",""]
["W128558","53416","W827500001","B03","S69200000043532",""]
["W128559","53106","W465000002","B03","S61110000043537",""]
["W128560","53106","W465000002","B03","S61110000043538",""]
["W128561","53106","W405400013","B03","S61110000043539",""]
["W128562","53106","W465000002","B03","S61110000043540",""]
["W128563","53106","W465000002","B03","S61110000043542",""]
["W128568","53402","W710040021","B04","S68200000041639",""]
["W128571","53406","W833500027","B03","S69200000043545",""]
["W128572","53106","W407900018","B03","S61000000043552",""]
["W128574","51049","W826080000","B07","",""]
["W128575","52132","W455000049","B01","",""]
["W128576","53406","W832500070","B03","S67100000041823",""]
["W128577","53106","W710000001","B03","S61300000041615",""]
["W128578","53416","W710046005","B03","S69100000040100",""]
["W128579","52132","W400900151","B01","",""]
["W128580","53406","W710085020","B03","S67100000041260",""]
["W128583","53106","W402400038","B03","S61110000043589",""]
["W128584","53106","W402400048","B03","S61110000043590",""]
["W128585","53106","W402400038","B03","S61110000043591",""]
["W128587","53106","W455000038","B03","S62600000043391",""]
["W128591","52132","W710025029","B05","S69100000040100",""]
["W128593","53416","W455000007","B03","S69110000039916",""]
["W128594","53106","W403700005","B03","S61110000040918",""]
["W128595","53106","W407900019","B03","S61160000043561",""]
["W128596","53402","W710085016","B04","S68200000042405",""]
["W128598","52132","W406800004","B01","",""]
["W128599","53406","W400800002","B03","S67200000042980",""]
["W128600","53406","W400800002","B03","S67200000042978",""]
["W128602","53406","W405200016","B03","S68100000043543",""]
["W128603","52132","W405200016","B01","",""]
["W128605","51046","W401880000","C07","D65630002000010",""]
["W128609","52132","W824000000","B01","P60119300000000",""]
["W128610","11000","W400900000","B05","S61110000038122",""]
["W128611","11000","W455000000","B05","S69110000039916",""]
["W128612","53406","W400900151","B03","S67100000042872",""]
["W128613","53106","W833500059","B03","S61110000043650",""]
["W128614","53416","W495010014","B03","S69200000040138",""]
["W128615","53416","W402400017","B03","S68200000041657",""]
["W128618","51470","W495010039","B01","B60030012000000",""]
["W128622","51206","W900200000","M00","M63400001051000",""]
["W128623","11000","W400014000","F10","",""]
["W128624","11000","W400015000","F10","",""]
["W128625","11000","W400016000","F10","",""]
["W128627","53106","W400900087","B03","S61110000040588",""]
["W128628","11000","W400900000","B05","S61110000040588",""]
["W128629","52137","W713000000","A01","P60119400000000",""]
["W128630","51470","W400900016","B01","P60082601600067",""]
["W128631","53402","W710010040","B04","S67600000043038",""]
["W128632","51466","W822900000","A01","P60119500000000",""]
["W128633","51470","W822900000","B01","P60119700000000",""]
["W128634","51466","W822900022","B01","P60119800000000",""]
["W128636","53416","W710046006","B03","S67600000043653",""]
["W128637","51470","W822900000","B01","P60119600000000",""]
["W128638","52132","W833500118","B01","",""]
["W128639","51484","W842030001","G00","","00000"]
["W128641","53402","W833500136","B04","S68200000042375",""]
["W128642","53402","W822500026","B04","S68200000043683",""]
["W128644","53406","W823000004","B03","S68300000043003",""]
["W128645","53106","W405200002","B03","S61110000040191",""]
["W128648","53416","W855000005","B03","S69200000041299",""]
["W128649","52132","W855000005","B01","",""]
["W128650","53402","W402510023","B04","S67100000043722",""]
["W128651","53406","W400900022","B03","S68100000042913",""]
["W128652","51491","W822500000","B01","P60119040000000",""]
["W128653","51125","W822543000","B07","",""]
["W128657","51254","W900200000","F40","M63400001045000",""]
["W128658","51470","W400900000","B01","P60119900000000",""]
["W128659","51470","W400900006","B01","P60119010000000",""]
["W128660","51470","W400900000","B01","P60119020000000",""]
["W128661","51470","W400900000","B01","P60119030000000",""]
["W128662","51046","W401453000","C07","D65610204000002",""]
["W128663","51207","W900100000","F40","M61000204180000",""]
["W128664","53106","W833500129","B03","S61110000043727",""]
["W128665","53106","W405400007","B03","S61110000040864",""]
["W128667","53416","W710060028","B03","S69210000042003",""]
["W128668","51046","W401487000","C07","D65200002000004",""]
["W128672","53406","W824700043","B03","S69200000043742",""]
["W128673","51466","W824700061","B01","P60119050000000",""]
["W128674","53416","W710070020","B03","S69100000043781",""]
["W128675","52132","W416800000","B05","S69200000039759",""]
["W128676","53416","W495010013","B03","S67600000040989",""]
["W128677","53106","W822000004","B03","S61110000040881",""]
["W128678","51226","W495010030","B01","",""]
["W128680","51226","W402400029","B01","",""]
["W128681","53416","W821900033","B03","S69200000042864",""]
["W128682","53106","W495010002","B03","S61110000039672",""]
["W128683","53106","W495010021","B03","S61110000041129",""]
["W128684","53106","W833000083","B03","S62600000043800",""]
["W128685","51226","W402400047","B01","",""]
["W128686","51466","W822900000","B01","P60119060000000",""]
["W128688","52132","W495010002","B05","S61110000039672",""]
["W128689","53106","W710060013","B03","S61110000043818",""]
["W128690","53106","W710060014","B03","S61110000043817",""]
["W128691","53416","W710070020","B03","S67600000043816",""]
["W128692","53500","W832500000","B01","R67700000043811",""]
["W128693","53416","W710010045","B03","S69110000040512",""]
["W128694","53402","W402510032","B04","S67100000042588",""]
["W128699","53406","W405400007","B03","S68300000043829",""]
["W128701","52132","W400900000","B01","P60119070000000",""]
["W128704","53406","W823000004","B03","S68200000043577",""]
["W128707","51470","W822900000","B01","P60119080000000",""]
["W128708","51470","W404000065","B01","P60082601600068",""]
["W128710","53106","W400900100","B03","S61110000041273",""]
["W128712","53106","W495010011","B03","S61110000043805",""]
["W128713","53106","W465000002","B03","S61110000043806",""]
["W128714","53106","W404000026","B03","S61110000043807",""]
["W128715","53406","W495010030","B03","S67100000043804",""]
["W128716","53416","W833000014","B03","S69210000043803",""]
["W128717","51046","W400713000","C07","D65300002000013",""]
["W128718","51470","W455000056","B01","B60030013000000",""]
["W128719","53203","W455000050","C04","E63600000043588",""]
["W128720","53406","W407200002","B03","S67100000043329",""]
["W128725","53406","W832500034","B03","S68100000043466",""]
["W128726","53416","W408200062","C04","S64000000041768",""]
["W128729","51470","W824700000","B01","P60119090000000",""]
["W128730","51470","W824700061","B01","P60119091000000",""]
["W128731","53800","W413000000","B01","U6035540000000W",""]
["W128733","53406","W495010003","B03","S68100000043843",""]
["W128734","53406","W405200002","B03","S68100000043844",""]
["W128735","51466","W837000002","B01","P60119092000000",""]
["W128736","52132","W822500027","B01","",""]
["W128737","51491","W833000000","B01","P60119093000000",""]
["W128738","51470","W822000000","B01","P60119094000000",""]
["W128740","52132","W455000050","B01","",""]
["W128741","51046","W400713000","C07","D65300002000014",""]
["W128742","53402","W833500136","B04","S68100000041572",""]
["W128743","53416","W832500033","B03","S67100000043915",""]
["W128744","53416","W710065003","B03","S67600000043916",""]
["W128745","53406","W400900054","B03","S67100000043897",""]
["W128747","53106","W405400013","B03","S61110000043907",""]
["W128748","53106","W405400007","B03","S61110000043908",""]
["W128751","51046","W401939000","C07","",""]
["W128753","51470","W855000000","A01","P60119095000000",""]
["W128754","53106","W405400018","B03","S61110000039943",""]
["W128755","53106","W832500030","B03","S61110000043900",""]
["W128756","53416","W710010045","B03","S69110000040153",""]
["W128758","53402","W825500016","B04","S68100000041667",""]
["W128762","53416","W455000050","C04","S65000000043460",""]
["W128763","53406","W824000067","A02","S67100000043836",""]
["W128764","53106","W495010040","B03","S61110000041506",""]
["W128765","52132","W455000058","B01","",""]
["W128766","53416","W833500102","B03","S69200000043936",""]
["W128767","51470","W402400042","B01","P60119096000000",""]
["W128768","51207","W900100000","F40","M69990406200000",""]
["W128770","53406","W400900153","B03","S67100000042991",""]
["W128772","52132","W400900153","B01","",""]
["W128773","53402","W710040037","B04","S68200000043951",""]
["W128774","51491","W455000010","B01","",""]
["W128775","51466","W455000003","B01","P60119097000000",""]
["W128776","51226","W823000000","B01","",""]
["W128777","53416","W402400038","B03","S69100000043964",""]
["W128778","53406","W710070021","B03","S69210000043966",""]
["W128779","53406","W402400051","B03","S69210000043967",""]
["W128785","53203","W833060000","C04","E63500000043955",""]
["W128786","53203","W833060000","C04","E63500000043959",""]
["W128788","53203","W833060000","C04","E63500000043961",""]
["W128789","53203","W833060000","C04","E63500000043962",""]
["W128792","53406","W822500018","B03","S67100000043980",""]
["W128793","53106","W400900118","B03","S69110000043982",""]
["W128794","53106","W400900109","B03","S69110000043983",""]
["W128795","53106","W465000002","B03","S69110000043984",""]
["W128796","53203","W400900118","B03","",""]
["W128798","53203","W400900109","B03","",""]
["W128799","53203","W465000002","B03","",""]
["W128800","53402","W823000004","B04","S68200000043888",""]
["W128801","53402","W833500088","B04","S67600000043891",""]
["W128803","53106","W710060015","B03","S61110000042256",""]
["W128805","53106","W821900011","B03","S61110000041939",""]
["W128807","51226","W832500000","B01","",""]
["W128808","51226","W832500034","B01","",""]
["W128809","51453","W410720000","E14","",""]
["W128810","51206","W900100000","M00","M61000206224000",""]
["W128811","51046","W401428000","C07","",""]
["W128812","53106","W402400047","B03","S61170000040859",""]
["W128813","51470","W402400059","B01","B60020005200000",""]
["W128819","52063","W417070000","A07","",""]
["W128823","51470","W823000008","B01","B60030035000000",""]
["W128824","51046","W401429000","C07","",""]
["W128825","11000","W865020000","F12","",""]
["W128826","53402","W710085012","B04","S68200000041673",""]
["W128828","53106","W833000078","B03","S61180000043377",""]
["W128829","53106","W404000040","B03","S61110000044036",""]
["W128830","53402","W833500119","B04","S67600000043985",""]
["W128831","53402","W710010045","B04","S68100000044045",""]
["W128832","53406","W832500030","C04","S67100000044057",""]
["W128833","57000","W882000000","G00","F6000CP21172019",""]
["W128834","51491","W455000050","B01","P60119098000000",""]
["W128835","53106","W400600009","A02","S61120000042510",""]
["W128837","53406","W405400018","B03","S67100000040442",""]
["W128838","51470","W455000041","B01","P60082601600069",""]
["W128839","52132","W821900000","B05","S61110000041939",""]
["W128840","52132","W821900000","B05","S61110000029860",""]
["W128841","52132","W821900000","B05","S61110000031895",""]
["W128842","52132","W821900000","B05","S61110000037014",""]
["W128843","51046","W401487000","C07","D65200002000005",""]
["W128844","53203","W408200069","C04","E63120000044096",""]
["W128845","51466","W833500000","B01","P60119098100000",""]
["W128846","51046","W400713000","C07","D65300002000015",""]
["W128847","51491","W824700026","B01","P60119098200000",""]
["W128850","51491","W833500136","B01","P60119098300000",""]
["W128851","51453","W400014100","F10","",""]
["W128852","51046","W400712005","C07","D64800004000003",""]
["W128853","52132","W406800000","B01","",""]
["W128860","52132","W406800000","B05","S61110000037970",""]
["W128861","53106","W710046004","B03","S61110000044123",""]
["W128862","52132","W710046000","B05","S61110000044123",""]
["W128863","53406","W400900109","B03","S68100000043046",""]
["W128866","51046","W400713000","C07","D65300002000016",""]
["W128867","53106","W400600000","B03","",""]
["W128868","53106","W400800000","B03","",""]
["W128869","53106","W401300000","B03","",""]
["W128870","53106","W407900000","B03","",""]
["W128871","53106","W416900000","B03","",""]
["W128872","53402","W400800000","B04","",""]
["W128873","51125","W827540000","B07","",""]
["W128874","53406","W405200002","B03","S68100000043481",""]
["W128875","53406","W833500141","B03","S68100000044126",""]
["W128876","53406","W405200017","B03","S68100000044127",""]
["W128877","52132","W833500141","B01","",""]
["W128878","51207","W900200000","F40","M63400003105000",""]
["W128879","51206","W900200000","M00","M63400003105000",""]
["W128880","51207","W900200000","F40","M63400001612000",""]
["W128881","51206","W900200000","M00","M63400001612000",""]
["W128882","51207","W900200000","F40","M63400001611000",""]
["W128883","51206","W900200000","M00","M63400002858000",""]
["W128884","51207","W900200000","F40","M63400002858000",""]
["W128885","51226","W405200000","B00","P6000000000GMP1",""]
["W128886","51470","W825000007","B01","P60010001570000",""]
["W128887","51470","W402400011","B01","P60010001580000",""]
["W128888","53416","W824700060","A02","S67100000044166",""]
["W128889","53416","W824700060","A02","S67100000044167",""]
["W128890","53106","W821900004","B03","S61110000042688",""]
["W128891","53406","W400900146","B03","S67100000043547",""]
["W128892","53106","W710060014","B03","S61110000042479",""]
["W128893","53203","W419100013","C04","E63000000044186",""]
["W128894","53106","W400900054","B03","S61110000044181",""]
["W128895","53106","W400900054","B03","S61110000044182",""]
["W128896","53106","W400900054","B03","S61110000044183",""]
["W128897","51046","W400717000","C07","D64700302000006",""]
["W128898","51466","W455000058","B01","P60119098400000",""]
["W128899","51470","W455000000","B01","P60119098500000",""]
["W128900","51470","W455000016","B01","P60119098600000",""]
["W128901","51470","W495010003","B01","P60119098700000",""]
["W128902","53106","W832500051","B03","S61110000042155",""]
["W128905","53406","W405400018","B03","S67100000042423",""]
["W128906","53406","W405400007","B03","S67100000044193",""]
["W128907","53406","W405400013","B03","S67100000044194",""]
["W128908","53406","W495010001","B03","S67100000044195",""]
["W128909","52132","W821900004","B05","S61110000042688",""]
["W128910","51206","W900200000","M00","M63400001611000",""]
["W128911","53416","W713000022","B03","S68200000040368",""]
["W128914","53800","W408200000","B01","U6035328000000W",""]
["W128915","53800","W408200000","B01","U6035382000000W",""]
["W128918","53416","W710046005","B03","S67600000039077",""]
["W128919","53406","W713000047","B03","S67100000041416",""]
["W128920","53106","W495010021","B03","S61110000041807",""]
["W128921","53406","W823000004","B03","S68200000043621",""]
["W128922","53416","W407900017","B03","S69110000044037",""]
["W128923","53106","W495010012","B03","S61110000044038",""]
["W128924","52132","W405200017","B01","",""]
["W128925","53406","W402400038","B03","S67100000044200",""]
["W128926","51453","W713000000","B05","S68200000040368",""]
["W128928","11000","W400950000","B05","S68100000043046",""]
["W128929","53106","W821900041","B03","S61110000042164",""]
["W128932","53406","W405400018","B03","S67100000044007",""]
["W128933","53106","W404000032","B03","S61110000042005",""]
["W128935","51466","W824700061","B01","P60119098800000",""]
["W128940","51491","W713000028","B01","",""]
["W128941","53800","W855000000","B01","U6036222000000W",""]
["W128942","53800","W855000000","B01","U6036236000000W",""]
["W128943","53800","W855000000","B01","U6036691000000W",""]
["W128944","53402","W710040034","B04","S68100000044288",""]
["W128946","51470","W824700061","B01","P60119098900000",""]
["W128948","53106","W824700057","A02","S61120000044317",""]
["W128951","53416","W826000014","B03","S69100000043096",""]
["W128953","51453","W710065000","B05","S61110000036591",""]
["W128955","51466","W822900000","B01","P60119099000000",""]
["W128957","53416","W832500036","B04","S69210000042838",""]
["W128958","52137","W710070020","A01","",""]
["W128960","53213","W407900008","C04","S63500000044220",""]
["W128961","53106","W833000055","B03","S61180000044221",""]
["W128962","53106","W833000107","B03","S61180000044222",""]
["W128963","53416","W832500061","B03","S69200000042576",""]
["W128964","53402","W402510032","B04","S68200000043570",""]
["W128965","53402","W823000004","B04","S68200000042020",""]
["W128966","51470","W824700061","B01","P60119099200000",""]
["W128967","51466","W824700000","B01","P60119099100000",""]
["W128968","51226","W710060064","B01","",""]
["W128969","51470","W408200072","B01","B60030014000000",""]
["W128970","53416","W822500018","B03","S68200000043605",""]
["W128971","53406","W400900154","B03","S67100000040395",""]
["W128972","53406","W710060065","B03","S67100000042633",""]
["W128973","53106","W710060013","B03","S61110000042475",""]
["W128974","53106","W495010002","B03","S61110000044293",""]
["W128977","53106","W404000105","B03","S61110000042507",""]
["W128978","53106","W404000065","B03","S61300000041818",""]
["W128980","53406","W455000044","B03","S67100000044097",""]
["W128981","53406","W402400008","B03","S67100000042557",""]
["W128982","53406","W405400018","B03","S67100000044285",""]
["W128985","52126","W400900000","B03","P60016170000224",""]
["W128986","52126","W710010000","B03","P60016170000225",""]
["W128987","52126","W824000125","B03","P60016170000226",""]
["W128988","52126","W824013001","B03","P60016170000227",""]
["W128989","52126","W833500121","B03","P60016170000228",""]
["W128990","53106","W402400060","B03","S61110000042603",""]
["W128992","53203","W833060000","C04","E63500000044421",""]
["W128993","53203","W408200063","C04","E63150000044426",""]
["W128994","53203","W408200062","C04","E63150000044429",""]
["W128995","53213","W408200066","C04","E63600000044437",""]
["W128996","53203","W408200066","C04","E63150000044439",""]
["W128997","53213","W408200062","C04","E63600000044440",""]
["W128999","53106","W833000083","B03","S61170000044432",""]
["W129000","53106","W833000106","B03","S61170000044431",""]
["W129001","11000","W400145000","F07","",""]
["W129002","53106","W710000001","B03","S61300000044453",""]
["W129003","53106","W710000001","B03","S61300000044454",""]
["W129004","53106","W710000001","B03","S61300000044455",""]
["W129005","53106","W402400047","B03","S61300000044459",""]
["W129006","53106","W402400047","B03","S61300000044460",""]
["W129007","53106","W402400047","B03","S61300000044461",""]
["W129008","53106","W402400047","B03","S61300000044462",""]
["W129009","53106","W710000001","B03","S61300000044446",""]
["W129010","53106","W710000001","B03","S61300000044447",""]
["W129011","53106","W710000001","B03","S61300000044448",""]
["W129012","53106","W710000001","B03","S61300000044449",""]
["W129013","53106","W710000001","B03","S61300000044450",""]
["W129014","53106","W710000001","B03","S61300000044451",""]
["W129015","53106","W710000001","B03","S61300000044452",""]
["W129016","53106","W403700005","B03","S61300000044463",""]
["W129017","53106","W403700005","B03","S61300000044466",""]
["W129018","52132","W821900041","B05","S61110000042164",""]
["W129019","51470","W833500000","B01","P60119099500000",""]
["W129021","51470","W833500121","B01","P60119099400000",""]
["W129022","53406","W710015002","B03","S67200000044325",""]
["W129023","53406","W833500133","B03","S67100000043179",""]
["W129025","53406","W825000041","B03","S67300000043706",""]
["W129026","53406","W833000055","C04","S67600000044017",""]
["W129027","53213","W408200063","C04","E69200000044154",""]
["W129030","53416","W401300006","B03","S67600000044433",""]
["W129031","53106","W455000003","B03","S61130000044434",""]
["W129032","53106","W833000072","B03","S61130000044436",""]
["W129033","53406","W495010026","B03","S67100000044469",""]
["W129034","52132","W401300006","B05","S67600000044433",""]
["W129035","51491","W455000051","B01","P60119099600000",""]
["W129038","51125","W455020000","B07","",""]
["W129039","57000","W409812000","A01","",""]
["W129040","53106","W402400059","B03","S61110000044203",""]
["W129041","53416","W402400059","B03","S69210000044204",""]
["W129044","52132","W402400059","B01","",""]
["W129045","51470","W465000009","B01","B60020005300000",""]
["W129046","53800","W710025000","B01","U6035329000000W",""]
["W129047","53106","W419100033","B03","S61120000043269",""]
["W129048","53106","W405400006","B03","S62100000042729",""]
["W129050","53106","W400900121","B03","S61110000042785",""]
["W129051","52132","W419100033","B01","",""]
["W129052","52132","W821900052","B01","",""]
["W129053","53416","W833000072","B03","S68100000041692",""]
["W129054","53402","W402510032","B04","S68200000043287",""]
["W129055","53402","W833500133","B04","S67600000042159",""]
["W129056","53402","W402510033","B04","S68200000043892",""]
["W129057","53402","W402510032","B04","S68200000043747",""]
["W129058","52132","W710065048","B01","",""]
["W129061","51470","W402400061","B01","B60020005400000",""]
["W129065","51046","W401451000","C07","D63100006000008",""]
["W129066","51046","W401451000","C07","D63100006000009",""]
["W129067","51046","W401487000","C07","D65200002000006",""]
["W129068","51046","W400717000","C07","D64700302000007",""]
["W129070","51453","W401030000","E14","",""]
["W129071","51453","W401040000","E14","",""]
["W129072","53406","W821900012","B03","S67100000042781",""]
["W129074","53402","W822500040","B04","S68200000043720",""]
["W129076","51470","W455000059","B01","P60082601600070",""]
["W129077","53402","W825500016","B04","S67600000043238",""]
["W129078","52132","W455000000","B01","P60119099900000",""]
["W129079","51046","W401451000","C07","D63100006000010",""]
["W129080","53416","W710010049","B03","S67100000044590",""]
["W129081","53402","W832500040","B04","S68100000040896",""]
["W129082","51046","W401962000","C07","D64400304000007",""]
["W129083","53406","W832500071","B03","S67100000042031",""]
["W129084","53106","W400900054","B03","S61110000044611",""]
["W129085","53106","W400900109","B03","S61110000044613",""]
["W129086","53106","W400900118","B03","S61110000044614",""]
["W129087","53106","W400900145","B03","S61110000037978",""]
["W129089","53406","W710060010","B03","S67400000044558",""]
["W129090","51470","W455000051","B01","P60082601600071",""]
["W129091","53213","W416900001","C04","E63600000044553",""]
["W129092","53406","W404500052","B03","S67100000042833",""]
["W129093","53416","W455000060","B03","S69210000044327",""]
["W129094","53106","W405400006","B03","S62100000044627",""]
["W129096","52137","W710010000","A01","P60119110000000",""]
["W129097","52137","W710010048","A01","P60119120000000",""]
["W129098","52137","W710065023","A01","P60119130000000",""]
["W129099","51046","W401300000","C07","D64500004000003",""]
["W129100","51470","W710060066","B01","B60030011100000",""]
["W129101","51125","W400960000","B07","",""]
["W129102","53106","W400900108","B03","S61110000044642",""]
["W129103","53106","W495010001","B03","S61110000044643",""]
["W129104","52132","W455000060","B01","",""]
["W129105","51125","W827540000","B07","P60020827500001",""]
["W129106","51125","W827540000","B07","P60020827500002",""]
["W129107","51125","W827540000","B07","P60020827500003",""]
["W129108","51125","W827540000","B07","P60020827500004",""]
["W129109","51125","W827540000","B07","P60020827500005",""]
["W129110","51125","W827540000","B07","P60020827500006",""]
["W129111","51125","W827540000","B07","P60020827500007",""]
["W129112","53402","W822500026","B04","S69200000044601",""]
["W129113","53402","W825500014","B04","S68100000044602",""]
["W129115","11000","W400900000","B05","S61110000042785",""]
["W129117","51046","W401488000","C07","",""]
["W129118","53416","W832500061","B04","S69200000043158",""]
["W129119","53106","W405400025","B03","S61110000042002",""]
["W129120","52132","W405400025","B01","",""]
["W129121","53800","W710030000","B01","U6038163000000W",""]
["W129122","51046","W401911003","C07","",""]
["W129123","51046","W401911002","C07","",""]
["W129124","51046","W401488000","C07","D63500002000001",""]
["W129125","51046","W401488000","C07","D63500002000002",""]
["W129126","53106","W400600009","A02","S61120000044668",""]
["W129127","53106","W400600009","A02","S61120000044669",""]
["W129128","53106","W400600009","A02","S61120000044670",""]
["W129129","51046","W401911003","C07","D65640104000001",""]
["W129130","51046","W401911003","C07","D65640104000002",""]
["W129131","51046","W401911003","C07","D65640104000003",""]
["W129132","51046","W401911003","C07","D65640104000004",""]
["W129133","51046","W401911003","C07","D65640104000005",""]
["W129134","51046","W401911003","C07","D65640104000006",""]
["W129135","51046","W401911003","C07","D65640104000007",""]
["W129136","51046","W401911003","C07","D65640104000008",""]
["W129137","51046","W401911002","C07","D65640004000001",""]
["W129138","51046","W401911002","C07","D65640004000002",""]
["W129139","51046","W400713000","C07","D65300002000017",""]
["W129140","53106","W416900001","B03","S61130000044713",""]
["W129141","53106","W408200068","B03","S61110000043160",""]
["W129142","53106","W404500046","B03","S61110000042195",""]
["W129143","53106","W495010002","B03","S61110000042569",""]
["W129144","53406","W822000003","B03","S68200000044185",""]
["W129145","52132","W495010002","B05","S61110000042569",""]
["W129146","11000","W400950000","B05","S61110000044642",""]
["W129147","53406","W710060014","B03","S68200000041861",""]
["W129149","53406","W833500137","B03","S67100000043946",""]
["W129152","53406","W402400038","B03","S69210000044737",""]
["W129153","53416","W455000058","B03","S69210000044748",""]
["W129154","11000","W455000000","B05","S69210000044748",""]
["W129155","53402","W824000126","B04","S68200000041754",""]
["W129156","52132","W824000126","B01","",""]
["W129157","53402","W833500058","B04","S68200000044733",""]
["W129158","53402","W710010058","B04","S68200000041503",""]
["W129159","52132","W455000059","B01","",""]
["W129161","11000","W465000000","B05","S61110000034404",""]
["W129162","11000","W465000000","B05","S61110000036678",""]
["W129164","11000","W405400000","B05","S61110000032708",""]
["W129165","11000","W405400000","B05","S61110000036757",""]
["W129167","11000","W405400000","B05","S61110000040864",""]
["W129171","11000","W405400000","B05","S61110000043540",""]
["W129172","11000","W405400000","B05","S61110000034700",""]
["W129173","11000","W405400000","B05","S61110000036718",""]
["W129176","11000","W405400000","B05","S61110000043539",""]
["W129180","51046","W400712005","C07","D64800002000005",""]
["W129182","53106","W710015002","B03","S61110000041798",""]
["W129183","51046","W401916002","C07","D64700003000013",""]
["W129184","51046","W401916005","C07","D65300003000010",""]
["W129185","52132","W822500000","B01","P60119150000000",""]
["W129187","51046","W401916002","C07","D64700003000014",""]
["W129188","51046","W401916005","C07","D65300003000016",""]
["W129189","51046","W401916005","C07","D65300003000017",""]
["W129190","53416","W833500142","B04","S69210000042731",""]
["W129191","52132","W833500142","B01","",""]
["W129192","52132","W495010002","B05","S61110000044293",""]
["W129197","52132","W710070011","B05","S61110000040456",""]
["W129198","52132","W710070011","B05","S61110000030395",""]
["W129200","53106","W465000006","B03","S61110000038833",""]
["W129203","53106","W833000085","B03","S61110000044807",""]
["W129204","53406","W495010006","B03","S67100000044816",""]
["W129205","52132","W495010006","B05","S67100000044816",""]
["W129207","51491","W405400000","B01","P60119160000000",""]
["W129211","51470","W710030000","B01","P60119170000000",""]
["W129212","51046","W401923003","C07","",""]
["W129213","53416","W832500037","B03","S67100000044844",""]
["W129215","53106","W404000106","B03","S61110000042555",""]
["W129216","52132","W404000106","B01","",""]
["W129217","53416","W833000055","B03","S68100000041702",""]
["W129218","53406","W400900148","A02","S67100000044832",""]
["W129220","53406","W408200061","C04","S67100000043712",""]
["W129221","51470","W404500054","B01","B60030011200000",""]
["W129222","53402","W710040021","B04","S68200000042513",""]
["W129224","51470","W400900155","B01","B60030011300000",""]
["W129225","53106","W416800017","B03","S61110000044886",""]
["W129226","53106","W821900052","B03","S61110000044598",""]
["W129227","53106","W400900108","B03","S61170000041810",""]
["W129228","53106","W400900121","B03","S61170000044842",""]
["W129229","53106","W406800001","B03","S61170000044843",""]
["W129230","53406","W832500030","B03","S69210000041706",""]
["W129231","53106","W400900133","B03","S61110000042410",""]
["W129232","53106","W400900090","B03","S61110000044834",""]
["W129233","51222","W824000054","B01","P60016170000229",""]
["W129234","51222","W713000048","B01","P60016170000230",""]
["W129236","51046","W401488000","C07","D63500002000003",""]
["W129238","53106","W403000033","B03","S61110000042465",""]
["W129239","53106","W404500054","B03","S61110000040897",""]
["W129240","52132","W404500054","B01","",""]
["W129242","53106","W400900145","B03","S61110000042145",""]
["W129243","53106","W404000030","B03","S61110000044872",""]
["W129251","51046","W401487000","C07","D65200002000007",""]
["W129252","51046","W401487000","C07","D65200002000008",""]
["W129253","51046","W401487000","C07","D65200002000009",""]
["W129254","51046","W401487000","C07","D65200002000010",""]
["W129255","51046","W401487000","C07","D65200002000011",""]
["W129256","51046","W401488000","C07","D63500002000004",""]
["W129257","11000","W455000000","B05","S61130000044434",""]
["W129258","53106","W407900018","B03","S61000000044943",""]
["W129260","53416","W402400061","B03","S69210000044813",""]
["W129261","53416","W402400061","B03","S67600000044814",""]
["W129262","52132","W402400061","B01","",""]
["W129263","53416","W821900022","B03","S69210000044874",""]
["W129264","53406","W832500033","B03","S67100000044138",""]
["W129265","51470","W404500040","B01","P60119180000000",""]
["W129266","53406","W710060013","B03","S67400000044950",""]
["W129267","53406","W710060049","B03","S67400000044949",""]
["W129269","53416","W824700060","A02","S67100000044956",""]
["W129271","51466","W822000000","B01","P60119190000000",""]
["W129272","52132","W406800000","B05","S61170000044843",""]
["W129274","53106","W408200051","A02","S61170000044968",""]
["W129276","51470","W710085017","B01","P60119210000000",""]
["W129277","51046","W401487000","C07","D65200002000012",""]
["W129278","53402","W710025014","B04","S68100000041839",""]
["W129281","53106","W710070015","A02","S61110000044975",""]
["W129282","53106","W710070015","A02","S61110000044976",""]
["W129283","53106","W495010011","B03","S61110000044974",""]
["W129285","11000","W400900000","B05","S61170000044842",""]
["W129286","11000","W400900000","B05","S61110000042410",""]
["W129287","51466","W406800000","B05","S61170000044843",""]
["W129288","53106","W402000012","B03","S61110000044962",""]
["W129289","53106","W495010030","B03","S61110000044963",""]
["W129290","53406","W495010008","B03","S67100000044964",""]
["W129291","52132","W495010030","B05","S61110000044963",""]
["W129292","51206","W900200000","M00","M63400002420000",""]
["W129293","51491","W822000004","B01","P60012203200000",""]
["W129294","53106","W405400006","B03","S61110000044995",""]
["W129295","53106","W405400006","B03","S61110000044996",""]
["W129296","53416","W400900100","B03","S69210000040165",""]
["W129297","53106","W822500012","B03","S61110000042033",""]
["W129298","53406","W710060014","B03","S67100000045004",""]
["W129299","53416","W710070020","B03","S67600000045006",""]
["W129300","53416","W710070020","B03","S69200000045009",""]
["W129301","53416","W402400011","B03","S69210000039650",""]
["W129302","53106","W455000050","A02","S61110000039843",""]
["W129303","53106","W495010039","B03","S61110000044339",""]
["W129304","52132","W495010039","B01","",""]
["W129305","11000","W400950000","B05","S61170000041810",""]
["W129306","53500","W855000000","B01","R67700000045028",""]
["W129307","53416","W403700001","B03","S69200000045026",""]
["W129308","53106","W403700001","B03","S61110000045027",""]
["W129309","53406","W832500033","B03","S67100000045031",""]
["W129310","53406","W455000038","B03","S67100000043705",""]
["W129311","53416","W402400059","B03","S69200000044821",""]
["W129315","53106","W455000024","B03","S61110000045044",""]
["W129316","53406","W710070020","B03","S67100000045065",""]
["W129317","53106","W408200068","B03","S61110000045066",""]
["W129318","53106","W408200068","B03","S61110000045067",""]
["W129319","53106","W408200068","B03","S61110000045068",""]
["W129320","53106","W408200068","B03","S61110000045069",""]
["W129321","53106","W408200068","B03","S61110000045070",""]
["W129322","53106","W400900133","B03","S61600000045072",""]
["W129323","52132","W408200000","B05","S61110000045066",""]
["W129324","52132","W408200000","B05","S61110000045067",""]
["W129325","52132","W408200000","B05","S61110000045068",""]
["W129326","52132","W408200000","B05","S61110000045069",""]
["W129327","52132","W408200000","B05","S61110000045070",""]
["W129329","53416","W824700059","B03","S68200000043510",""]
["W129330","53402","W824000067","B04","S68200000043861",""]
["W129332","53406","W824700061","B03","S69210000044521",""]
["W129333","53106","W465000002","B03","S61110000045104",""]
["W129335","53106","W455000010","B03","S61110000045097",""]
["W129339","11000","W455000000","B05","S61110000045097",""]
["W129340","51046","W400713000","C07","D65300002000018",""]
["W129341","53406","W825000036","B03","S67100000043753",""]
["W129342","53500","W477000000","B01","R67700000045093",""]
["W129345","53106","W400900156","B03","S61110000042606",""]
["W129346","53106","W710060067","B03","S61110000044587",""]
["W129347","52132","W710060067","B01","",""]
["W129348","52132","W821900022","B05","S69210000044874",""]
["W129349","53106","W495010019","B03","S61110000043273",""]
["W129350","53406","W495010019","B03","S69110000043363",""]
["W129351","53106","W824700043","B03","S61180000045190",""]
["W129353","51046","W400713000","C07","D65300002000019",""]
["W129354","51046","W400713000","C07","D65300002000020",""]
["W129355","53106","W710046010","B03","S61110000039855",""]
["W129356","53416","W710046005","B03","S67600000041073",""]
["W129357","53402","W710010067","B04","S68200000042805",""]
["W129358","53106","W495010010","B03","S61110000045224",""]
["W129359","53106","W400900004","B03","S61110000045223",""]
["W129360","11000","W410720000","E14","",""]
["W129361","52132","W833000000","B01","P60119260000000",""]
["W129362","52132","W833000000","B01","P60119270000000",""]
["W129363","11000","W400014100","F10","",""]
["W129364","51491","W455000050","B01","",""]
["W129365","52132","W710046000","B05","S61110000039855",""]
["W129366","52132","W404000082","B01","",""]
["W129374","53106","W495010003","B03","S61110000043017",""]
["W129375","52132","W495010003","B05","S61110000043017",""]
["W129377","53416","W400900121","B03","S68200000042203",""]
["W129380","53106","W400900004","B03","S61110000042929",""]
["W129381","53402","W823000004","B04","S68200000044496",""]
["W129382","53106","W400900133","B03","S61110000041881",""]
["W129383","53106","W400900090","B03","S61110000045264",""]
["W129384","53106","W822500033","B03","S61110000043427",""]
["W129385","53402","W710040030","B04","S68200000045297",""]
["W129386","51466","W404500000","A01","P60119280000000",""]
["W129387","52132","W455000061","B01","",""]
["W129388","53106","W400900108","B03","S61110000043157",""]
["W129391","51470","W419100034","B01","P60010001501000",""]
["W129392","51470","W419100015","B01","P60010001590000",""]
["W129393","53106","W404000048","B03","S61110000042938",""]
["W129394","53106","W455000058","B03","S61110000042476",""]
["W129395","53416","W713000022","B03","S68200000042575",""]
["W129396","53106","W405400035","B03","S61110000043581",""]
["W129398","11000","W455000000","B05","S67100000043705",""]
["W129399","51466","W824000000","B01","P60119290000000",""]
["W129400","11000","W400900000","B05","S61110000042929",""]
["W129401","51466","W404500000","B01","P60119310000000",""]
["W129402","11000","W455000000","B05","S61110000042476",""]
["W129403","52132","W710025014","B05","S61110000042929",""]
["W129404","11000","W400900000","B05","S61110000041881",""]
["W129405","53106","W455000010","B03","S61110000045334",""]
["W129406","53416","W710060060","B03","S69210000042254",""]
["W129407","51046","W401453000","C07","D65610204000003",""]
["W129408","53800","W824700062","B01","U6036603000000W",""]
["W129409","53800","W824700000","B01","U6036603000000W",""]
["W129410","53800","W824700047","B01","U6036603000000W",""]
["W129411","53800","W710010045","B01","U6036603000000W",""]
["W129412","53800","W404500005","B01","U6036603000000W",""]
["W129414","52132","W419100032","B05","S61110000039855",""]
["W129415","51046","W407970000","C07","D64700404000007",""]
["W129416","53106","W455000050","B03","S61130000041229",""]
["W129417","53106","W455000058","B03","S61130000045330",""]
["W129418","53106","W455000050","B03","S61130000045331",""]
["W129419","51453","W713000000","B05","S68200000042575",""]
["W129420","51046","W401880000","C07","D65630002000011",""]
["W129421","53416","W455000032","B03","S67100000041917",""]
["W129422","53406","W402400048","B03","S67400000045176",""]
["W129426","11000","W455000000","B05","S61110000045334",""]
["W129427","51046","W401962000","C07","D64400304000008",""]
["W129431","11000","W455000000","B05","S61130000045330",""]
["W129433","53800","W410541000","B01","U6036603000000W",""]
["W129434","52132","W465000006","B01","",""]
["W129435","51466","W400900000","B01","P60119320000000",""]
["W129436","53106","W833000055","B03","S61180000045434",""]
["W129437","53800","W824700063","B01","U6035256000000W",""]
["W129438","53106","W833000028","B03","S61170000043503",""]
["W129440","52132","W833000000","B01","P60119330000000",""]
["W129442","53416","W710060028","B03","S67600000045461",""]
["W129443","53500","W833000078","B01","R67100000045479",""]
["W129445","51491","W824700057","B01","P60119340000000",""]
["W129450","53106","W710060026","B03","S61110000041966",""]
["W129451","53106","W400900006","B03","S61110000041519",""]
["W129452","53106","W408200051","B03","S61110000042228",""]
["W129453","53106","W400900146","B03","S61110000041770",""]
["W129454","53416","W400900133","B03","S69210000042352",""]
["W129455","53416","W408200067","B03","S69200000045490",""]
["W129456","51453","W822500000","B05","S61110000030547",""]
["W129457","51453","W822500000","B05","S61110000032344",""]
["W129458","51453","W822500000","B05","S61110000034377",""]
["W129459","51453","W822500000","B05","S69200000039070",""]
["W129460","51453","W822500000","B05","S61110000028393",""]
["W129461","51453","W822500000","B05","S61110000035732",""]
["W129463","51453","W822500000","B05","S68100000043276",""]
["W129464","51466","W833000000","A01","P60119350000000",""]
["W129465","51210","W833000080","B01","P60016170000231",""]
["W129466","51210","W833500143","B01","P60016170000232",""]
["W129467","51210","W405400027","B01","P60016170000233",""]
["W129468","52132","W408200068","B05","",""]
["W129470","53406","W710060010","B03","S67400000044890",""]
["W129471","51046","W400713000","C07","D65300002000021",""]
["W129472","53416","W416800014","B03","S68200000041290",""]
["W129474","53206","W822500018","B03","S63000000043103",""]
["W129475","53406","W400900157","B03","S67100000043309",""]
["W129476","53406","W405400036","B03","S67100000043213",""]
["W129478","53800","W406800001","B01","U6035383000000W",""]
["W129479","53106","W455000039","B03","S61110000045570",""]
["W129480","11000","W455000000","B05","S61110000045570",""]
["W129483","53406","W713000028","B03","S67100000043609",""]
["W129484","11000","W400900000","B05","S61110000041519",""]
["W129486","51046","W400713000","C07","D65300004000002",""]
["W129487","52132","W408200067","B05","",""]
["W129488","52132","W455000062","B01","",""]
["W129489","53106","W710010068","B03","S61110000042634",""]
["W129490","53402","W833500136","B04","S68100000043842",""]
["W129491","51466","W404000000","A01","P60119360000000",""]
["W129492","51046","W401950000","C07","D65620002000002",""]
["W129493","51046","W401880000","C07","D65630002000012",""]
["W129494","51046","W401880000","C07","D65630002000013",""]
["W129495","53800","W465000001","B01","U6032047900000W",""]
["W129496","51046","W401962000","C07","D64400304000009",""]
["W129498","53213","W407900030","C04","E63000000045658",""]
["W129500","51491","W413000000","B01","P60030002540000",""]
["W129501","53416","W824700006","B03","S69200000045600",""]
["W129502","53416","W824700006","B03","S69200000043202",""]
["W129503","53800","W465000002","B01","U6032622500000W",""]
["W129504","51470","W400900146","B01","P60016180000013",""]
["W129506","53406","W402400061","B03","S68100000044875",""]
["W129507","53406","W402400054","B03","S68100000044879",""]
["W129509","53416","W713000045","B03","S68200000045491",""]
["W129510","53106","W710000001","B03","S61300000045059",""]
["W129511","53106","W403700005","B03","S61300000045063",""]
["W129513","53416","W824000127","B03","S67600000045726",""]
["W129514","52132","W824000127","B01","",""]
["W129515","59000","W409010000","E14","",""]
["W129516","52132","W833000028","B05","S61170000043503",""]
["W129518","51466","W822500000","A01","P60119370000000",""]
["W129519","51466","W825000000","A01","P60119380000000",""]
["W129521","52132","W832500072","B01","",""]
["W129523","51491","W824012000","B01","",""]
["W129526","53406","W822000009","B03","S67100000042210",""]
["W129528","51470","W495010002","B05","P60012306800000",""]
["W129529","53416","W713000031","B03","S68200000040374",""]
["W129530","52132","W402400038","B05","S67100000044200",""]
["W129531","53406","W400900090","B03","S68200000044571",""]
["W129532","53406","W832500066","B04","S69200000042780",""]
["W129533","53106","W403700001","B03","S61110000045782",""]
["W129535","53416","W710046009","B03","S67600000045786",""]
["W129536","53106","W832500032","B03","S61110000045787",""]
["W129537","53416","W710070020","B03","S69100000045792",""]
["W129538","53106","W710060004","B03","S61120000045793",""]
["W129539","53406","W400900054","B03","S67100000043644",""]
["W129540","51491","W822500032","B01","",""]
["W129541","53406","W405400005","B03","S67100000045766",""]
["W129542","51046","W401923003","C07","D65500002000006",""]
["W129543","51046","W407612010","C07","D65200002000013",""]
["W129545","53416","W402400038","B03","S69110000041251",""]
["W129546","53416","W402400048","B03","S69110000041318",""]
["W129547","53416","W455000003","B03","S69100000040142",""]
["W129548","53416","W402400038","B03","S69100000045773",""]
["W129549","52132","W833012011","B05","S61110000032927",""]
["W129550","52132","W404500046","B05","S61110000042195",""]
["W129551","52132","W404500011","B05","S61110000042723",""]
["W129552","52132","W404500015","B05","S61110000038838",""]
["W129553","53402","W824000095","B04","S68300000043218",""]
["W129554","53416","W404000040","B03","S69110000042265",""]
["W129556","53106","W495010027","B03","S61110000045879",""]
["W129557","51046","W401453000","C07","D65610002000005",""]
["W129559","11000","W402400000","B05","S69200000037688",""]
["W129566","11000","W402400000","B05","S69200000042398",""]
["W129568","52132","W821900033","B05","S61110000037310",""]
["W129569","52132","W821900033","B05","S69200000042864",""]
["W129570","52132","W821900033","B05","S61110000037004",""]
["W129571","51046","W400713000","C07","D65300002000022",""]
["W129572","11000","W455000000","B05","S69100000040142",""]
["W129573","53402","W832500005","B04","S68100000044380",""]
["W129574","53402","W710040030","B04","S68200000045902",""]
["W129576","53406","W821900012","B03","S67000000044192",""]
["W129577","53213","W833060000","C04","E63710000045814",""]
["W129578","53406","W405200019","B03","S67400000045903",""]
["W129579","51470","W837000000","B01","P60119390000000",""]
["W129580","53406","W824011100","B03","S67600000045058",""]
["W129581","52132","W824011100","B01","",""]
["W129583","53416","W455000003","A02","S69200000042468",""]
["W129585","53800","W404000057","B01","U6035302000000W",""]
["W129586","51046","W401916005","C07","D65300003000018",""]
["W129587","53402","W710040034","B04","S68200000045934",""]
["W129588","11000","W455000000","B05","S69200000042468",""]
["W129589","53416","W824700006","B03","S67600000043222",""]
["W129591","53416","W710070031","C04","S67100000045553",""]
["W129592","53416","W710085012","B04","S69210000045563",""]
["W129594","53416","W455000043","B03","S69210000045816",""]
["W129596","53213","W833000055","C04","E63600000045972",""]
["W129597","53213","W833000055","C04","E63600000045974",""]
["W129598","51470","W833500126","B01","P60016180000014",""]
["W129599","53402","W710085012","B04","S67100000043485",""]
["W129600","53213","W833000055","C04","E63710000046000",""]
["W129601","53406","W824000110","B03","S67100000043723",""]
["W129602","53800","W495010015","B01","U6035329000000W",""]
["W129603","11000","W402400000","B05","S69110000041251",""]
["W129604","11000","W402400000","B05","S69110000041318",""]
["W129605","11000","W402400000","B05","S68200000041657",""]
["W129606","11000","W402400000","B05","S69200000039870",""]
["W129607","11000","W455000000","B05","S61110000039855",""]
["W129608","52132","W405200018","B01","",""]
["W129609","51491","W833000000","B01","P60119410000000",""]
["W129610","11000","W455000000","B05","S67200000042886",""]
["W129611","53402","W710060004","B04","S68200000044115",""]
["W129612","53402","W710040011","B04","S68100000043995",""]
["W129614","53402","W822000009","B04","S68100000043445",""]
["W129615","53402","W822000009","B04","S68100000043290",""]
["W129616","53406","W832500070","B03","S67100000045226",""]
["W129617","51125","W827540000","B07","P60020827500012",""]
["W129618","51125","W827540000","B07","P60020827500013",""]
["W129619","51125","W827540000","B07","P60020827500008",""]
["W129620","51046","W400713000","C07","D65300002000023",""]
["W129621","51046","W407612010","C07","D65200001000003",""]
["W129622","51466","W822900000","B01","P60119420000000",""]
["W129623","53416","W710010045","B03","S69110000046064",""]
["W129624","53416","W710070020","B03","S67600000046063",""]
["W129625","51046","W403700001","C07","D64100202000008",""]
["W129626","53416","W403700001","B03","S61900000046069",""]
["W129627","51226","W405400007","B01","",""]
["W129628","53106","W405200003","B03","S61110000046114",""]
["W129629","53106","W405200004","B03","S61110000046115",""]
["W129630","53106","W405400014","B03","S61110000046116",""]
["W129631","53106","W405200003","B03","S61110000046117",""]
["W129632","53106","W405200002","B03","S61110000046118",""]
["W129633","53106","W405200004","B03","S61110000046119",""]
["W129634","53106","W405200013","B03","S61110000046120",""]
["W129635","51046","W401916003","C07","D65500003000001",""]
["W129636","51046","W401914000","C07","D64500004000004",""]
["W129637","51466","W833000000","A01","P60119430000000",""]
["W129642","11000","W402400000","B05","S61110000031585",""]
["W129643","53106","W465000009","B03","S61110000045765",""]
["W129644","52132","W465000009","B01","",""]
["W129645","53402","W710015002","B04","S68200000044902",""]
["W129646","53402","W833500119","B04","S68100000044321",""]
["W129647","51046","W407980000","C07","D64100202000009",""]
["W129648","51046","W407980000","C07","D64100202000008",""]
["W129649","53500","W823000004","B01","R67700000046143",""]
["W129651","51046","W835110000","C07","D65100004000002",""]
["W129652","51491","W824013000","B01","P60119450000000",""]
["W129653","53800","W402400042","B01","U6035985000000W",""]
["W129654","51466","W833500000","A01","P60119460000000",""]
["W129655","53106","W710060014","B03","S61110000041241",""]
["W129656","53402","W855000006","B04","S68200000044246",""]
["W129657","52132","W855000006","B01","",""]
["W129658","53106","W821900033","B03","S61110000040992",""]
["W129659","53106","W400900159","B03","S61110000043125",""]
["W129660","53402","W822500026","B04","S68200000044910",""]
["W129661","53406","W405400007","B03","S67100000045650",""]
["W129662","52132","W400900159","B01","",""]
["W129663","53402","W710040037","B04","S68200000043439",""]
["W129665","53500","W833500133","B01","R67600000046172",""]
["W129667","51470","W402400024","B01","P60010001600000",""]
["W129668","51470","W405400018","B01","P60010001610000",""]
["W129669","51466","W833000000","A01","P60119470000000",""]
["W129670","53402","W833000080","B04","S68200000041778",""]
["W129671","53402","W832500067","B04","S69200000045978",""]
["W129673","52132","W400900155","B01","",""]
["W129674","53416","W710070031","B03","S67100000045891",""]
["W129675","51125","W404520000","B07","",""]
["W129676","51046","W401916002","C07","D64700303000002",""]
["W129677","53500","W405200004","B01","R67600000046195",""]
["W129678","51046","W401880000","C07","D65630002000014",""]
["W129679","53203","W408200063","C04","E63140000044695",""]
["W129680","53402","W832500038","B04","S68200000043461",""]
["W129681","53416","W710060025","B03","S68200000042747",""]
["W129682","53406","W833000055","A02","S67600000046100",""]
["W129683","51491","W855000000","A01","P60012307400000",""]
["W129684","53416","W833000083","B03","S67000000045374",""]
["W129685","53416","W827500001","B03","S67100000046235",""]
["W129686","53416","W827500001","B03","S67100000046236",""]
["W129687","53106","W417400004","B03","S61110000046237",""]
["W129688","53106","W417400004","B03","S61110000046238",""]
["W129689","53106","W417400004","B03","S61110000046239",""]
["W129690","53106","W417400004","B03","S61110000046240",""]
["W129691","53106","W417400004","B03","S61110000046241",""]
["W129692","53106","W417400004","B03","S61110000046242",""]
["W129693","53106","W710010045","B03","S61110000046243",""]
["W129694","51466","W822560000","A01","P60119480000000",""]
["W129695","52132","W821900033","B05","S61110000040992",""]
["W129696","52132","W821900022","B05","S61110000040992",""]
["W129697","53106","W404000107","B03","S61110000043550",""]
["W129698","53106","W495010029","B03","S61110000044951",""]
["W129699","53406","W405200018","B03","S67100000046108",""]
["W129700","53406","W400800002","B03","S67200000046253",""]
["W129701","53106","W404000052","B03","S61110000043275",""]
["W129702","53106","W416800017","B03","S61170000041890",""]
["W129703","53106","W416800018","B03","S61170000046251",""]
["W129704","51046","W407980000","C07","D64100202000010",""]
["W129705","51453","W400120000","F10","P60016200000008",""]
["W129706","51453","W875021000","F10","P60087502100026",""]
["W129707","53106","W402400059","B03","S61110000044736",""]
["W129708","53416","W824700059","B03","S67600000042921",""]
["W129709","51453","W822500000","B05","S67100000043980",""]
["W129710","53406","W855000003","B03","S67600000046263",""]
["W129711","53800","W824000110","B01","U6035325000000W",""]
["W129712","53800","W824000110","B01","U6035326000000W",""]
["W129713","53416","W710010045","B03","S69110000046291",""]
["W129714","51470","W404000030","B01","P60119490000000",""]
["W129715","52132","W833000083","B05","S61170000044432",""]
["W129716","53406","W455000044","B03","S68200000046191",""]
["W129717","53406","W400900029","B03","S67100000046308",""]
["W129718","53800","W833500121","B01","U6036591000000W",""]
["W129719","53416","W400900118","B03","S69210000045498",""]
["W129720","53416","W400900109","B03","S69210000046289",""]
["W129722","53402","W824000014","B04","S68200000044747",""]
["W129723","53406","W710060068","B03","S67100000045075",""]
["W129724","53800","W404500046","B01","U6036264000000W",""]
["W129725","51046","W401488000","C07","D63500002000005",""]
["W129727","53106","W495010026","B03","S61110000042591",""]
["W129728","53406","W404500055","B03","S67600000043636",""]
["W129729","51491","W710000000","B01","P60119510000000",""]
["W129730","51046","W400712005","C07","D64800002000006",""]
["W129731","53406","W832500034","B03","S67400000046370",""]
["W129732","53406","W822500018","B03","S67400000046371",""]
["W129733","53406","W495010001","B03","S67400000046372",""]
["W129734","53406","W405400018","B03","S67400000046374",""]
["W129735","53416","W824700006","B03","S69200000046373",""]
["W129736","53416","W824700006","B03","S69200000046369",""]
["W129737","53402","W713000021","B04","S68100000045035",""]
["W129739","53416","W455000036","B03","S69210000043019",""]
["W129740","53416","W824700006","B03","S67600000046368",""]
["W129741","51046","W400713000","C07","D65300006000001",""]
["W129743","11000","W455000000","B05","S61110000046243",""]
["W129744","53402","W710040034","B04","S68200000044522",""]
["W129745","53416","W710045016","B03","S69210000046399",""]
["W129746","53416","W710065003","B03","S69210000046402",""]
["W129747","53106","W400900155","B03","S61110000046390",""]
["W129748","53416","W825500016","B03","S69110000046389",""]
["W129749","53406","W400900146","B03","S67600000046391",""]
["W129750","51046","W401962000","C07","D64400304000010",""]
["W129751","51491","W419011000","B01","",""]
["W129752","51470","W455000000","B01","P60119520000000",""]
["W129753","51470","W455000000","B01","P60119530000000",""]
["W129754","51470","W455000000","B01","P60119540000000",""]
["W129755","53406","W832500066","A02","S67100000046425",""]
["W129756","51491","W822500000","B01","P60119550000000",""]
["W129757","53406","W822000010","B03","S67400000046400",""]
["W129758","51491","W408200000","B01","P60119560000000",""]
["W129759","51046","W401453000","C07","D65610002000006",""]
["W129760","53402","W825000042","B04","S68100000044387",""]
["W129761","52132","W825000042","B01","",""]
["W129762","53106","W400900121","B03","S61110000042932",""]
["W129763","53106","W400900108","B03","S61110000046439",""]
["W129764","53106","W402400059","B03","S61110000046440",""]
["W129765","53106","W405400005","B03","S61110000046441",""]
["W129766","53106","W408200051","A02","S61170000046450",""]
["W129767","53106","W495010041","B03","S61110000043583",""]
["W129768","51466","W825500000","A01","P60119570000000",""]
["W129769","51466","W825500000","B01","P60119580000000",""]
["W129771","53213","W833000055","C04","E63710000046447",""]
["W129772","51046","W400713000","C07","D65300002000024",""]
["W129773","53500","W455000044","B01","R67400000046475",""]
["W129774","53500","W408200061","B01","R67200000046474",""]
["W129775","53106","W710000006","B03","S61110000044422",""]
["W129776","53106","W710060010","B03","S61110000046435",""]
["W129778","52132","W710025033","B05","S69210000036738",""]
["W129779","53406","W405200018","B03","S67100000045749",""]
["W129780","53106","W710060066","B03","S61110000044480",""]
["W129781","51046","W401911003","C07","D65640104000009",""]
["W129782","11000","W400900000","B05","S61110000042932",""]
["W129783","53213","W821000000","C04","E63760000044050",""]
["W129784","52132","W400900108","B05","S61110000046439",""]
["W129786","51125","W827540000","B07","P60020827500010",""]
["W129788","53626","W416800017","B01","G60000000046535",""]
["W129789","52132","W495010026","B05","S61110000042591",""]
["W129790","52132","W495010029","B05","S61110000044951",""]
["W129791","53416","W832500007","B04","S69200000046311",""]
["W129793","53406","W403700005","B03","S67300000045445",""]
["W129794","53416","W710075005","B03","S67100000043432",""]
["W129795","51206","W900200000","M00","M63400001403000",""]
["W129796","51207","W900200000","F40","M63400001403000",""]
["W129797","51254","W900200000","F40","M63400001403000",""]
["W129798","53416","W455000003","B03","S66000000046561",""]
["W129799","11000","W455000000","B05","S66000000046561",""]
["W129800","53416","W710070015","B03","S67600000046562",""]
["W129801","53406","W495010006","B03","S68200000046428",""]
["W129802","53106","W710035001","B03","S61110000043099",""]
["W129803","11000","W455000000","B05","S67600000046562",""]
["W129804","53106","W406800001","B03","S61110000046563",""]
["W129805","53106","W406800001","B03","S61110000046564",""]
["W129806","53106","W406800001","B03","S61110000046565",""]
["W129807","53106","W406800001","B03","S61110000046566",""]
["W129808","53106","W406800001","B03","S61110000046567",""]
["W129809","53106","W406800001","B03","S61110000046568",""]
["W129810","53800","W409817000","B01","U6035313000000W",""]
["W129811","53406","W832500030","B03","S67100000046458",""]
["W129812","51046","W401916005","C07","D65300003000020",""]
["W129813","51046","W401916005","C07","D65300003000021",""]
["W129814","51046","W401916005","C07","D65300003000019",""]
["W129815","52132","W406800000","B05","S61110000046563",""]
["W129816","52132","W406800000","B05","S61110000046564",""]
["W129817","52132","W406800000","B05","S61110000046565",""]
["W129818","52132","W406800000","B05","S61110000046566",""]
["W129819","52132","W406800000","B05","S61110000046567",""]
["W129820","52132","W406800000","B05","S61110000046568",""]
["W129821","53416","W833500144","B04","S67600000046572",""]
["W129822","53416","W833500144","B04","S67600000046573",""]
["W129823","53416","W833500144","B04","S67600000046574",""]
["W129824","53416","W833500144","B04","S67600000046575",""]
["W129825","53416","W833500144","B04","S67600000046576",""]
["W129826","52132","W833500144","B01","",""]
["W129827","51453","W710075000","B05","S67100000043432",""]
["W129828","51046","W401916002","C07","D64700003000015",""]
["W129829","51453","W400018000","F10","",""]
["W129830","11000","W400018000","F10","",""]
["W129831","51491","W410100000","B01","P60012309600000",""]
["W129832","51453","W419016000","E14","",""]
["W129833","53402","W833500136","B04","S68300000042696",""]
["W129835","51046","W401945000","C07","D65400004000004",""]
["W129836","51506","W400018000","F10","",""]
["W129837","53406","W710010045","B03","S67600000046685",""]
["W129838","53106","W710060028","B03","S61110000043704",""]
["W129842","53416","W833500027","B03","S67600000043030",""]
["W129843","53402","W710040038","B04","S63000000044508",""]
["W129844","53106","W400900133","B03","S61110000043152",""]
["W129845","53203","W833500032","C04","E63450000046710",""]
["W129846","53203","W833060000","C04","E63450000046711",""]
["W129847","53213","W407900027","C04","E63600000046222",""]
["W129848","11000","W405400000","B05","S61110000043099",""]
["W129849","53416","W495010001","B03","S67600000043159",""]
["W129850","51046","W407970000","C07","D64700404000008",""]
["W129851","53203","W710070031","C04","E63000000046730",""]
["W129853","51046","W400713000","C07","D65300004000003",""]
["W129854","53406","W833000072","B03","S69210000041913",""]
["W129855","53203","W833500118","C04","E63600000046723",""]
["W129856","53213","W833500119","C04","E63600000046725",""]
["W129857","53203","W833500102","C04","E63400000046722",""]
["W129858","53213","W710060029","C04","E63600000046719",""]
["W129859","53213","W710060029","C04","E63600000046720",""]
["W129860","53213","W710060029","C04","E63600000046721",""]
["W129861","51046","W401945000","C07","D65400004000005",""]
["W129862","53406","W710000029","B03","S67100000046735",""]
["W129863","53416","W833500059","B03","S69110000046734",""]
["W129864","53402","W713000021","B04","S68100000046219",""]
["W129865","53213","W833500102","C04","E63160000046728",""]
["W129866","53203","W833060000","C04","E63500000046767",""]
["W129867","53416","W824700055","B03","S69110000046765",""]
["W129868","53416","W416800018","B03","S69200000046764",""]
["W129869","53213","W710070020","C04","E63600000046731",""]
["W129870","51046","W401488000","C07","D63500002000006",""]
["W129871","53106","W400900094","B03","S61110000046757",""]
["W129872","53106","W400900094","B03","S61110000046758",""]
["W129873","53106","W400900094","B03","S61110000046759",""]
["W129874","53106","W400900094","B03","S61110000046760",""]
["W129875","53106","W408200051","A02","S61120000046761",""]
["W129876","53106","W408200054","B03","S61120000046763",""]
["W129879","11000","W400900000","B05","S61110000046757",""]
["W129880","11000","W400900000","B05","S61110000046759",""]
["W129881","52132","W408200051","B05","S61120000046761",""]
["W129882","51198","W842730000","L07","","01035"]
["W129883","51198","W842730000","L07","","01006"]
["W129884","51198","W842730000","L07","","0010P"]
["W129885","51198","W842730000","L07","","0020P"]
["W129886","51198","W842730000","L07","","0030P"]
["W129887","51198","W842730000","L07","","0040P"]
["W129888","51198","W842730000","L07","","01111"]
["W129889","51198","W842730000","L07","","0050P"]
["W129890","51198","W842730000","L07","","0060P"]
["W129891","51198","W842730000","L07","","0105P"]
["W129892","51198","W842730000","L07","","0214P"]
["W129893","51198","W842730000","L07","","0215P"]
["W129894","51198","W842730000","L07","","0300P"]
["W129895","51198","W842730000","L07","","0810P"]
["W129896","51198","W842730000","L07","","0000P"]
["W129897","11000","W400900000","B05","S61110000043152",""]
["W129898","53406","W710065044","A02","S67100000046799",""]
["W129899","53416","W710046004","B03","S69210000046800",""]
["W129900","53106","W710075011","B03","S61160000046801",""]
["W129901","53416","W403700007","B03","S69200000046802",""]
["W129902","53213","W833000055","C04","E63710000046821",""]
["W129903","52132","W710046000","B05","S69210000046800",""]
["W129904","53106","W400900133","B03","S61110000044026",""]
["W129905","11000","W400900000","B05","S61110000044026",""]
["W129906","53106","W824700064","A02","S61120000046825",""]
["W129907","53106","W824700064","A02","S61120000046826",""]
["W129908","53106","W824700064","A02","S61120000046827",""]
["W129909","53106","W824700064","A02","S61120000046828",""]
["W129910","52132","W824700064","B01","",""]
["W129911","53416","W713000022","B03","S69100000046834",""]
["W129912","53416","W405200002","B03","S67600000046836",""]
["W129913","53402","W822500026","B04","S68300000044909",""]
["W129914","53416","W455000016","B03","S69100000046831",""]
["W129915","53416","W402400011","B03","S69210000046837",""]
["W129916","53416","W455000002","B03","S69200000046838",""]
["W129917","53106","W455000012","B03","S61110000046839",""]
["W129918","53106","W710070015","B03","S61110000046840",""]
["W129919","11000","W455000000","B05","S69200000046838",""]
["W129920","11000","W455000000","B05","S61110000046839",""]
["W129921","11000","W455000000","B05","S61110000046840",""]
["W129922","51466","W825500000","B01","P60119610000000",""]
["W129923","51470","W825500000","B01","P60119620000000",""]
["W129925","51453","W713000000","B05","S69100000046834",""]
["W129926","53416","W400900109","B03","S69200000046849",""]
["W129928","53406","W405400014","B03","S67100000046855",""]
["W129929","53406","W405200002","B03","S67100000046857",""]
["W129930","53406","W400900146","B03","S67600000046862",""]
["W129931","53106","W833500126","B03","S61110000042867",""]
["W129932","53416","W833000055","B03","S68100000046889",""]
["W129933","53106","W833500027","B03","S61110000044770",""]
["W129934","53106","W404000040","B03","S61110000046877",""]
["W129935","53203","W455000063","B03","E63600000046903",""]
["W129936","52132","W455000063","B01","",""]
["W129937","53106","W419100033","B03","S61120000046885",""]
["W129938","53416","W465000009","B03","S69210000046804",""]
["W129939","53416","W821900022","B03","S69210000044245",""]
["W129940","53406","W405400005","B03","S67100000045530",""]
["W129941","53406","W402400008","B03","S67100000046860",""]
["W129942","53203","W833060000","C04","E63500000046883",""]
["W129943","53203","W833060000","C04","E63500000046902",""]
["W129944","53203","W833060000","C04","E63500000046895",""]
["W129945","53203","W833060000","C04","E63500000046896",""]
["W129946","53203","W833060000","C04","E63500000046897",""]
["W129947","53203","W833060000","C04","E63500000046898",""]
["W129948","53203","W833060000","C04","E63500000046894",""]
["W129949","53203","W833060000","C04","E63600000046914",""]
["W129950","53203","W833060000","C04","E63500000046915",""]
["W129951","53203","W833060000","C04","E63710000046917",""]
["W129953","51046","W400713000","C07","D65300002000025",""]
["W129954","52132","W824700061","B01","",""]
["W129955","52132","W824700059","B01","",""]
["W129956","53203","W833060000","C04","E63500000046918",""]
["W129957","53203","W833060000","C04","E63500000046916",""]
["W129958","53203","W833060000","C04","E63500000046931",""]
["W129959","53203","W408200062","C04","E63120000046934",""]
["W129961","53203","W408200062","C04","E63150000046939",""]
["W129962","53416","W710075005","B03","S67100000043167",""]
["W129963","53203","W408200063","C04","E63150000046940",""]
["W129964","53203","W408200066","C04","E63150000046941",""]
["W129965","51491","W408200069","B01","",""]
["W129966","53403","W414200001","A01","E67600000046901",""]
["W129967","53403","W414200001","A01","E67600000046900",""]
["W129968","53403","W414200001","A01","E67600000046899",""]
["W129969","53402","W822500026","B04","S68200000046949",""]
["W129970","51254","W900200000","F40","M63400002880000",""]
["W129971","53406","W400900152","B03","S67100000046952",""]
["W129972","53416","W710060028","B03","S69210000046951",""]
["W129973","53402","W710010058","B04","S68200000043039",""]
["W129974","53402","W402510034","B04","S67100000046886",""]
["W129975","53402","W402510034","B04","S67100000046887",""]
["W129976","53402","W402510034","B04","S68100000046890",""]
["W129977","53402","W402510034","B04","S67100000046888",""]
["W129978","53416","W827500001","B04","S68200000044714",""]
["W129979","53106","W710065026","B03","S61110000042955",""]
["W129980","53406","W495010005","B03","S67100000041958",""]
["W129981","53406","W825500016","B04","S67200000046969",""]
["W129982","53416","W404000079","B03","S69110000043261",""]
["W129983","53416","W832500005","B03","S69110000046929",""]
["W129984","53106","W495010010","B03","S61110000044620",""]
["W129985","53406","W833500119","B03","S67100000044982",""]
["W129986","51046","W401945000","C07","D65500003000001",""]
["W129987","11000","W455000024","B05","S61110000045044",""]
["W129988","53406","W405400025","B03","S67100000044676",""]
["W129989","52132","W416800000","B05","S69200000042526",""]
["W129990","53416","W416800020","B03","S69200000042526",""]
["W129991","11000","W402400000","B05","S69100000045773",""]
["W129992","51453","W710065000","B05","S61110000042955",""]
["W129993","51453","W710075000","B05","S67100000043167",""]
["W129994","51491","W710060062","B01","",""]
["W129995","53206","W416800020","B03","E63000000046893",""]
["W129996","53800","W417000000","B01","U6035328000000W",""]
["W129997","53106","W402400017","B03","S61110000044341",""]
["W129998","53106","W402400038","B03","S61110000044139",""]
["W129999","53203","W419100013","C04","E63000000047032",""]
["W130001","53406","W710025033","B03","S69210000044365",""]
["W130002","53402","W402510028","B04","S67100000043288",""]
["W130003","53416","W710060025","B03","S68200000047034",""]
["W130004","52132","W821900022","B05","S69210000044245",""]
["W130005","51125","W400943000","B07","",""]
["W130007","53402","W832500057","B04","S68200000044403",""]
["W130008","53402","W833500136","B04","S68200000045360",""]
["W130009","53106","W710060051","B03","S61110000044441",""]
["W130010","51453","W860027000","F10","",""]
["W130012","11000","W860027000","F10","",""]
["W130013","53406","W710010049","B03","S67400000046408",""]
["W130015","53106","W710060070","B03","S61110000044653",""]
["W130016","52132","W710010059","B01","",""]
["W130018","51046","W400713000","C07","D65300002000026",""]
["W130019","51046","W401916005","C07","D65300003000022",""]
["W130020","51046","W407612018","C07","D65200002000014",""]
["W130021","51044","W416800000","P01","P600COVID192020","CVD19"]
["W130022","51453","W800800000","F11","P600COVID192020","CVD19"]
["W130023","51453","W842012000","G11","P600COVID192020","CVD19"]
["W130024","51453","W842013000","G11","P600COVID192020","CVD19"]
["W130025","51453","W845000000","G11","P600COVID192020","CVD19"]
["W130026","51453","W842510000","G11","P600COVID192020","CVD19"]
["W130027","51453","W842511000","G11","P600COVID192020","CVD19"]
["W130028","51463","W409233000","L10","",""]
["W130029","57017","W875010000","F10","P600COVID192020","CVD19"]
["W130030","53416","W710010049","B03","S67100000047049",""]
["W130031","53416","W710046009","B03","S67600000047062",""]
["W130032","53416","W832500040","B03","S67600000047064",""]
["W130033","53406","W832500005","B03","S67100000047065",""]
["W130036","51470","W822000000","B01","P60119630000000",""]
["W130037","11000","W455000000","B05","S61110000045044",""]
["W130038","51046","W401477000","C07","D6000DMSCOVID19","CVD19"]
["W130039","51046","W401477000","C07","D6000CPSCOVID19","CVD19"]
["W130040","51046","W401477000","C07","D6000DCSCOVID19","CVD19"]
["W130041","51046","W401477000","C07","D6000DESCOVID19","CVD19"]
["W130042","51046","W401477000","C07","D6000HCJCOVID19","CVD19"]
["W130043","51046","W401477000","C07","D6000OCACOVID19","CVD19"]
["W130044","51046","W401477000","C07","D6000HLPCOVID19","CVD19"]
["W130045","51046","W401477000","C07","D6000R&ECOVID19","CVD19"]
["W130046","51046","W401477000","C07","D6000OSRCOVID19","CVD19"]
["W130047","51046","W401477000","C07","D6000NBSCOVID19","CVD19"]
["W130048","51046","W401477000","C07","D600HCFSCOVID19","CVD19"]
["W130049","52132","W710046000","B05","S67600000038802",""]
["W130050","53106","W419014000","A02","S61110000043110",""]
["W130051","53106","W404000039","B03","S61110000044269",""]
["W130052","53106","W405400037","B03","S61110000044659",""]
["W130053","53416","W833000072","B03","S68100000047056",""]
["W130054","53106","W465000001","B03","S61110000043153",""]
["W130055","53106","W405400002","B03","S61110000042271",""]
["W130056","52132","W710060066","B01","",""]
["W130057","53416","W416800016","B03","S69200000043929",""]
["W130058","52132","W416800000","B05","S69200000043929",""]
["W130059","53406","W824700061","B03","S67600000047116",""]
["W130060","51046","W401477000","C07","D6000CWMCOVID19","CVD19"]
["W130061","53106","W495010006","B03","S61110000044386",""]
["W130063","53416","W710010055","B03","S69210000047124",""]
["W130064","52132","W400900121","B01","P600COVID192020","CVD19"]
["W130065","53416","W710000001","B04","S68200000047125",""]
["W130066","53406","W400900054","B03","S67100000047126",""]
["W130067","53406","W832500037","B03","S67100000047127",""]
["W130068","53416","W827500001","B03","S69200000047129",""]
["W130069","53416","W827500001","B03","S69210000047130",""]
["W130070","53106","W405400013","B03","S61110000047133",""]
["W130071","53106","W405400007","B03","S61110000047134",""]
["W130072","53106","W495010001","B03","S61110000047135",""]
["W130073","53106","W405400018","B03","S61110000047136",""]
["W130074","53106","W400900004","B03","S61110000047143",""]
["W130075","11000","W465000000","B05","S61110000043153",""]
["W130076","53106","W826000024","B03","S61110000047144",""]
["W130077","53106","W826000024","B03","S61110000047145",""]
["W130078","53106","W826000015","B03","S61110000047146",""]
["W130079","53106","W826000015","B03","S61110000047147",""]
["W130080","53106","W826000024","B03","S61110000047148",""]
["W130082","53106","W407900019","B03","S61160000047117",""]
["W130083","53406","W405200018","B03","S67100000044883",""]
["W130084","53406","W833500119","B03","S67100000047171",""]
["W130085","53406","W833500119","B03","S67100000047174",""]
["W130087","51470","W405400007","B01","P600COVID192020","CVD19"]
["W130088","53106","W710060010","B03","S61110000043187",""]
["W130089","53106","W710060014","B03","S61110000047161",""]
["W130090","53106","W404000040","B03","S61110000047186",""]
["W130091","51254","W900200000","F40","M63400002324000",""]
["W130092","51206","W900200000","M00","M63400002324000",""]
["W130093","51207","W900200000","F40","M63400002324000",""]
["W130095","53416","W833000072","B03","S67100000045385",""]
["W130096","53416","W825500016","B03","S67100000047180",""]
["W130097","53416","W403700001","B03","S69210000047191",""]
["W130098","53106","W405200002","B03","S61110000047197",""]
["W130099","53106","W405400014","B03","S61110000047198",""]
["W130100","53106","W402400038","B03","S61110000047201",""]
["W130101","53106","W402400048","B03","S61110000047202",""]
["W130102","53106","W402400038","B03","S61110000047203",""]
["W130103","53416","W455000032","B03","S67100000047196",""]
["W130104","53106","W455000050","A02","S61110000047193",""]
["W130105","53416","W408200054","B03","S69200000040433",""]
["W130106","11000","W455000000","B05","S67100000047196",""]
["W130107","51125","W455020000","B07","P600COVID192020","CVD19"]
["W130108","53406","W408200063","B03","S67400000045731",""]
["W130109","53416","W822500018","B03","S68200000041725",""]
["W130110","53416","W710075005","B03","S68300000042521",""]
["W130111","53800","W824013001","B01","U6035329000000W",""]
["W130113","53106","W404000108","B03","S61110000043827",""]
["W130114","52132","W404000108","B01","",""]
["W130115","53500","W405200000","B01","R67700000047212",""]
["W130116","51453","W710075000","B05","S68300000042521",""]
["W130118","53500","W833500136","B01","R67100000047214",""]
["W130119","51206","W900200000","M00","M63400001303000",""]
["W130120","51207","W900200000","F40","M63400001303000",""]
["W130121","51254","W900200000","F40","M63400001303000",""]
["W130122","53402","W833500136","B04","S68200000046122",""]
["W130123","11000","W402400000","B05","S61110000044341",""]
["W130124","11000","W402400000","B05","S67100000046860",""]
["W130126","53406","W832500066","B03","S67600000047223",""]
["W130128","53500","W477000000","B01","R67700000047245",""]
["W130129","52132","W400900124","B01","P600COVIDREMDCT","CVD19"]
["W130130","52132","W400900124","B01","P600COVID19MTCT","CVD19"]
["W130131","52132","W404000030","B01","P600COVID192020","CVD19"]
["W130132","52132","W404000079","B01","P600COVID192020","CVD19"]
["W130134","51207","W900100000","F40","M61000262325000",""]
["W130135","51254","W900100000","F40","M61000262325000",""]
["W130136","51206","W900100000","M00","M61000262325000",""]
["W130137","53402","W710085012","B04","S67100000047259",""]
["W130138","53402","W823000008","B04","S68200000043832",""]
["W130139","53800","W710060014","B01","U6032741600000W",""]
["W130140","53800","W832500034","B01","U6032741600000W",""]
["W130142","53206","W404000079","B03","S63000000046125",""]
["W130143","51470","W710000000","B01","P600COVIDSERLGY","CVD19"]
["W130145","53416","W832500038","B03","S67600000046740",""]
["W130146","53406","W825000043","B03","S67100000046055",""]
["W130147","53402","W823000009","B04","S67100000045823",""]
["W130148","51046","W401962000","C07","D64400304000011",""]
["W130149","52132","W713010000","B01","P600CVDCOPE0000","CVD19"]
["W130150","52132","W402400047","B01","P600COVID100000","CVD19"]
["W130151","52132","W402400047","B01","P600COVID200000","CVD19"]
["W130152","52132","W402400017","B01","P600COVID192020","CVD19"]
["W130153","52132","W402400059","B01","P600COVID192020","CVD19"]
["W130154","11000","W402400000","B05","S61110000044139",""]
["W130155","53416","W834100006","B03","S67600000044030",""]
["W130156","53402","W710000001","B04","S68100000047096",""]
["W130157","53402","W402510021","B04","S68200000045675",""]
["W130158","53402","W710025014","B04","S68200000044190",""]
["W130159","51046","W407970000","C07","D64700402000003",""]
["W130160","53106","W832500032","B03","S61300000044492",""]
["W130161","53406","W822510007","B03","S63000000046039",""]
["W130162","53416","W823000005","B03","S69200000044152",""]
["W130163","53406","W833000055","C04","S67600000047019",""]
["W130165","53500","W413000000","B01","R67700000047382","CVD19"]
["W130166","51470","W404000065","B01","P60010001620000",""]
["W130170","57000","W882000000","G00","F6000CP21982020","00114"]
["W130171","51453","W822560000","B05","S61110000028393",""]
["W130172","51453","W822560000","B05","S61110000034377",""]
["W130173","51453","W822560000","B05","S61110000035732",""]
["W130174","51453","W822560000","B05","S69200000039070",""]
["W130175","52132","W832500047","B01","",""]
["W130176","51206","W900200000","M00","M63400003411000",""]
["W130177","51207","W900200000","F40","M63400003411000",""]
["W130178","53106","W710060013","B03","S61110000047421",""]
["W130179","53106","W710060014","B03","S61110000047423",""]
["W130180","53106","W404500056","B03","S61110000044610",""]
["W130181","53106","W404500044","B03","S61110000041777",""]
["W130182","51453","W860011000","F10","P600COVID192020","CVD19"]
["W130183","53106","W403700007","B03","S62100000047215",""]
["W130184","53406","W710060060","B03","S69100000047165",""]
["W130185","53406","W400900121","B03","S69100000047170",""]
["W130186","53406","W710000006","B03","S69100000047192",""]
["W130187","53406","W710000001","B03","S69100000047166",""]
["W130188","53406","W710000001","B03","S67600000047167",""]
["W130189","53406","W710000001","B03","S67100000047280",""]
["W130190","53406","W710025031","B03","S67400000047320",""]
["W130191","53106","W405400038","B03","S61110000044648",""]
["W130192","53106","W400900054","B03","S61110000047416",""]
["W130193","51205","W842012001","L07","P600COVID192020","CVD19"]
["W130194","53203","W833060000","C04","E63500000047454",""]
["W130195","53203","W833060000","C04","E63500000047444",""]
["W130196","53203","W833060000","C04","E63500000047460",""]
["W130198","51470","W822560005","B01","P60037146000000",""]
["W130199","53203","W833060000","C04","E63500000047448",""]
["W130200","53203","W833060000","C04","E63500000047459",""]
["W130201","53203","W833060000","C04","E63500000047455",""]
["W130202","53203","W833060000","C04","E63500000047450",""]
["W130203","53203","W833060000","C04","E63500000047451",""]
["W130204","53203","W833060000","C04","E63500000047452",""]
["W130205","53203","W833060000","C04","E63500000047453",""]
["W130206","52132","W710025014","B05","S67400000047320",""]
["W130207","52132","W710025031","B05","S67400000047320",""]
["W130208","53106","W710075005","B03","S61110000047474",""]
["W130209","53203","W833500032","C04","E63450000047484",""]
["W130211","53416","W455000036","B03","S69210000047499",""]
["W130212","53416","W455000043","B03","S69210000047501",""]
["W130213","53416","W455000043","B03","S69210000047503",""]
["W130214","52132","W405200016","B01","P600COVID192020","CVD19"]
["W130215","52132","W825500000","B01","P600COVID300000","CVD19"]
["W130216","52132","W402400051","B01","P600COVID192020","CVD19"]
["W130217","52132","W400900155","B01","P600COVID192020","CVD19"]
["W130218","52132","W400900121","B01","P600COVID400000","CVD19"]
["W130219","52132","W713000028","B01","P600COVID192020","CVD19"]
["W130220","52132","W402400054","B01","P600COVID192020","CVD19"]
["W130221","52132","W405200002","B01","P600COVID192020","CVD19"]
["W130222","51125","W822930000","B07","P600COVID192020","CVD19"]
["W130223","51453","W710075000","B05","S61110000047474",""]
["W130224","53213","W407900018","C04","S63000000046547",""]
["W130225","51046","W407970000","C07","D64700404000009",""]
["W130226","51046","W401477000","C07","D6000BTSCOVID19","CVD19"]
["W130227","51470","W455000000","B01","P60012309700000",""]
["W130228","51470","W455000000","B01","P60012309800000",""]
["W130229","51470","W455000000","B01","P60012309900000",""]
["W130230","53406","W405400018","B03","S67100000046420",""]
["W130231","53106","W821900011","B03","S61110000045688",""]
["W130232","53406","W404000057","B03","S67400000047466",""]
["W130233","53416","W710070031","B03","S67600000047516",""]
["W130234","53172","W409210000","E00","A61200000047327",""]
["W130235","53406","W404500052","B03","S67100000047467",""]
["W130236","53406","W825000036","B03","S67100000047468",""]
["W130237","53406","W495010001","B03","S67600000047469",""]
["W130238","51491","W404000108","B01","",""]
["W130241","53416","W833000083","B03","S67000000047470",""]
["W130242","53106","W495010014","B03","S61110000043856",""]
["W130243","53106","W710000001","B03","S61110000044631",""]
["W130244","53416","W713000028","B03","S67100000047420",""]
["W130245","53106","W400900034","B03","S61110000044319",""]
["W130246","53106","W403700001","B03","S61110000047506",""]
["W130247","53406","W400800004","B03","S67200000047546",""]
["W130248","53406","W710010049","B03","S67100000047475",""]
["W130249","53203","W833500102","C04","E63600000047562",""]
["W130250","52132","W825000000","B01","P60012310000000",""]
["W130251","53106","W403700001","B03","S61110000047566",""]
["W130254","51470","W826080000","B01","P60082601600054",""]
["W130256","53406","W402400062","B03","S67100000047548",""]
["W130257","53406","W405400007","B03","S67100000047549",""]
["W130258","53406","W710085017","B03","S68300000046995",""]
["W130259","53406","W823000007","B03","S67300000045513",""]
["W130261","53402","W402510021","B04","S68200000046038",""]
["W130263","53500","W710065046","B01","R67400000047616","CVD19"]
["W130264","53203","W408200063","C04","E63120000047419",""]
["W130265","52132","W713000045","B01","P600COVID192020","CVD19"]
["W130266","52132","W821900022","B01","P600COVID192020","CVD19"]
["W130267","52132","W821900048","B01","P600COVID192020","CVD19"]
["W130268","52132","W400900100","B01","P600COVID192020","CVD19"]
["W130269","52132","W455000050","B01","P600COVID192020","CVD19"]
["W130270","52132","W455000003","B01","P600COVID192020","CVD19"]
["W130271","52132","W455000007","B01","P600COVID192020","CVD19"]
["W130273","52132","W455000024","B01","P600COVID192020","CVD19"]
["W130274","52132","W400900155","B01","P600COVID500000","CVD19"]
["W130275","52132","W455000000","B01","P600COVID600000","CVD19"]
["W130276","52132","W455000000","B01","P600COVID700000","CVD19"]
["W130277","52132","W455000000","B01","P600COVID800000","CVD19"]
["W130278","52132","W455000000","B01","P600COVID900000","CVD19"]
["W130280","52132","W710040038","B01","",""]
["W130281","53106","W710015002","B03","S61110000047639",""]
["W130282","53106","W405400039","B03","S61110000044677",""]
["W130283","51470","W403700009","B01","B60030011400000",""]
["W130284","51470","W403700010","B01","B60030011500000",""]
["W130285","51453","W410720000","E14","P600COVID192020","CVD19"]
["W130286","53402","W402510021","B04","S68200000047504",""]
["W130288","51466","W455000003","B01","P60037147000000",""]
["W130289","51491","W710080001","B01","",""]
["W130290","51491","W825500014","B01","",""]
["W130291","51491","W821900044","B01","",""]
["W130292","51491","W833500125","B01","",""]
["W130294","53106","W416800017","B03","S61110000047700",""]
["W130295","53416","W710046005","B03","S67600000047676",""]
["W130296","53106","W404500057","B03","S61110000044516",""]
["W130297","53106","W404500010","B03","S61110000044232",""]
["W130298","51491","W825500019","B01","",""]
["W130299","51491","W821900053","B01","",""]
["W130300","51491","W821900054","B01","",""]
["W130301","51491","W821900055","B01","",""]
["W130302","51491","W821900056","B01","",""]
["W130303","51491","W833500145","B01","",""]
["W130304","51491","W833500146","B01","",""]
["W130305","51491","W833500147","B01","",""]
["W130306","51491","W837000003","B01","",""]
["W130307","51491","W713000049","B01","",""]
["W130308","51470","W495010042","B01","B60030011600000",""]
["W130309","51470","W495010043","B01","B60030011700000",""]
["W130310","51470","W832500073","B01","B60030011800000",""]
["W130311","53402","W823000010","B04","S68200000047703",""]
["W130312","52132","W823000010","B01","",""]
["W130313","53406","W405200020","B03","S68300000047686",""]
["W130314","52132","W405200020","B01","",""]
["W130316","53406","W402400038","B03","S69200000046060",""]
["W130319","51470","W833000000","A01","P60037151000000",""]
["W130320","51491","W822500000","B01","P60037148000000",""]
["W130321","51491","W822500000","B01","P60037149000000",""]
["W130322","53106","W833000078","B03","S61180000046151",""]
["W130323","53402","W710060058","B04","S68200000047560",""]
["W130324","53416","W408200062","C04","S64000000046071",""]
["W130325","53406","W832500037","B03","S67100000046349",""]
["W130326","53106","W416800017","B03","S61110000047775",""]
["W130327","53106","W824700064","A02","S61120000047437",""]
["W130328","53406","W710045011","B03","S68200000047784",""]
["W130329","51491","W821900057","B01","",""]
["W130330","51491","W821900058","B01","",""]
["W130331","51491","W710035014","B01","",""]
["W130332","51491","W710080010","B01","",""]
["W130333","51491","W710010069","B01","",""]
["W130334","51491","W710085022","B01","",""]
["W130335","51491","W710075014","B01","",""]
["W130337","53402","W713000028","B04","S68100000047553",""]
["W130338","53106","W402400062","B03","S62100000047446",""]
["W130339","53106","W823000005","B03","S61300000044944",""]
["W130340","53106","W710040019","B03","S61110000047630",""]
["W130341","51046","W407970000","C07","D64700402000004",""]
["W130342","11000","W400900000","B05","S61110000044319",""]
["W130343","51491","W821900059","B01","",""]
["W130344","11000","W400900000","B05","S67600000046391",""]
["W130345","51046","W400713000","C07","D65300004000004",""]
["W130346","53106","W824700043","B03","S61180000047833",""]
["W130347","53106","W710060004","B03","S61120000047583",""]
["W130348","51453","W410100000","D01","P600COVID192020","CVD19"]
["W130349","53406","W710035015","B03","S67100000046998",""]
["W130350","53416","W408200066","B03","S67600000045503",""]
["W130351","52132","W400900152","B01","",""]
["W130352","51046","W401477000","C07","D6000C&FCOVID19","CVD19"]
["W130353","51046","W407970000","C07","D64700404000010",""]
["W130354","51046","W407980000","C07","D64100202000011",""]
["W130356","53406","W832500030","B03","S67100000047853",""]
["W130358","53106","W710060013","B03","S61110000045398",""]
["W130359","53402","W402510023","B04","S68200000047832",""]
["W130360","53106","W400900108","B03","S61110000047870",""]
["W130361","53106","W710025033","B03","S61110000047872",""]
["W130362","53106","W400900118","B03","S61110000047873",""]
["W130363","53406","W710070021","B03","S69210000047887",""]
["W130364","53406","W402400051","B03","S69210000047888",""]
["W130365","11000","W402400000","B05","",""]
["W130366","53416","W402400038","B03","S69100000047886",""]
["W130367","11000","W402400000","B05","S69100000047886",""]
["W130369","53106","W455000050","B03","S61130000047889",""]
["W130370","53106","W455000058","B03","S61130000047890",""]
["W130371","53106","W455000050","B03","S61130000047891",""]
["W130372","11000","W455000000","B05","S61130000047889",""]
["W130373","11000","W455000000","B05","S61130000047890",""]
["W130374","11000","W455000000","B05","S61130000047891",""]
["W130375","53416","W710000001","B04","S68200000047893",""]
["W130376","53106","W826000024","B03","S61110000047841",""]
["W130379","53106","W824700057","A02","S61120000047368",""]
["W130380","53106","W404000030","B03","S61110000046136",""]
["W130382","11000","W400950000","B05","S61110000047870",""]
["W130383","52132","W710025031","B05","S61110000047870",""]
["W130384","53106","W400900005","B03","S61110000044249",""]
["W130385","53106","W405400007","B03","S61110000047766",""]
["W130386","53402","W402510035","B04","S69210000047529",""]
["W130387","53402","W402510035","B04","S69210000047530",""]
["W130388","53106","W404000048","B03","S61110000044500",""]
["W130389","53416","W404000040","B03","S69210000044716",""]
["W130390","53106","W400900121","B03","S62100000047391",""]
["W130391","52132","W833060000","B01","P60037192000000",""]
["W130392","53106","W400600009","A02","S61120000047881",""]
["W130396","51453","W407013000","F12","",""]
["W130397","53106","W404000040","B03","S61110000047892",""]
["W130398","51046","W407980000","C07","D64100202000012",""]
["W130399","53406","W710060066","B03","S67400000047036",""]
["W130400","53500","W455000000","B01","R67700000047984","CVD19"]
["W130401","53500","W824000121","B01","R67700000047983",""]
["W130402","53106","W824700057","A02","S61120000047850",""]
["W130403","51254","W900200000","F40","M63400001002000",""]
["W130404","51254","W900200000","F40","M63400001035000",""]
["W130405","51453","W419010000","E14","",""]
["W130406","51453","W419011000","E14","",""]
["W130407","51453","W419012000","E14","",""]
["W130408","51453","W419015000","E14","",""]
["W130409","51453","W419021000","E14","",""]
["W130410","51046","W407980000","C07","D64100202000013",""]
["W130411","53406","W833500119","B03","S67100000047980",""]
["W130412","53406","W833500119","B03","S67100000047979",""]
["W130413","53106","W455000061","B03","S61110000044100",""]
["W130414","53402","W832500064","B04","S67600000046124",""]
["W130415","53106","W400900118","B03","S69110000048000",""]
["W130416","53106","W400900109","B03","S69110000048001",""]
["W130417","53106","W465000002","B03","S69110000048002",""]
["W130418","53406","W822500018","B03","S67100000048003",""]
["W130419","53416","W713000043","B03","S68200000048005",""]
["W130420","51453","W822500000","B05","S67100000048003",""]
["W130421","53406","W710085017","B03","S67100000047022",""]
["W130422","53406","W404500058","B03","S67100000044531",""]
["W130423","53106","W455000010","B03","S61110000044117",""]
["W130424","53406","W405200020","B03","S68300000047965",""]
["W130425","53406","W405200021","B03","S68300000047664",""]
["W130426","52132","W405200021","B01","",""]
["W130428","11000","W400900000","B05","S62100000047391",""]
["W130429","52132","W833014000","B01","P60020833000001",""]
["W130430","53416","W710060014","B03","S67600000046480",""]
["W130431","51453","W401011000","F10","",""]
["W130432","51453","W407017000","F12","",""]
["W130434","51453","W407014000","B01","",""]
["W130436","53406","W402400038","B03","S67100000048044",""]
["W130437","52132","W402400038","B05","S67100000048044",""]
["W130438","53406","W400800004","B03","S67200000048037",""]
["W130439","52132","W824700055","B05","S69110000046765",""]
["W130440","53416","W405200002","B03","S67100000043132",""]
["W130441","53416","W833000078","C04","S65000000041327",""]
["W130442","53106","W710060025","B03","S61110000047509",""]
["W130443","53106","W710060022","B03","S61110000048036",""]
["W130444","53416","W455000050","B03","S69110000043065",""]
["W130445","53416","W400900094","B03","S69210000044800",""]
["W130446","52132","W710046000","B01","S61110000047639",""]
["W130447","53406","W400900060","B03","S69210000047195",""]
["W130448","53106","W822510003","B03","S61110000043564",""]
["W130449","53406","W400900109","B03","S69110000045639",""]
["W130450","53406","W400900118","B03","S69110000048024",""]
["W130451","53406","W710025033","B03","S69110000048025",""]
["W130452","53406","W710025031","B03","S69110000048026",""]
["W130453","53406","W495010039","B03","S67100000047071",""]
["W130454","53416","W403700007","B03","S67100000048064",""]
["W130455","52126","W825500020","B03","P60016170000234",""]
["W130456","52126","W825500021","B03","P60016170000235",""]
["W130457","52126","W400900155","B03","P60016170000236",""]
["W130458","52126","W402400017","B03","P60016170000237",""]
["W130459","52126","W404000073","B03","P60016170000238",""]
["W130460","53106","W833000102","B03","S61110000045694",""]
["W130462","53406","W710060014","B03","S69100000048079",""]
["W130463","53406","W405400007","B03","S69100000048080",""]
["W130464","53406","W402400062","B03","S69100000048081",""]
["W130465","53406","W416800009","B03","S69100000048082",""]
["W130466","53500","W824700057","B01","R67700000048104",""]
["W130467","53406","W824700061","B03","S69210000048102",""]
["W130468","53106","W821900041","B03","S61110000045112",""]
["W130469","53106","W821900022","B03","S61110000045192",""]
["W130470","53416","W710010001","B03","S67600000042936",""]
["W130471","53106","W710010061","B03","S61110000045129",""]
["W130472","53402","W822500037","B04","S68100000048103",""]
["W130473","53106","W407900018","B03","S61000000048071",""]
["W130474","52132","W407900018","B05","S61000000048071",""]
["W130475","53402","W402510034","B04","S68100000046451",""]
["W130476","53500","W400900124","B01","R67700000048113",""]
["W130477","53106","W833000078","B03","S61180000048040",""]
["W130478","53106","W407900018","B03","S61000000048072",""]
["W130479","53106","W495010010","B03","S61110000045926",""]
["W130480","53416","W822000004","B03","S69200000043063",""]
["W130481","51453","W822500000","B05","S68200000041725",""]
["W130482","53406","W822000004","B03","S67100000045186",""]
["W130483","53106","W400900104","B03","S61300000045534",""]
["W130485","51453","W400019000","F10","",""]
["W130486","53402","W713000028","B04","S68100000047731",""]
["W130487","53500","W405200015","B01","R67700000048130",""]
["W130488","52132","W826000024","B05","S61110000047841",""]
["W130489","11000","W402400000","B05","S61110000047202",""]
["W130490","11000","W402400000","B05","S61110000047201",""]
["W130491","11000","W402400000","B05","S61110000047203",""]
["W130492","53213","W407900008","C04","S63500000048039",""]
["W130493","53106","W833000107","B03","S61180000048134",""]
["W130495","51046","W407970000","C07","D64700404000011",""]
["W130496","53406","W825000044","A02","S68200000048155",""]
["W130498","53416","W407900017","B03","S69110000048135",""]
["W130499","53406","W404500040","B03","S67100000048038",""]
["W130500","51046","W400712005","C07","D64800002000007",""]
["W130501","53406","W495010010","B03","S67100000046277",""]
["W130502","53106","W833000055","B03","S61180000048164",""]
["W130503","53213","W833000055","C04","E63710000048186",""]
["W130504","53213","W833000055","C04","E63710000048183",""]
["W130505","53106","W822510003","B03","S61110000046006",""]
["W130506","53416","W710046006","B03","S67600000047727",""]
["W130507","53416","W455000058","B03","S69110000043061",""]
["W130508","53406","W713000048","B03","S67300000047826",""]
["W130509","53406","W405200020","B03","S68200000046534",""]
["W130510","53106","W833000028","B03","S61170000048180",""]
["W130511","53106","W405400004","B03","S61110000043858",""]
["W130512","53106","W404000030","B03","S61110000045668",""]
["W130513","53406","W833000078","C04","S67100000048043",""]
["W130514","53106","W833000106","B03","S61170000048179",""]
["W130515","51046","W401923003","C07","D65500002000007",""]
["W130516","51491","W710045005","B01","",""]
["W130517","51491","W833500084","B01","",""]
["W130518","51491","W833500106","B01","",""]
["W130519","51491","W824700044","B01","",""]
["W130520","51491","W824700055","B01","",""]
["W130521","51491","W833500116","B01","",""]
["W130522","51491","W824700041","B01","",""]
["W130523","53406","W495010026","B03","S67100000048041",""]
["W130524","53406","W822000009","B03","S68100000047982",""]
["W130525","53406","W824000067","A02","S67100000048148",""]
["W130526","51046","W401477000","C07","D6HLPCTHLTHSCHW","CVD19"]
["W130527","52132","W821900000","B05","S61110000045688",""]
["W130528","52132","W821900041","B05","S61110000045112",""]
["W130529","53402","W832500066","B04","S68100000048296",""]
["W130530","53402","W832500066","B04","S68100000048298",""]
["W130531","51046","W401477000","C07","D6000CWMCHELSEA","CVD19"]
["W130532","53106","W400900121","B03","S61170000048290",""]
["W130533","53106","W402400062","B03","S61170000048291",""]
["W130534","53106","W404000109","B03","S62100000048161",""]
["W130535","52126","W823000004","B01","",""]
["W130536","11000","W455000000","B05","S61110000047841",""]
["W130537","53106","W403700007","B03","S62100000046580",""]
["W130538","53406","W405200018","B03","S68300000047842",""]
["W130539","53406","W405200020","B03","S68300000048337",""]
["W130540","11000","W400900000","B05","S61170000048290",""]
["W130541","52132","W823000005","B01","",""]
["W130542","53416","W710040038","B03","S67600000048201",""]
["W130543","51491","W833500006","B01","",""]
["W130546","51491","W825500022","B01","",""]
["W130547","51491","W825500023","B01","",""]
["W130548","51491","W825500024","B01","",""]
["W130549","51491","W825500025","B01","",""]
["W130550","51491","W824700065","B01","",""]
["W130551","51491","W824700066","B01","",""]
["W130552","51491","W824700067","B01","",""]
["W130553","51491","W832500074","B01","",""]
["W130554","51491","W833500148","B01","",""]
["W130555","51491","W713000050","B01","",""]
["W130556","51491","W710080011","B01","",""]
["W130557","51491","W710015004","B01","",""]
["W130558","51491","W710085023","B01","",""]
["W130559","51491","W710045020","B01","",""]
["W130560","53406","W825000045","A02","S67300000048406",""]
["W130561","52132","W404500046","B05","S61110000044232",""]
["W130562","52132","W404500046","B05","S61110000041777",""]
["W130563","53406","W822000003","B03","S67100000046729",""]
["W130564","11000","W405400000","B05","S61110000047133",""]
["W130565","11000","W405400000","B05","S61110000047134",""]
["W130566","11000","W400900000","B05","S69210000044800",""]
["W130567","51491","W833500000","B01","P60037323000000",""]
["W130568","51491","W824700000","B01","P60037324000000",""]
["W130569","51491","W710000000","B01","P60037325000000",""]
["W130570","53402","W833000024","B04","S68200000045890",""]
["W130571","53416","W404000110","B03","S67100000044147",""]
["W130572","53416","W833500130","B03","S69200000048297",""]
["W130573","53402","W402510007","B04","S68200000045654",""]
["W130574","53106","W405400014","B03","S61110000048437",""]
["W130575","53402","W822500026","B04","S68200000047432",""]
["W130576","53416","W713000028","B03","S69200000048446",""]
["W130577","53416","W833000028","B03","S67100000045759",""]
["W130578","53106","W495010030","B03","S61170000045486",""]
["W130579","53416","W710015002","B03","S67600000048462",""]
["W130580","52132","W710015002","B01","S67600000048462",""]
["W130581","51044","W416862000","P10","",""]
["W130582","51044","W416863000","P10","",""]
["W130583","53406","W404500042","B03","S67100000045550",""]
["W130584","53106","W826000025","A02","S61110000048451",""]
["W130585","53106","W405200003","B03","S61110000048479",""]
["W130586","51046","W407612001","C07","D65200001000006",""]
["W130587","51046","W407612001","C07","D65200001000007",""]
["W130588","51046","W407612001","C07","D65200001000008",""]
["W130589","51046","W407612001","C07","D65200001000009",""]
["W130590","51046","W407612001","C07","D65200001000010",""]
["W130591","51046","W407612001","C07","D65200001000011",""]
["W130592","51046","W407612001","C07","D65200001000012",""]
["W130593","51046","W407612004","C07","D65200001000013",""]
["W130594","51046","W407612004","C07","D65200001000014",""]
["W130595","51046","W407612006","C07","D65200001000015",""]
["W130596","51046","W407612006","C07","D65200001000016",""]
["W130597","51046","W407612006","C07","D65200001000017",""]
["W130598","51046","W407612006","C07","D65200001000018",""]
["W130599","51046","W407612007","C07","D65200001000019",""]
["W130600","51046","W407625003","C07","D65200001000020",""]
["W130601","51046","W407625003","C07","D65200001000021",""]
["W130602","51046","W407625003","C07","D65200001000022",""]
["W130603","51046","W407625003","C07","D65200001000023",""]
["W130604","51046","W407625003","C07","D65200001000024",""]
["W130605","51046","W407612010","C07","D65200001000025",""]
["W130606","51046","W407612010","C07","D65200001000026",""]
["W130607","51046","W401411000","C07","D65200001000027",""]
["W130608","51046","W407625002","C07","D65200001000028",""]
["W130609","51046","W401486000","C07","D65200001000029",""]
["W130610","51046","W407612018","C07","D65200001000030",""]
["W130611","51046","W407612018","C07","D65200001000031",""]
["W130612","51046","W407612002","C07","D65200001000032",""]
["W130613","51046","W407612005","C07","D65200001000033",""]
["W130614","51046","W407612021","C07","D65200001000034",""]
["W130615","51046","W407612018","C07","D65200001000035",""]
["W130616","51046","W401487000","C07","D65200002000015",""]
["W130617","51046","W407618000","C07","D65200004000004",""]
["W130618","51046","W407618000","C07","D65200004000005",""]
["W130619","51046","W407618000","C07","D65200004000006",""]
["W130620","51046","W407638000","C07","D65200004000007",""]
["W130621","51046","W407600000","C07","D65200006000001",""]
["W130622","53500","W416800014","B01","R67700000048485","CVD19"]
["W130623","53500","W405200013","B01","R67700000048487","CVD19"]
["W130624","53500","W400900100","B01","R67700000048488","CVD19"]
["W130625","53500","W402400053","B01","R67700000048489","CVD19"]
["W130626","53500","W710060015","B01","R67700000048490","CVD19"]
["W130627","53500","W400900118","B01","R67700000048491","CVD19"]
["W130628","53500","W402400059","B01","R67700000048492","CVD19"]
["W130629","53500","W404000052","B01","R67700000048493","CVD19"]
["W130630","53500","W821900022","B01","R67700000048494","CVD19"]
["W130631","53500","W710085013","B01","R67700000048495","CVD19"]
["W130632","53500","W710060013","B01","R67700000048496","CVD19"]
["W130633","53500","W404000079","B01","R67700000048497","CVD19"]
["W130634","53500","W710060071","B01","R67700000048486","CVD19"]
["W130635","51046","W401490000","C07","D63000006000001",""]
["W130636","53203","W833500102","C04","E63600000048478",""]
["W130637","53416","W495010030","B03","S67600000045858",""]
["W130638","53106","W826000019","B03","S61110000048449",""]
["W130639","53106","W826000014","B03","S61110000044757",""]
["W130640","53106","W826000023","B03","S61110000048472",""]
["W130641","53106","W826000020","B03","S61110000048475",""]
["W130642","53106","W826000014","B03","S61110000048476",""]
["W130643","53106","W826000014","B03","S61110000048471",""]
["W130644","53106","W826000027","B03","S61110000048473",""]
["W130645","53106","W826000028","B03","S61110000048474",""]
["W130646","53106","W826000029","B03","S61110000048477",""]
["W130647","53106","W710046004","B03","S61110000048511",""]
["W130648","52132","W710046000","B01","S61110000048511",""]
["W130649","53106","W713000051","B03","S61110000044064",""]
["W130650","53406","W825000045","A02","S67300000048500",""]
["W130651","53416","W710060060","B03","S69210000048522",""]
["W130652","52132","W823000008","B01","",""]
["W130653","53406","W405400007","B03","S67100000047456",""]
["W130654","52132","W495010030","B05","S67600000045858",""]
["W130655","11000","W400900000","B05","S67100000047126",""]
["W130656","52132","W821910002","B01","",""]
["W130657","51046","W401923003","C07","D65500006000001",""]
["W130658","51046","W407970000","C07","D64700406000001",""]
["W130659","51046","W401880000","C07","D65630006000002",""]
["W130660","51046","W401945000","C07","D65400006000001",""]
["W130661","53206","W404500040","B03","S63000000046255",""]
["W130662","53416","W833000109","B04","S67100000048147",""]
["W130663","52132","W833000109","B01","",""]
["W130664","51453","W713000000","B05","S61110000044064",""]
["W130665","53203","W833060000","C04","E63500000048557",""]
["W130666","53203","W833060000","C04","E63500000048563",""]
["W130667","53203","W833060000","C04","E63500000048564",""]
["W130668","53203","W833060000","C04","E63500000048559",""]
["W130669","53203","W833060000","C04","E63500000048560",""]
["W130670","53203","W833060000","C04","E63500000048561",""]
["W130671","53203","W833060000","C04","E63500000048562",""]
["W130672","53203","W833060000","C04","E63500000048556",""]
["W130673","53203","W833060000","C04","E63500000048558",""]
["W130674","51046","W401880000","C07","D65630002000015",""]
["W130675","53406","W400900124","B03","S67100000048463",""]
["W130676","11000","W400017000","F12","",""]
["W130677","11000","W407013000","F12","",""]
["W130678","51046","W401932000","C07","D61100206000001",""]
["W130679","53416","W455000050","C04","S65000000048579",""]
["W130680","11000","W455000000","B05","S65000000048579",""]
["W130681","11000","W400120000","F10","",""]
["W130682","51046","W401477000","C07","D6STHOSPITALSYS","CVD19"]
["W130683","52132","W713000052","B05","",""]
["W130684","53416","W710040011","B03","S69200000045583",""]
["W130685","53106","W710010049","B03","S61110000045383",""]
["W130686","53106","W455000064","B03","S61110000044718",""]
["W130687","53106","W404000088","B03","S61110000045418",""]
["W130688","53406","W495010039","B03","S67100000047477",""]
["W130689","53203","W833000080","C04","E63000000048131",""]
["W130690","53106","W826000024","B03","S61110000048467",""]
["W130691","53106","W710010045","B03","S61110000048618",""]
["W130692","53402","W402510007","B04","S68200000046994",""]
["W130694","11000","W455000000","B05","S61110000048475",""]
["W130695","11000","W455000000","B05","S61110000048474",""]
["W130696","11000","W455000000","B05","S61110000048449",""]
["W130697","11000","W455000000","B05","S61110000048472",""]
["W130698","11000","W455000000","B05","S61110000048473",""]
["W130699","51466","W822520000","A01","P60037153000000",""]
["W130700","51470","W825500000","A01","P60037154000000",""]
["W130701","53106","W400900108","B03","S61170000048622",""]
["W130702","53106","W404500040","B03","S61170000048623",""]
["W130703","53106","W402400042","B03","S61110000045325",""]
["W130706","53106","W455000012","B03","S61110000048634",""]
["W130707","52132","W824000122","B01","",""]
["W130708","51046","W401422000","C07","D61100306000001",""]
["W130709","51046","W401600000","C07","D61100106000001",""]
["W130710","51046","W401929000","C07","D61100006000001",""]
["W130711","51046","W401410000","C07","D61100506000001",""]
["W130712","51046","W407930000","C07","D64400406000001",""]
["W130713","52132","W495010030","B05","S61170000045486",""]
["W130714","51046","W400717000","C07","D64700306000001",""]
["W130715","51046","W401939000","C07","D65600006000001",""]
["W130716","51046","W401927000","C07","D61200006000001",""]
["W130717","51046","W401923000","C07","D65500006000002",""]
["W130718","53106","W455000049","B03","S61110000045328",""]
["W130719","53106","W402400061","B03","S61300000048377",""]
["W130720","11000","W400950000","B05","S61170000048622",""]
["W130721","11000","W400950000","B05","S69110000045639",""]
["W130722","51470","W402400011","B01","P60037155000000",""]
["W130723","53203","W455000063","C04","E63600000048598",""]
["W130724","53416","W495010001","B03","S67600000043971",""]
["W130725","51046","W400717000","C07","D64700306000002",""]
["W130726","11000","W455000000","B05","S61110000045328",""]
["W130727","53406","W832500075","B03","S67100000048136",""]
["W130728","53106","W416800017","B03","S61170000048711",""]
["W130729","51491","W833500149","B01","",""]
["W130730","53106","W416800018","B03","S61170000042909",""]
["W130731","53406","W832500076","B03","S67100000048069",""]
["W130732","53402","W832500030","B04","S67600000043893",""]
["W130733","53106","W400900161","B03","S61110000046054",""]
["W130734","11000","W455000000","B05","S61110000044100",""]
["W130735","53106","W404000053","B03","S61110000045584",""]
["W130737","52132","W710010061","B01","P60082601600073",""]
["W130738","53416","W455000036","B03","S69210000048747",""]
["W130740","53106","W419100013","B03","S61110000047894",""]
["W130741","53106","W455000012","B03","S61110000047895",""]
["W130742","53106","W455000050","B03","S61110000047896",""]
["W130743","53106","W821900059","B03","S61110000047897",""]
["W130744","53106","W710010045","B03","S61110000047898",""]
["W130745","51453","W413000000","B05","S61110000044757",""]
["W130746","51453","W826000000","B05","S61110000044757",""]
["W130747","52132","W826000000","B05","S61110000044757",""]
["W130748","51453","W826018000","B05","S61110000048471",""]
["W130749","51453","W826000000","B05","S61110000048473",""]
["W130750","51453","W826000000","B05","S61110000048474",""]
["W130751","51466","W824000000","B01","P60037156000000",""]
["W130752","52132","W821900041","B01","P60082601600074",""]
["W130753","52132","W455000056","B01","P60082601600075",""]
["W130754","51470","W824013002","B01","B60030011900000",""]
["W130756","53416","W408200062","C04","S64000000048742",""]
["W130757","53406","W408200061","C04","S67100000048758",""]
["W130758","53172","W409210000","E00","A61200000048765",""]
["W130759","11000","W402400000","B05","S61110000045325",""]
["W130760","52132","W824000000","B01","P60037157000000",""]
["W130761","53402","W402510036","B04","S68200000047830",""]
["W130762","53402","W710000001","B04","S68200000048412",""]
["W130763","52132","W710065049","B01","",""]
["W130764","53106","W821900022","B03","S61110000045542",""]
["W130765","52132","W826000024","B05","S61110000047144",""]
["W130766","11000","W455000000","B05","S61110000047895",""]
["W130767","11000","W455000000","B05","S61110000048634",""]
["W130768","11000","W455000000","B05","S61110000047896",""]
["W130769","52137","W710010061","A01","",""]
["W130770","53406","W710060014","B03","S67600000047993",""]
["W130771","53500","W833000080","B01","R67700000048779",""]
["W130772","53500","W409210000","B01","R67400000048782",""]
["W130773","53172","W409210000","E00","A61200000048743",""]
["W130774","51466","W855000000","A01","P60037158000000",""]
["W130775","51466","W822000000","A01","P60037159000000",""]
["W130776","53203","W833500116","C04","E63600000048789",""]
["W130777","51466","W400900000","B01","P60037161000000",""]
["W130778","53416","W710046006","B03","S67100000048780",""]
["W130779","53416","W710046006","B03","S67100000048781",""]
["W130780","53406","W824000129","B03","S67100000048597",""]
["W130781","53406","W402400008","B03","S67400000048810",""]
["W130782","53106","W825000007","B03","S61110000046062",""]
["W130783","52132","W825000000","B05","S61110000046062",""]
["W130784","51046","W400713000","C07","D65300002000027",""]
["W130785","53303","W408200063","C04","S63600000048790",""]
["W130786","52132","W821900022","B05","S61110000045542",""]
["W130787","52132","W408200062","B05","S64000000046071",""]
["W130788","53402","W833500136","B04","S68200000046950",""]
["W130789","11000","W455000000","B05","S69110000043061",""]
["W130790","11000","W455000000","B05","S69110000043065",""]
["W130791","53106","W710085019","B03","S61110000044487",""]
["W130793","52132","W833000072","B01","P60012310200000",""]
["W130794","53106","W465000009","B03","S61900000047436",""]
["W130795","53416","W402400038","B03","S69210000044903",""]
["W130796","53416","W822510003","B03","S69200000045404",""]
["W130799","53416","W416800009","B03","S69200000047292",""]
["W130800","53416","W826000014","B03","S69100000048584",""]
["W130801","52132","W826000000","B05","S69100000048584",""]
["W130802","53416","W408200062","C04","S64000000047109",""]
["W130803","53106","W824011100","B03","S61300000045115",""]
["W130804","53406","W495010008","B03","S67100000048851",""]
["W130805","53406","W495010005","B03","S67100000048828",""]
["W130806","53106","W495010030","B03","S61110000048852",""]
["W130807","52132","W495010030","B05","S61110000048852",""]
["W130808","53106","W824011100","B03","S61300000044870",""]
["W130809","53406","W710060061","B03","S67100000046505",""]
["W130810","11000","W402400000","B05","S61110000048449",""]
["W130811","53406","W405400040","B03","S67100000047283",""]
["W130812","53402","W710000001","B04","S68200000048553",""]
["W130813","53800","W822500000","B01","U6032100300000W",""]
["W130814","53416","W455000058","B03","S69210000048888",""]
["W130815","53406","W400900090","B03","S68100000046073",""]
["W130816","51046","W401945000","C07","D65400004000006",""]
["W130817","53106","W710055010","B03","S61110000045825",""]
["W130818","53106","W495010043","B03","S61110000048366",""]
["W130819","53402","W400900124","B04","S68200000047913",""]
["W130820","53106","W400900162","B03","S61110000046067",""]
["W130821","53402","W824000126","B04","S68300000043815",""]
["W130822","52132","W710025031","B05","S69110000048026",""]
["W130823","52132","W710040019","B01","P60037162000000",""]
["W130824","51491","W825500026","B01","",""]
["W130825","51491","W824700068","B01","",""]
["W130826","51491","W824700069","B01","",""]
["W130827","51491","W824700070","B01","",""]
["W130828","51491","W833500150","B01","",""]
["W130829","51491","W833500151","B01","",""]
["W130830","51491","W713000053","B01","",""]
["W130831","51491","W710000030","B01","",""]
["W130832","51491","W710000031","B01","",""]
["W130833","51491","W710030002","B01","",""]
["W130834","51491","W832500077","B01","",""]
["W130835","51491","W833000110","B01","",""]
["W130836","51491","W822500041","B01","",""]
["W130837","51491","W824000130","B01","",""]
["W130838","51491","W713000044","B01","",""]
["W130839","51491","W825500018","B01","",""]
["W130840","51491","W710075011","B01","",""]
["W130841","51491","W824000112","B01","",""]
["W130842","53406","W405200015","B03","S68100000048815",""]
["W130843","51125","W827540000","B07","P60020827500014",""]
["W130844","51466","W825500000","B01","P60037169000000",""]
["W130845","53203","W408200069","C04","E63120000048941",""]
["W130846","53203","W408200063","C04","E63120000048942",""]
["W130848","51491","W710075015","B01","",""]
["W130849","53500","W410500000","B01","R67700000048943",""]
["W130850","51491","W827500007","B01","",""]
["W130851","51491","W455000032","B01","",""]
["W130852","51491","W833500071","B01","",""]
["W130853","53406","W822000003","B03","S68100000048668",""]
["W130854","53416","W821900022","B03","S69210000046773",""]
["W130855","52132","W408200062","B05","S64000000048742",""]
["W130856","53406","W408200063","C04","S67100000045243",""]
["W130857","53416","W408200068","B03","S69200000045502",""]
["W130858","53406","W710046006","B03","S67100000047277",""]
["W130859","53203","W408200063","C04","E63920000048197",""]
["W130860","51046","W401923003","C07","D65500002000008",""]
["W130863","51466","W455000000","A01","P60037171000000",""]
["W130864","51470","W822000011","B01","B60030012100000",""]
["W130865","51470","W825500000","B01","P60037172000000",""]
["W130866","51453","W419014000","B01","P60012310400000",""]
["W130867","52132","W833000000","B01","P60119650000000",""]
["W130868","52132","W833000000","B01","P60119660000000",""]
["W130869","52132","W833000000","B01","P60119670000000",""]
["W130870","51466","W822000011","B01","P60037173000000",""]
["W130871","53106","W495010042","B03","S61110000047938",""]
["W130872","53106","W710060010","B03","S61110000049027",""]
["W130874","52132","W401800001","B01","",""]
["W130875","51222","W832500078","B01","P60016170000239",""]
["W130876","51222","W824000014","B01","P60016170000240",""]
["W130877","51210","W824000125","B01","P60016170000241",""]
["W130878","51210","W833500152","B01","P60016170000242",""]
["W130879","51207","W900200000","F40","M63400001943000",""]
["W130880","51206","W900200000","M00","M63400001943000",""]
["W130881","51046","W400713000","C07","D65300004000005",""]
["W130882","53406","W400900029","B03","S67100000049041",""]
["W130884","52132","W821900022","B05","S69210000046773",""]
["W130885","51206","W900200000","M00","M63400001961000",""]
["W130886","53106","W710070015","A02","S61110000049049",""]
["W130888","51491","W455000038","B01","",""]
["W130889","51453","W455000000","B05","S61110000047896",""]
["W130890","52132","W833000000","B01","P60119680000000",""]
["W130891","53106","W419000006","B03","S61110000045629",""]
["W130892","53106","W404000056","B03","S61110000046098",""]
["W130893","53106","W404000052","B03","S61110000049046",""]
["W130894","53106","W455000044","B03","S61110000043107",""]
["W130895","53106","W455000065","B03","S61110000045511",""]
["W130896","51491","W455000044","B01","",""]
["W130897","53106","W710085024","B03","S61110000046045",""]
["W130898","53416","W465000009","B03","S69210000049031",""]
["W130899","51470","W465000010","B01","B60020005500000",""]
["W130900","53402","W710065046","B04","S69210000048845",""]
["W130901","53106","W404000092","B03","S61110000044210",""]
["W130902","53106","W713000039","B03","S61110000049107",""]
["W130903","53106","W832500033","B03","S61110000046741",""]
["W130904","53106","W832500051","B03","S61110000046648",""]
["W130905","11000","W402400000","B05","S69210000044903",""]
["W130906","51491","W710010053","B01","",""]
["W130907","53406","W823000004","B03","S68200000038416",""]
["W130908","51046","W401916005","C07","D65300003000023",""]
["W130909","51046","W401916005","C07","D65300003000024",""]
["W130910","53203","W833500102","C04","E63400000048960",""]
["W130911","53406","W710060055","B03","S68200000049117",""]
["W130912","53416","W832500079","B04","S69200000048408",""]
["W130913","11000","W455000000","B05","S61110000043107",""]
["W130914","53106","W710010045","B03","S61110000049118",""]
["W130915","53106","W710035001","B03","S61110000049119",""]
["W130916","51254","W900200000","F40","M63400001961000",""]
["W130923","53106","W495010018","B03","S61110000049178",""]
["W130924","53406","W824000117","B03","S67300000048569",""]
["W130925","53106","W400900054","B03","S61110000045693",""]
["W130926","53416","W710046006","B03","S67100000049066",""]
["W130927","53106","W495010011","B03","S61110000049177",""]
["W130928","53106","W833000105","B03","S61170000046321",""]
["W130929","53416","W404000040","B03","S67300000045567",""]
["W130935","53106","W495010013","B03","S61110000046380",""]
["W130936","53106","W495010015","B03","S61110000044338",""]
["W130937","53106","W824013001","B03","S61110000046727",""]
["W130938","53106","W408200051","A01","S61170000049188",""]
["W130939","53402","W823000007","B04","S68200000046145",""]
["W130940","53406","W710010049","B03","S67600000044626",""]
["W130941","53106","W465000011","B03","S61110000047187",""]
["W130942","53206","W822510007","B03","S63000000048448",""]
["W130943","53106","W404000030","B03","S61110000045559",""]
["W130944","53416","W416800014","B03","S68200000049228",""]
["W130945","51491","W405400004","B01","",""]
["W130946","51491","W465000000","B01","",""]
["W130947","53106","W710060026","B03","S61110000049225",""]
["W130948","53416","W408200072","B03","S69200000047458",""]
["W130949","52132","W408200072","B01","",""]
["W130950","51046","W401923003","C07","D65500006000003",""]
["W130951","52132","W833500136","B01","",""]
["W130952","53106","W465000002","B03","S61110000046880",""]
["W130953","53106","W465000002","B03","S61110000049204",""]
["W130954","53106","W465000002","B03","S61110000049205",""]
["W130955","53106","W404500040","B03","S61110000045386",""]
["W130956","53106","W833500129","B03","S61110000049212",""]
["W130957","11000","W405400000","B05","S61110000049204",""]
["W130958","53800","W419100000","H01","U6032100000000W",""]
["W130959","53402","W832500064","B04","S68200000048854",""]
["W130960","51491","W833500136","B01","",""]
["W130961","11000","W400900000","B05","S61110000045693",""]
["W130962","53416","W821900022","B03","S69210000044407",""]
["W130963","52132","W495010015","B05","S61110000044338",""]
["W130964","53106","W455000032","B03","S61110000045439",""]
["W130965","53106","W419014000","A02","S61110000049263",""]
["W130967","53416","W710000001","B04","S68200000049268",""]
["W130968","53406","W416800021","B03","S69200000046600",""]
["W130969","52132","W416800000","B05","S69200000046600",""]
["W130970","53106","W713000022","B03","S61110000049252",""]
["W130971","53106","W455000002","B03","S61110000049253",""]
["W130972","53106","W713000022","B03","S61110000049254",""]
["W130973","11000","W455000000","B05","S61110000045439",""]
["W130974","51491","W400019000","B01","P60037166000000",""]
["W130975","53416","W403700007","B03","S69200000049278",""]
["W130976","52137","W824000117","B01","P60037163000000",""]
["W130977","52137","W821900012","B01","P60037164000000",""]
["W130978","53402","W832500057","B04","S68200000049260",""]
["W130979","53406","W855000007","B03","S68200000045752",""]
["W130980","52132","W821900022","B05","S69210000044407",""]
["W130981","53406","W405200020","B03","S67100000048766",""]
["W130982","53106","W403700001","B03","S61170000046687",""]
["W130983","51453","W713000000","B05","S61110000049252",""]
["W130984","11000","W455000000","B05","S61110000049253",""]
["W130985","51453","W713000000","B05","S61110000049254",""]
["W130986","53402","W822000009","B04","S68200000047017",""]
["W130987","53416","W833500102","B03","S69200000049329",""]
["W130988","51046","W401916003","C07","D65500003000003",""]
["W130989","51046","W401916003","C07","D65500003000002",""]
["W130990","51046","W401950000","C07","D65620002000003",""]
["W130993","53402","W822500026","B04","S67600000045353",""]
["W130994","53416","W833000072","B03","S68100000049362",""]
["W130995","53406","W832500034","B03","S68100000048708",""]
["W130996","53106","W713000028","B03","S61110000044070",""]
["W130997","53500","W824700000","B01","R67400000049368",""]
["W130998","53406","W495010001","B03","S68100000049363",""]
["W130999","53406","W495010001","B03","S67400000049348",""]
["W131000","53406","W822500018","B03","S67400000049347",""]
["W131001","53406","W405400018","B03","S67400000049349",""]
["W131002","53406","W832500033","B03","S67100000049351",""]
["W131003","53406","W832500034","B03","S67400000049345",""]
["W131004","53106","W495010011","B03","S61110000046824",""]
["W131005","53406","W400900133","B03","S67100000048635",""]
["W131006","53406","W400900118","B03","S67100000045840",""]
["W131007","53406","W710010049","B03","S67600000049364",""]
["W131008","53406","W408200061","C04","S67400000047734",""]
["W131009","53406","W408200067","B03","S67100000048714",""]
["W131010","53106","W400900006","B03","S61110000046657",""]
["W131015","53800","W833000000","B00","U6036603000000W",""]
["W131019","51466","W495000000","B01","P60037174000000",""]
["W131021","52132","W713000028","B05","S61110000044070",""]
["W131022","51046","W400713000","C07","D65300002000028",""]
["W131023","53106","W455000066","B03","S61110000047200",""]
["W131024","51470","W402400051","B01","B60030012200000",""]
["W131025","52132","W455000067","B01","",""]
["W131026","51470","W405400041","B01","B60030012300000",""]
["W131027","53406","W822900023","C04","S67300000049269",""]
["W131028","51470","W455000016","B01","P60002000000000",""]
["W131029","51470","W402400053","B01","P60002100000000",""]
["W131031","51470","W833500128","B01","P60002400000000",""]
["W131032","51470","W710000032","B01","P60002500000000",""]
["W131033","51470","W419100035","B01","P60002200000000",""]
["W131034","53406","W710060025","B03","S68100000047626",""]
["W131035","52132","W455000066","B01","",""]
["W131036","52132","W477000000","B05","S61110000042929",""]
["W131037","51491","W833000055","B01","P60037176000000",""]
["W131038","53406","W832500034","B03","S68300000048709",""]
["W131039","53402","W833500136","B04","S68200000045191",""]
["W131040","52132","W400900118","B05","S67100000045840",""]
["W131041","53416","W710010001","B03","S67600000049460",""]
["W131042","53416","W710010055","B03","S69210000049462",""]
["W131043","51466","W824700000","B01","P60037177000000",""]
["W131044","53106","W400900119","B03","S61110000045108",""]
["W131045","53106","W710000001","B03","S61300000045061",""]
["W131046","53106","W402400047","B03","S61300000045062",""]
["W131047","53416","W833000078","B03","S67600000049448",""]
["W131048","11000","W455000000","B05","S61110000043110",""]
["W131049","53416","W713000039","B03","S68100000044397",""]
["W131050","53106","W710060060","B03","S61110000045608",""]
["W131051","53416","W710060060","B03","S69200000046174",""]
["W131052","53106","W710060025","B03","S61110000044075",""]
["W131053","51470","W821900060","B01","B60030012400000",""]
["W131054","51046","W401945000","C07","D65400004000007",""]
["W131055","51046","W401923003","C07","D65500002000009",""]
["W131056","53106","W710046004","B03","S61110000046245",""]
["W131057","52132","W495010042","B01","",""]
["W131058","51470","W402400051","B01","P60002600000000",""]
["W131059","53402","W710040021","B04","S68200000046137",""]
["W131060","53406","W465000010","B03","S67100000049297",""]
["W131061","53416","W408200067","B03","S69200000049370",""]
["W131062","53406","W833500153","B03","S67100000047514",""]
["W131063","52132","W833500153","B01","",""]
["W131064","53416","W403700009","B03","S69200000048792",""]
["W131065","53203","W408200063","C04","S63600000049505",""]
["W131066","52132","W710046000","B05","S61110000046245",""]
["W131067","53402","W402510034","B04","S68300000047563",""]
["W131068","51046","W400713000","C07","D65300002000029",""]
["W131069","52137","W710040039","B01","P60037181000000",""]
["W131070","53106","W710060060","B03","S61110000048416",""]
["W131071","53106","W455000059","B03","S61110000049506",""]
["W131075","51470","W822900024","B01","B60020005600000",""]
["W131076","53402","W832500038","B04","S69210000049528",""]
["W131077","53402","W710040038","B04","S69200000049533",""]
["W131078","53406","W710046006","B03","S67100000049208",""]
["W131079","53406","W710060025","B03","S69210000049311",""]
["W131080","53416","W710046005","B03","S69210000049520",""]
["W131081","53406","W823000004","B03","S68200000049371",""]
["W131082","53416","W710046005","B03","S69210000049522",""]
["W131083","51046","W401916005","C07","D65300003000025",""]
["W131084","51046","W401477000","C07","D65700006000002","CVD19"]
["W131085","51046","W401477000","C07","D65700006000001","CVD19"]
["W131088","51046","W401477000","C07","D65700006000003","CVD19"]
["W131089","53106","W402400042","B03","S61110000046879",""]
["W131090","51470","W833000111","B01","B60010003000000",""]
["W131091","51470","W833000111","B01","P60037178000000",""]
["W131092","51470","W833000000","B01","P60037179000000",""]
["W131095","53500","W405400018","B01","R67400000049561","CVD19"]
["W131096","51491","W710085012","C04","S69210000045563",""]
["W131097","11000","W402400000","B05","S69210000046837",""]
["W131098","11000","W402400000","B05","S61110000044070",""]
["W131099","53800","W404000030","B01","U6036357000000W",""]
["W131100","53416","W833000078","C04","S65000000049560",""]
["W131101","51042","W408200063","C07","",""]
["W131102","53416","W827500001","B03","S67100000049544",""]
["W131103","53416","W827500001","B03","S67100000049545",""]
["W131104","53416","W404000110","B03","S67100000049504",""]
["W131105","53406","W822000010","B03","S67400000048869",""]
["W131106","51491","W465000010","B01","",""]
["W131107","53416","W833000111","B03","S69210000048979",""]
["W131108","52132","W833000111","B01","",""]
["W131109","51470","W822900000","B01","P60037210000000",""]
["W131110","52132","W408200072","B01","P60044082300000",""]
["W131111","53416","W416800017","B03","S69200000045788",""]
["W131113","51453","W455000000","B05","S61130000047889",""]
["W131114","51470","W825500025","B01","P60010001502000",""]
["W131115","51470","W824700041","B01","P60010001503000",""]
["W131116","53416","W710000001","B04","S69210000049490",""]
["W131117","52132","W495010043","B01","",""]
["W131118","53406","W405400007","B03","S67100000048978",""]
["W131119","51049","W875034002","F07","",""]
["W131120","51046","W401488000","C07","D63500002000007",""]
["W131121","11000","W400900000","B05","S61110000046657",""]
["W131122","51470","W823000005","B01","P60082601600076",""]
["W131123","51470","W825500000","B01","P60082601600077",""]
["W131124","51470","W833000107","B01","P60016180000015",""]
["W131125","51491","W824000129","B01","",""]
["W131126","51046","W401945000","C07","D65400002000002",""]
["W131127","52132","W495010006","B05","S61110000044386",""]
["W131128","53106","W832500070","B03","S61110000049655",""]
["W131129","53106","W837000004","B03","S61110000049656",""]
["W131130","53106","W408200072","B03","S61110000049657",""]
["W131131","53500","W832500034","B01","R67700000049668",""]
["W131132","53106","W405200013","B03","S61110000049669",""]
["W131133","53416","W455000036","B03","S69210000049670",""]
["W131134","53106","W832500048","B03","S61130000049671",""]
["W131135","53406","W832500078","B04","S67100000049259",""]
["W131136","51470","W824000106","B01","P60037710000000",""]
["W131137","53406","W710060051","B03","S68100000048835",""]
["W131138","53416","W710060010","B03","S67600000047066",""]
["W131139","53800","W822500000","B01","U6032099900000W",""]
["W131140","53800","W822500000","B01","U6034827200000W",""]
["W131141","11000","W455000000","B05","S61110000048451",""]
["W131142","51046","W401880000","C07","D65630002000016",""]
["W131143","53416","W405200002","B03","S69210000044110",""]
["W131144","53406","W713000034","B03","S67300000049365",""]
["W131145","52132","W408200067","B05","S69200000049370",""]
["W131146","53416","W710060028","B03","S69210000049719",""]
["W131147","51046","W407970000","C07","D64700404000012",""]
["W131148","53406","W408200010","B03","S67400000047800",""]
["W131151","51046","W401962000","C07","D64400304000012",""]
["W131152","53402","W822500042","B04","S68200000046954",""]
["W131153","52132","W822500042","B01","",""]
["W131154","53406","W710040039","B03","S67600000049667",""]
["W131155","53402","W822500026","B04","S67600000047600",""]
["W131156","53416","W495010006","B03","S69110000048963",""]
["W131157","53416","W710065046","B04","S68200000049202",""]
["W131158","53213","W833000107","C04","E63710000048707",""]
["W131159","53406","W465000003","B03","S69100000047620",""]
["W131160","52132","W822500032","B01","",""]
["W131161","53416","W402400017","B03","S69200000046697",""]
["W131162","51466","W403700000","B01","P60037142000000",""]
["W131163","51254","W900100000","F40","M61000104277000",""]
["W131164","51207","W900100000","F40","M61000104277000",""]
["W131165","53406","W400900054","B03","S67100000049758",""]
["W131166","53406","W405400005","B03","S67100000049759",""]
["W131167","53406","W833000072","B03","S69200000044645",""]
["W131168","53213","W408200066","C04","E63600000048962",""]
["W131169","53406","W400900152","B03","S67100000049761",""]
["W131170","11000","W402400000","B05","S69200000046697",""]
["W131171","51470","W405200021","B01","B60030012600000",""]
["W131172","51470","W823000000","B01","P60037720000000",""]
["W131173","51470","W405200018","B01","B60030012500000",""]
["W131174","53416","W402400038","B03","S69100000049779",""]
["W131175","53416","W402400038","B03","S69110000049780",""]
["W131176","53106","W403700001","B03","S61110000049778",""]
["W131177","53416","W402400048","B03","S69110000049781",""]
["W131178","53416","W405200002","B03","S67100000049783",""]
["W131179","51470","W823000004","B01","P60037730000000",""]
["W131180","11000","W455000000","B05","S61110000049118",""]
["W131181","51042","W833043000","C07","",""]
["W131182","51470","W405200015","B01","P60037740000000",""]
["W131183","53106","W416800017","B03","S61170000049810",""]
["W131184","53106","W416800018","B03","S61170000049811",""]
["W131185","11000","W455000000","B05","S61110000047145",""]
["W131186","53406","W455000044","B03","S68200000049529",""]
["W131187","53416","W419100032","B03","S69200000043921",""]
["W131188","53406","W825000045","A02","S67300000049250",""]
["W131190","53416","W833000083","B03","S69110000047500",""]
["W131191","53213","W833060000","C04","E63710000049843",""]
["W131192","53416","W710046009","B03","S67600000049857",""]
["W131194","51046","W400713000","C07","D65300004000006",""]
["W131195","51470","W455000068","B01","B60030012700000",""]
["W131196","51470","W455000069","B01","B60020005700000",""]
["W131197","51470","W455000070","B01","B60030012800000",""]
["W131198","51206","W900200000","M00","M63400002837000",""]
["W131199","51206","W900200000","M00","M63400002839000",""]
["W131200","53406","W832500066","B03","S67600000049862",""]
["W131201","52132","W823000004","B01","P60037750000000",""]
["W131202","51470","W405400042","B01","B60030012900000",""]
["W131203","53106","W832500032","B03","S61110000049881",""]
["W131204","52132","W710000000","B01","P60037760000000",""]
["W131205","52132","W832500073","B01","P60037770000000",""]
["W131207","53416","W710000001","B04","S68200000049922",""]
["W131208","53416","W824000127","B03","S67600000049858",""]
["W131209","53416","W400900133","B03","S69200000046672",""]
["W131210","53416","W455000052","B03","S69200000049574",""]
["W131211","51046","W400712005","C07","D64800002000008",""]
["W131212","51046","W409900000","C07","",""]
["W131213","53406","W713000054","B03","S68100000049309",""]
["W131214","52132","W713000054","B01","",""]
["W131215","53416","W713000028","B03","S67100000049840",""]
["W131216","51470","W465000002","B01","P60037790000000",""]
["W131217","51046","W401950000","C07","D65620002000004",""]
["W131218","51491","W822560005","B01","P60037810000000",""]
["W131219","53416","W824000014","B03","S69100000044457",""]
["W131220","11000","W455000000","B05","S69210000048888",""]
["W131221","53213","W400713007","C04","E63000000049708",""]
["W131222","53416","W406800004","B03","S67600000045137",""]
["W131223","53406","W495010013","B03","S68200000049914",""]
["W131224","52132","W400713007","B01","",""]
["W131225","52132","W495010008","B01","",""]
["W131226","53402","W710000001","B04","S68200000049711",""]
["W131227","53406","W710085017","B03","S68300000048688",""]
["W131228","53406","W405200020","B03","S68300000050007",""]
["W131229","52132","W400800006","B01","",""]
["W131230","53406","W404500055","B03","S67600000049987",""]
["W131231","53416","W833000083","B03","S67000000049788",""]
["W131232","53106","W833000043","B03","S61550000047538",""]
["W131233","53106","W710060025","B03","S61110000050013",""]
["W131234","51046","W401477000","C07","D65200004000008","CVD19"]
["W131235","51046","W407612018","C07","D65200002000016",""]
["W131236","53416","W405400007","B03","S67600000045661",""]
["W131237","51466","W710000000","B01","P60037890000000",""]
["W131238","51470","W710000000","B01","P60037220000000",""]
["W131239","51470","W710010045","B01","P60037230000000",""]
["W131240","51470","W710000000","B01","P60037240000000",""]
["W131241","53416","W404000030","B03","S68200000049598",""]
["W131242","53416","W405200015","B03","S69110000045945",""]
["W131243","53406","W400900104","B03","S68300000047510",""]
["W131244","51466","W400900000","B01","P60037290000000",""]
["W131245","51470","W404500000","B01","P60037731000000",""]
["W131246","51046","W407970000","C07","D64700402000005",""]
["W131247","51453","W402600000","B01","",""]
["W131248","53416","W402400011","B03","S69210000049606",""]
["W131249","53106","W710060025","B03","S61110000050033",""]
["W131250","53416","W403700001","B03","S61900000050035",""]
["W131251","53416","W710000001","B03","S67600000049157",""]
["W131252","53416","W824700059","B03","S67600000047638",""]
["W131253","51470","W833500154","B01","B60020005800000",""]
["W131254","51466","W833500000","A01","P60037732000000",""]
["W131255","51470","W405400000","B01","P60037733000000",""]
["W131256","51046","W401477000","C07","D65700006000004","CVD19"]
["W131257","53106","W710075011","B03","S61110000050038",""]
["W131258","53406","W822500043","B04","S68200000047286",""]
["W131259","53416","W400900151","B03","S69100000046846",""]
["W131260","53406","W821900011","B03","S68100000049762",""]
["W131261","51491","W405400000","B01","P60119910000000",""]
["W131262","51046","W401477000","C07","D65700006000006","CVD19"]
["W131263","51046","W401477000","C07","D65700006000005","CVD19"]
["W131264","11000","W405400000","B05","S67600000045661",""]
["W131265","53416","W822000004","B03","S69200000050058",""]
["W131266","53106","W826000014","B03","S61110000050057",""]
["W131267","53416","W824700061","B03","S69210000045437",""]
["W131268","53203","W824700071","C04","E63600000050019",""]
["W131269","53402","W402510035","B04","S68200000048607",""]
["W131270","53106","W495010044","B03","S61110000047090",""]
["W131271","57000","W882000000","G00","F6000CP22472021","01010"]
["W131272","57000","W882000000","G00","F6000CP22512021","01010"]
["W131273","57000","W822000000","A00","F6000CP22492021",""]
["W131274","11000","W455000000","B05","S61110000049506",""]
["W131275","53416","W405400006","B03","S69100000049953",""]
["W131276","51046","W401962000","C07","D64400302000002",""]
["W131277","53406","W405200018","B03","S68200000048879",""]
["W131278","53406","W405200021","B03","S68200000049880",""]
["W131279","53106","W402400038","B03","S61110000047000",""]
["W131280","53406","W833000111","B03","S69210000049975",""]
["W131282","53406","W833500141","B03","S68200000050059",""]
["W131283","11000","W455000000","B05","S65000000050098",""]
["W131284","51491","W710045007","B01","",""]
["W131285","51206","W900200000","M00","M63400003229000",""]
["W131286","53402","W405200003","B04","S68200000049752",""]
["W131287","53106","W710075005","B03","S61110000050081",""]
["W131288","51453","W710075000","B05","S61110000050081",""]
["W131289","53416","W455000050","C04","S65000000050098",""]
["W131290","51466","W823000004","B01","P60037820000000",""]
["W131291","51470","W402600000","B01","P60037830000000",""]
["W131293","51470","W402600000","B01","P60037850000000",""]
["W131294","51470","W402600000","B01","P60037860000000",""]
["W131295","51466","W402600000","B01","P60037870000000",""]
["W131296","51470","W824000000","B01","P60037880000000",""]
["W131297","51046","W400713000","C07","D65300002000030",""]
["W131298","53106","W710060072","B03","S61110000047119",""]
["W131299","51453","W835040000","F10","",""]
["W131300","11000","W405400000","B05","S61110000049119",""]
["W131301","51046","W401880000","C07","D65630006000003",""]
["W131303","51470","W710010045","B01","P60037280000000",""]
["W131304","53406","W822000012","B03","S67100000047329",""]
["W131305","52132","W822000012","B01","",""]
["W131306","52132","W822000012","B05","S67100000047329",""]
["W131307","51046","W401923003","C07","D65500002000010",""]
["W131308","52132","W824700072","B01","",""]
["W131309","53416","W402400038","B03","S69110000050175",""]
["W131310","53416","W402400038","B03","S69110000050177",""]
["W131311","53106","W400900004","B03","S61110000047213",""]
["W131312","53500","W401477000","C07","R67700000050204","CVD19"]
["W131313","51453","W875039500","F10","",""]
["W131314","11000","W875039500","F10","",""]
["W131315","51453","W400120000","F10","P60016200000009",""]
["W131316","53416","W710065003","B03","S67600000049786",""]
["W131318","53406","W710015002","B03","S67200000050122",""]
["W131319","53106","W404500021","B03","S61110000045753",""]
["W131320","52132","W822500043","B01","",""]
["W131321","53106","W710010050","B03","S61110000050210",""]
["W131322","53416","W824700006","B03","S67600000050212",""]
["W131323","53416","W713000043","B03","S69100000048067",""]
["W131324","53406","W404000030","B03","S68100000049330",""]
["W131325","53406","W404000053","B03","S68100000050020",""]
["W131326","53106","W404000056","B03","S61110000046867",""]
["W131327","53106","W832500032","B03","S61110000050125",""]
["W131328","11000","W402400000","B05","S61110000046879",""]
["W131329","53106","W403700001","B03","S61110000050225",""]
["W131330","51491","W410100000","D01","P60010001630000",""]
["W131331","53106","W713000022","B03","S61110000046466",""]
["W131332","53406","W710085012","B03","S68200000050018",""]
["W131333","51453","W713000000","B05","S61110000046466",""]
["W131334","53416","W402400038","B03","S69210000050261",""]
["W131335","53416","W455000003","B03","S66000000050262",""]
["W131336","53416","W710070015","B03","S67600000050264",""]
["W131337","11000","W402400000","B05","S69210000050261",""]
["W131338","11000","W455000000","B05","S66000000050262",""]
["W131339","51453","W826022000","B05","S61110000048474",""]
["W131340","53406","W405400013","B03","S67100000046490",""]
["W131341","11000","W455000000","B05","S67600000050264",""]
["W131342","51046","W401477000","C07","D65700006000007","CVD19"]
["W131343","51046","W400713000","C07","D65300002000031",""]
["W131344","51046","W401962000","C07","D64400304000013",""]
["W131345","53402","W824700061","B04","S68200000046622",""]
["W131346","53406","W833000072","B03","S69200000050095",""]
["W131347","53406","W495010001","B03","S67600000047058",""]
["W131348","53406","W405200020","B03","S68200000050223",""]
["W131349","51046","W407980000","C07","D64100202000014",""]
["W131350","53172","W409210000","E00","A61200000050289",""]
["W131351","53172","W409210000","E00","A61200000050294",""]
["W131352","53406","W833500118","B03","S69110000049929",""]
["W131353","53106","W406800001","B03","S61110000050265",""]
["W131354","53106","W406800001","B03","S61110000050266",""]
["W131355","53106","W406800001","B03","S61110000050267",""]
["W131356","53106","W406800001","B03","S61110000050268",""]
["W131357","53106","W406800001","B03","S61110000050269",""]
["W131358","53106","W406800001","B03","S61110000050270",""]
["W131359","52132","W406800000","B05","S61110000050265",""]
["W131360","52132","W406800000","B05","S61110000050266",""]
["W131361","52132","W406800000","B05","S61110000050267",""]
["W131362","52132","W406800000","B05","S61110000050268",""]
["W131363","52132","W406800000","B05","S61110000050269",""]
["W131364","52132","W406800000","B05","S61110000050270",""]
["W131365","53106","W821900004","B03","S61110000047944",""]
["W131366","53402","W823000007","B04","S68200000049346",""]
["W131367","52132","W826000024","B01","",""]
["W131368","52132","W710060021","B05","S61110000038794",""]
["W131369","53402","W402510034","B04","S68200000047585",""]
["W131370","53406","W400900124","B03","S67100000050326",""]
["W131371","53203","W833060000","C01","E63600000050314",""]
["W131372","51453","W826000000","B05","S67100000050326",""]
["W131373","51453","W826000000","B05","S67100000048463",""]
["W131374","53106","W822500006","B03","S61110000050363",""]
["W131375","53106","W713000055","B03","S61110000046433",""]
["W131376","52132","W713000055","B01","",""]
["W131377","53106","W833000078","B03","S61180000050344",""]
["W131378","11000","W400900000","B05","S69200000046672",""]
["W131379","53402","W823000008","B04","S68200000050379",""]
["W131380","53402","W710000001","B04","S68200000046111",""]
["W131381","53106","W495010013","B03","S61110000046381",""]
["W131382","53406","W495010045","B03","S68200000049928",""]
["W131383","53406","W823000008","B04","S69100000048882",""]
["W131385","51046","W407970000","C07","D64700404000013",""]
["W131386","53416","W402400054","B03","S67100000048498",""]
["W131387","53416","W710065003","B03","S69210000050391",""]
["W131388","53416","W710045016","B03","S69210000050393",""]
["W131389","51470","W455000054","B01","P60037910000000",""]
["W131390","52132","W821900004","B05","S61110000047944",""]
["W131391","51046","W400717000","C07","D64700302000008",""]
["W131393","51466","W710000000","B01","P60037930000000",""]
["W131394","51466","W710000000","B01","P60037940000000",""]
["W131395","53402","W822500042","B04","S69210000050382",""]
["W131396","53402","W822500037","B04","S68200000050383",""]
["W131397","53106","W710000001","B03","S61300000047866",""]
["W131398","53106","W710060014","B03","S61300000050068",""]
["W131399","53106","W710025041","B03","S61300000050069",""]
["W131400","52132","W710025041","B01","",""]
["W131401","53106","W400900118","B03","S61300000050070",""]
["W131402","53106","W402400062","B03","S61300000050071",""]
["W131403","53106","W455000056","B03","S61300000050072",""]
["W131404","51466","W825500000","B01","P60037950000000",""]
["W131405","11000","W402400000","B05","S61110000047000",""]
["W131406","51466","W405200000","B01","P60037960000000",""]
["W131407","51470","W402400000","B01","P60037970000000",""]
["W131408","53416","W833500027","B03","S67600000050449",""]
["W131409","51470","W408200000","B01","P60037980000000",""]
["W131412","53406","W825000036","B04","S69210000044509",""]
["W131413","53106","W713000022","B03","S61110000050477",""]
["W131414","53106","W455000054","B03","S61110000050479",""]
["W131415","53402","W400900124","B04","S68100000050031",""]
["W131416","53106","W400900060","B03","S61110000050484",""]
["W131417","51046","W407980000","C07","D64100206000001",""]
["W131418","53416","W833000105","B03","S69200000047635",""]
["W131420","51470","W823000004","B01","P60037901000000",""]
["W131421","51046","W401945000","C07","D65400004000008",""]
["W131422","51491","W710035016","B01","",""]
["W131427","53106","W405400043","B03","S61110000047417",""]
["W131428","51046","W401477000","C07","D65700006000008","CVD19"]
["W131429","51046","W401477000","C07","D65700006000009","CVD19"]
["W131430","53800","W710030001","B00","U6036291000000W",""]
["W131431","53406","W710000001","B03","S68100000047939",""]
["W131433","53402","W832500030","B04","S68200000048903",""]
["W131434","53406","W455000024","B03","S68200000049883",""]
["W131435","53106","W495010046","B03","S61300000048004",""]
["W131436","52132","W495010046","B01","",""]
["W131437","11000","W405400000","B05","S67100000046490",""]
["W131438","53416","W710060030","B03","S69210000048895",""]
["W131439","53416","W710060026","B03","S69210000050537",""]
["W131440","53416","W710060013","B03","S69210000046446",""]
["W131441","53106","W404500040","B03","S61110000047988",""]
["W131443","53406","W827500001","B03","S67100000049315",""]
["W131444","51470","W455000071","B01","B60020005900000",""]
["W131445","53800","W833500137","B00","U6035314000000W",""]
["W131446","52132","W710045002","B01","",""]
["W131447","11000","W400900000","B05","S61110000047213",""]
["W131448","53406","W833500136","A02","S68100000050113",""]
["W131449","53416","W710000001","B04","S68200000050067",""]
["W131450","53106","W400900121","B03","S61110000050627",""]
["W131451","53406","W823000004","B03","S68300000050625",""]
["W131452","53406","W405400007","B03","S68300000050632",""]
["W131453","51484","W882000000","G11","","99999"]
["W131454","53416","W408200062","C04","S64000000050603",""]
["W131455","53416","W400900108","B03","S61110000050604",""]
["W131456","53416","W710025033","B03","S61110000050605",""]
["W131457","53416","W400900118","B03","S61110000050606",""]
["W131458","51470","W402400042","B01","P600COVIDSEQNCG","CVD19"]
["W131459","53416","W710046006","B03","S67600000050114",""]
["W131460","52132","W465000010","B01","",""]
["W131461","53106","W826000014","B03","S61110000050664",""]
["W131462","53106","W826000014","B03","S61110000050665",""]
["W131463","53106","W826000023","B03","S61110000050667",""]
["W131464","53106","W826000027","B03","S61110000050668",""]
["W131465","53106","W826000028","B03","S61110000050669",""]
["W131466","53106","W826000020","B03","S61110000050670",""]
["W131467","53106","W826000014","B03","S61110000050671",""]
["W131468","53106","W826000029","B03","S61110000050672",""]
["W131469","53106","W826000014","B03","S61110000050673",""]
["W131470","53106","W710060004","B03","S61120000050686",""]
["W131471","53106","W826000019","B03","S61110000050681",""]
["W131472","53106","W832500070","B03","S61110000050682",""]
["W131473","53106","W837000004","B03","S61110000050683",""]
["W131474","53106","W408200072","B03","S61110000050684",""]
["W131475","53106","W826000025","A02","S61110000050685",""]
["W131476","51046","W407980000","C07","D64100202000015",""]
["W131477","11000","W400900000","B05","S61110000050627",""]
["W131478","53416","W400900109","B03","S69200000050469",""]
["W131479","53402","W832500066","B04","S68200000047799",""]
["W131480","11000","W405400000","B05","S61110000037679",""]
["W131481","11000","W405400000","B05","S61110000046441",""]
["W131482","11000","W405400000","B05","S67100000045530",""]
["W131483","11000","W405400000","B05","S67100000049759",""]
["W131484","53416","W710080012","B04","S67600000049837",""]
["W131485","52132","W710080012","B01","",""]
["W131486","53402","W402510007","B04","S68200000047825",""]
["W131487","53106","W833000112","B03","S61180000050699",""]
["W131488","52132","W402400062","B01","",""]
["W131489","51466","W404000108","B01","P60010001640000",""]
["W131490","53106","W400900030","B03","S61110000050710",""]
["W131491","53416","W832500038","B03","S67600000050706",""]
["W131492","51046","W400713000","C07","D65300004000007",""]
["W131493","51125","W402400062","B07","P60020827500015",""]
["W131494","51046","W401923003","C07","D65500004000001",""]
["W131495","53106","W824700064","A02","S61120000050729",""]
["W131496","53416","W710000001","B03","S68100000049757",""]
["W131498","53416","W406800001","B03","S67600000048934",""]
["W131499","53402","W402510037","B04","S68200000049592",""]
["W131500","52132","W710065050","B01","",""]
["W131501","51046","W401488000","C07","D63500002000008",""]
["W131502","53203","W833060000","C04","E63500000050732",""]
["W131503","53203","W833060000","C04","E63500000050733",""]
["W131504","53203","W833060000","C04","E63500000050734",""]
["W131505","53203","W833060000","C04","E63500000050735",""]
["W131506","53203","W833060000","C04","E63500000050736",""]
["W131507","53203","W833060000","C04","E63500000050737",""]
["W131508","53416","W402400011","B03","S69210000050770",""]
["W131509","53106","W465000002","B03","S61110000050772",""]
["W131510","53106","W465000002","B03","S61110000050773",""]
["W131511","53106","W465000002","B03","S61110000050774",""]
["W131512","53213","W710060029","C04","E63600000050767",""]
["W131513","53213","W710060029","C04","E63600000050768",""]
["W131514","53213","W710060029","C04","E63600000050769",""]
["W131515","53203","W833060000","C04","E63500000050784",""]
["W131516","53203","W833060000","C04","E63500000050742",""]
["W131517","53203","W833060000","C04","E63600000050749",""]
["W131518","53203","W833060000","C04","E63600000050750",""]
["W131519","53406","W404000030","B03","S68200000050771",""]
["W131520","53402","W833500136","B04","S68200000050064",""]
["W131521","53416","W710046004","B03","S69210000050787",""]
["W131522","52132","W710046000","B01","S69210000050787",""]
["W131523","11000","W405400000","B05","S61110000050773",""]
["W131524","53203","W833500118","C04","E63600000050796",""]
["W131525","53203","W833500102","C04","E63400000050799",""]
["W131526","53203","W833500032","C04","E63450000050802",""]
["W131527","53203","W833060000","C04","E63450000050803",""]
["W131528","51484","W842012000","L07","","00113"]
["W131529","51484","W845000000","L07","","00113"]
["W131530","53213","W833500102","C04","E63160000050812",""]
["W131531","53203","W833060000","C04","E63500000050822",""]
["W131532","53203","W833060000","C04","E63500000050824",""]
["W131533","53203","W833060000","C04","E63500000050825",""]
["W131534","53203","W408200062","C04","E63150000050826",""]
["W131535","53203","W408200063","C04","E63150000050827",""]
["W131536","53203","W833060000","C04","E63710000050823",""]
["W131537","53213","W833000055","C04","E63710000050794",""]
["W131538","53416","W403700007","B03","S69200000050828",""]
["W131539","53213","W833500119","C04","E63600000050807",""]
["W131541","53106","W402400048","B03","S61110000047962",""]
["W131542","53416","W713000022","B03","S69100000050837",""]
["W131543","51207","W900200000","F40","M63400001500000",""]
["W131544","53416","W455000002","B03","S69200000050857",""]
["W131545","53406","W404000057","B03","S67400000050858",""]
["W131546","53106","W400900004","B03","S61110000050830",""]
["W131547","53416","W416800017","B03","S69200000050880",""]
["W131548","53106","W824700064","A02","S61120000050876",""]
["W131549","53106","W824700064","A02","S61120000050877",""]
["W131550","53106","W824700064","A02","S61120000050878",""]
["W131551","53106","W824700064","A02","S61120000050879",""]
["W131552","53106","W419100033","B03","S61120000050859",""]
["W131553","53406","W404500058","B03","S67100000050860",""]
["W131554","53406","W495010039","B03","S67100000050861",""]
["W131555","53203","W408200062","C04","E63000000050092",""]
["W131556","53106","W710075005","B03","S61110000045178",""]
["W131557","53406","W405400014","B03","S67100000050881",""]
["W131558","53406","W405200002","B03","S67100000050882",""]
["W131559","11000","W400900000","B05","S61110000041273",""]
["W131560","11000","W400900000","B05","S69210000040165",""]
["W131561","11000","W400900000","B05","S61110000029265",""]
["W131562","52132","W710040031","B01","",""]
["W131563","52132","W710040037","B01","",""]
["W131564","51453","W710075000","B05","S61110000045178",""]
["W131565","52132","W403700009","B01","",""]
["W131566","51046","W407970000","C07","D64700404000014",""]
["W131567","51046","W401477000","C07","D65700006000010","CVD19"]
["W131568","51046","W401477000","C07","D65700006000011","CVD19"]
["W131569","53402","W710000001","B04","S68200000050108",""]
["W131570","52132","W710065046","B01","",""]
["W131571","53416","W832500032","B03","S69200000046569",""]
["W131572","53406","W710046006","B03","S67600000050919",""]
["W131573","53402","W402510007","B04","S68200000050853",""]
["W131574","53106","W710060015","B03","S61110000048031",""]
["W131575","53406","W832500061","B04","S67600000049611",""]
["W131576","53106","W405400044","B03","S61110000048503",""]
["W131577","53106","W821900011","B03","S61110000048172",""]
["W131578","53106","W821900012","B03","S61110000047829",""]
["W131579","51470","W823000005","B01","B60030036000000",""]
["W131580","53402","W824000106","B04","S68100000046865",""]
["W131581","52132","W821900011","B05","S61110000048172",""]
["W131582","53500","W405400027","B01","R67700000051000",""]
["W131584","51121","W824732000","A07","",""]
["W131585","53800","W465000001","B00","U6032741600000W",""]
["W131586","53800","W710010055","B00","U6032741600000W",""]
["W131587","53403","W414200001","A01","E67600000050781",""]
["W131588","53403","W414200001","A01","E67600000050782",""]
["W131589","53403","W414200001","A01","E67600000050783",""]
["W131590","53406","W833000080","B03","S67600000043040",""]
["W131591","53106","W833000085","B03","S61110000046320",""]
["W131592","53106","W833000080","B03","S61000000046996",""]
["W131593","53416","W710010070","B03","S69200000050181",""]
["W131594","52132","W710010070","B01","",""]
["W131595","53406","W710025033","B03","S69110000050755",""]
["W131596","51470","W837000004","B01","P60119390000000",""]
["W131597","53203","W408200062","C01","E63000000050128",""]
["W131598","53406","W403700010","B03","S67100000050440",""]
["W131599","53406","W400900118","B03","S69110000050758",""]
["W131600","53203","W408200063","C04","E63500000050793",""]
["W131601","53416","W404000111","B03","S68100000051027",""]
["W131602","53106","W402400011","B03","S61110000048342",""]
["W131603","11000","W402400000","B05","S61110000048342",""]
["W131604","51046","W400713000","C07","D65300004000009",""]
["W131605","51046","W400713000","C07","D65300004000008",""]
["W131606","51046","W401923003","C07","D65500002000011",""]
["W131608","53106","W402400038","B03","S61110000051043",""]
["W131609","53106","W402400048","B03","S61110000051044",""]
["W131610","53106","W402400038","B03","S61110000051045",""]
["W131611","53406","W821900022","B03","S68100000051017",""]
["W131612","51046","W401477000","C07","D65700006000012","CVD19"]
["W131613","53500","W405200000","B01","R67700000051054",""]
["W131614","53500","W405200000","B01","R67600000051053",""]
["W131615","53106","W833000096","B03","S61110000044006",""]
["W131616","53416","W455000007","B03","S69100000045667",""]
["W131617","53106","W404000112","B03","S61110000048319",""]
["W131618","52132","W406800000","B05","S67600000048934",""]
["W131619","52132","W403700010","B01","",""]
["W131620","53106","W826000024","B03","S61110000051067",""]
["W131621","53106","W826000024","B03","S61110000051068",""]
["W131622","53106","W826000015","B03","S61110000051069",""]
["W131623","53106","W826000015","B03","S61110000051070",""]
["W131626","51125","W405240000","B07","P600RESCHDEV000",""]
["W131628","53416","W832500040","B03","S67600000051091",""]
["W131629","53106","W403700005","B03","S61110000051098",""]
["W131630","53203","W408200063","C04","E63140000049651",""]
["W131632","53500","W405400041","B01","R67100000051112",""]
["W131633","53800","W833500126","B00","U6035326000000W",""]
["W131634","53416","W405400007","B03","S67100000049267",""]
["W131635","11000","W455000000","B05","S69100000045667",""]
["W131636","53416","W827500001","B03","S69200000051130",""]
["W131637","53416","W827500001","B03","S69210000051131",""]
["W131638","53416","W400900109","B03","S69200000051128",""]
["W131639","53416","W403700001","B03","S69210000051127",""]
["W131640","53402","W710000001","B04","S68200000049834",""]
["W131641","53213","W400800006","C04","E63150000050299",""]
["W131642","53106","W455000072","B03","S61110000048633",""]
["W131643","53402","W827500001","B04","S69200000051031",""]
["W131644","53416","W405200002","B03","S69200000047088",""]
["W131645","53106","W832500073","B03","S61110000050206",""]
["W131646","52132","W832500073","B01","",""]
["W131647","11000","W405400000","B05","S67100000049267",""]
["W131648","51470","W710085017","B01","P60037326000000",""]
["W131652","53416","W404000079","B03","S69200000042924",""]
["W131653","52132","W455000000","B01","P60012310500000",""]
["W131654","51046","W401880000","C07","D65630002000018",""]
["W131655","53416","W403700009","B03","S69200000051148",""]
["W131656","53416","W827500001","B03","S67100000051150",""]
["W131657","51491","W408200063","B01","",""]
["W131658","53406","W833500121","B03","S67100000047263",""]
["W131659","11000","W400950000","B05","S61110000050604",""]
["W131660","52132","W710025031","B05","S61110000050604",""]
["W131661","11000","W455000000","B05","S61110000044757",""]
["W131662","53406","W833500119","B03","S67100000051199",""]
["W131663","11000","W455000000","B05","S69200000050857",""]
["W131664","51046","W401423000","C07","D61100406000001",""]
["W131665","53106","W404000053","B03","S61110000048808",""]
["W131666","51046","W401923003","C07","D65500002000012",""]
["W131667","51046","W401945000","C07","D65400002000003",""]
["W131668","53416","W710046006","B03","S67100000051216",""]
["W131669","53406","W404500040","B03","S68100000050724",""]
["W131670","53416","W710015002","B03","S67600000051214",""]
["W131671","52132","W710046000","B05","S67600000051214",""]
["W131672","51466","W404500000","B01","P60010002000001",""]
["W131673","51470","W405400005","B01","P60010002000002",""]
["W131674","53416","W710046006","B03","S67100000051218",""]
["W131676","51453","W407400000","B01","",""]
["W131677","51046","W401488000","C07","D63500002000009",""]
["W131678","51046","W835110000","C07","D65100004000003",""]
["W131679","11000","W455000000","B05","S61110000050681",""]
["W131680","51046","W401477000","C07","D65200004000009","CVD19"]
["W131681","51046","W401477000","C07","D65200004000010","CVD19"]
["W131682","11000","W455000000","B05","S61110000050670",""]
["W131683","11000","W455000000","B05","S61110000050669",""]
["W131684","11000","W402400000","B05","S61110000047962",""]
["W131685","53402","W402510007","B04","S68200000048878",""]
["W131686","53416","W408200066","B03","S67600000050954",""]
["W131687","53106","W710085013","B03","S61110000046525",""]
["W131688","53416","W821900022","B03","S69210000049218",""]
["W131689","53500","W409000000","B01","R67400000051261",""]
["W131690","53500","W405200000","B01","R67700000051262",""]
["W131691","52132","W713000039","B01","",""]
["W131692","51491","W405400000","B01","P60010002000003",""]
["W131693","53406","W824700058","B03","S67100000050325",""]
["W131694","51254","W900200000","F40","M63400002200000",""]
["W131695","11000","W455000000","B05","S61110000050685",""]
["W131696","11000","W455000000","B05","S61110000050668",""]
["W131697","11000","W455000000","B05","S61110000050667",""]
["W131698","53406","W821900060","B03","S67400000049803",""]
["W131699","52132","W821900060","B01","",""]
["W131700","53416","W710065003","B03","S67600000051266",""]
["W131701","53106","W833000055","B03","S61180000051267",""]
["W131702","53106","W710060014","B03","S61110000051276",""]
["W131703","53416","W710060060","B03","S69200000051278",""]
["W131704","53106","W400900108","B03","S61110000051253",""]
["W131705","53106","W710025033","B03","S61110000051254",""]
["W131706","53106","W400900118","B03","S61110000051255",""]
["W131707","53406","W710025033","B03","S69110000051275",""]
["W131708","53213","W833000055","C04","E63710000051277",""]
["W131709","53213","W833000055","C04","E63710000051280",""]
["W131710","51046","W400713000","C07","D65300002000032",""]
["W131711","53416","W495010001","B03","S67600000051283",""]
["W131712","53106","W822510003","B03","S61110000051284",""]
["W131713","53106","W455000012","B03","S61110000050975",""]
["W131714","53106","W404000057","B03","S61110000046736",""]
["W131715","53106","W405200017","B03","S61110000051234",""]
["W131716","53416","W822510003","B03","S69200000051285",""]
["W131717","53416","W404000040","B03","S67300000051286",""]
["W131718","53106","W455000050","A02","S61110000051287",""]
["W131719","53106","W455000058","B03","S61110000051288",""]
["W131720","53106","W407900019","B03","S61160000051289",""]
["W131721","53416","W400900151","B03","S69100000051281",""]
["W131722","53416","W405400006","B03","S69100000051282",""]
["W131723","53416","W710010070","B03","S69200000051294",""]
["W131725","52132","W400900108","B05","S61110000051253",""]
["W131726","51046","W407970000","C07","D64700402000006",""]
["W131727","51466","W406800000","B05","S61110000046566",""]
["W131728","51046","W401962000","C07","D64400304000014",""]
["W131729","11000","W402400000","B05","S69110000049781",""]
["W131730","11000","W402400000","B05","S69110000049780",""]
["W131731","52132","W405200019","B01","",""]
["W131733","51470","W455000073","B01","B60030013100000",""]
["W131734","53402","W822500026","B04","S68200000048619",""]
["W131735","53402","W402510038","B04","S68200000051188",""]
["W131736","52132","W710065051","B01","",""]
["W131737","53416","W824700006","B03","S69200000051325",""]
["W131738","53416","W824700061","B03","S69210000051324",""]
["W131739","53106","W824700057","A02","S61120000051323",""]
["W131740","53416","W416800014","B03","S68200000051322",""]
["W131741","53402","W822900025","B04","S68200000049739",""]
["W131742","52132","W822900025","B01","",""]
["W131743","11000","W455000000","B05","S61110000050975",""]
["W131744","11000","W455000000","B05","S61110000051288",""]
["W131745","53106","W710000001","B03","S61300000051326",""]
["W131746","53106","W402400062","B03","S61300000051327",""]
["W131747","53106","W710025041","B03","S61300000051328",""]
["W131748","53416","W825000031","B03","S69210000046486",""]
["W131749","53106","W455000070","B03","S61110000050171",""]
["W131750","53416","W402400062","B03","S67100000051329",""]
["W131751","53416","W408200062","B03","S64000000051331",""]
["W131752","53402","W824000125","B04","S67300000048527",""]
["W131753","53106","W400900119","B03","S61110000048062",""]
["W131754","53106","W821900052","B03","S61110000049879",""]
["W131755","53106","W417400004","B03","S61110000048600",""]
["W131756","53106","W417400004","B03","S61110000051309",""]
["W131757","53106","W417400004","B03","S61110000051310",""]
["W131758","53416","W402400054","B03","S67600000048013",""]
["W131759","51491","W823000008","B01","",""]
["W131760","51470","W824700073","B01","B60030013200000",""]
["W131762","53203","W419100033","C04","E63000000051332",""]
["W131763","53406","W495010001","B03","S67600000051352",""]
["W131764","53106","W495010011","B03","S61110000051353",""]
["W131765","53406","W495010001","B03","S67600000051355",""]
["W131766","53406","W404500052","B03","S67100000051356",""]
["W131767","53406","W404500040","B03","S67100000051357",""]
["W131768","11000","W400950000","B05","S61110000051253",""]
["W131769","52132","W710025031","B05","S61110000051253",""]
["W131772","52132","W710035012","B01","",""]

{"sheet":"Action Reason","index":4,"n_rows":101,"n_cols":1,"rows_kept":101,"cut":false,"hidden":true,"merged":[]}
["Most Frequently Used:"]
["Funding Change"]
["Encumbrance Change Only"]
["Change In Time (Change to FTE - Work Schedule required)"]
["Hire"]
["Pay Rate Change - Base Rate Increase"]
["Pay Rate Change - Adjustment"]
["Pay Rate Change - Bring to Minimum of Range"]
["Promotion to another Position"]
["Reporting Change"]
["Transfer - Voluntary Transfer"]
[]
[]
["All Available Action Reasons:"]
[]
["Benefit Status Change"]
["Change from NonBen to Benefit"]
["Change from Benefit to NonBen"]
[]
["Demotion - Involuntary"]
["Demotion - Return to Original Position"]
["Demotion - Voluntary Down Bid"]
[]
["Department Change"]
[]
["Encumbrance Change Only"]
[]
["Funding Change"]
[]
["Hire"]
["Hire from other State Agency"]
[]
[]
["Hire - Concurrent Appointment (EE holds two parttime positions)"]
["Hire - Transfer within UMass (from another UMass campus; no break in service)"]
[]
["Layoff - Temporary Lack of Work"]
[]
["Layoff - Reduction in Force"]
[]
["Location Change"]
[]
["Unpaid Leave of Absence - Adoption"]
["Unpaid Leave of Absence - Health Reasons"]
["Unpaid Leave of Absence - Leave Without Pay"]
["Unpaid Leave of Absence - Maternity/Paternity"]
["Unpaid Leave of Absence - Military Service"]
["Unpaid Leave of Absence - Partial/Total Disability"]
["Unpaid Leave of Absence - Personal Reasons"]
["Unpaid Leave of Absence - Sabbatical"]
["Unpaid Leave of Absence - Suspension"]
["Unpaid Leave of Absence - Workers Comp"]
[]
["Long Term Disability"]
[]
["Paid Leave of Absence - Extended Sick Leave"]
[]
["Paid Leave of Absence - Adoption"]
["Paid Leave of Absence - Administrative"]
["Paid Leave of Absence - Family Medical Leave (FMLA)"]
["Paid Leave of Absence - Injured on Duty"]
["Paid Leave of Absence - Intermittent FMLA Leave"]
["Paid Leave of Absence - Leave With Pay"]
["Paid Leave of Absence - Maternity/Paternity"]
["Paid Leave of Absence - Military Service"]
["Paid Leave of Absence - Sabbatical Full Salary"]
["Paid Leave of Absence - Sick Leave Bank"]
["Paid Leave of Absence - Suspended With Pay"]
["Paid Leave of Absence - Workers Compensation"]
[]
["Pay Rate Change - Adjustment"]
["Pay Rate Change - Chng in Duties and Responsibilities"]
["Pay Rate Change - Correction"]
["Pay Rate Change - Equity/Anomoly"]
["Pay Rate Change - Merit"]
["Pay Rate Change - Base Rate Increase"]
["Pay Rate Change - Salary Inc Out of Title Work"]
[]
["Position Change - Job Reclassification"]
[]
["Promotion - Acting Capacity"]
["Promotion - Promotion to Another Position"]
["Promotion - In Family Promotion"]
["Promotion - In Faculty Rank"]
[]
["Reappointment"]
[]
["Recall from Suspension/Layoff"]
[]
["Rehire"]
["Rehire from Post Retirement Appointment"]
[]
["Reporting Change"]
[]
["Return from Leave  "]
[]
["Transfer - Lateral Transfer"]
["Transfer - Voluntary Transfer"]
["Transfer - Return to Original Position"]
[]
["Title Change"]

{"sheet":"Class","index":5,"n_rows":13,"n_cols":1,"rows_kept":13,"cut":false,"hidden":true,"merged":[]}
["Classified Hourly"]
["Dual Doc"]
["Faculty"]
["Graduate Employee"]
["Other"]
["Per Diem"]
["Post Doc"]
["Professional"]
["Resident"]
["Student"]
["Temporary Employee"]
["SHARE"]
["Post Retiree"]

{"sheet":"Type","index":6,"n_rows":2,"n_cols":1,"rows_kept":2,"cut":false,"hidden":true,"merged":[]}
["Regular"]
["Temporary"]

{"sheet":"Dept","index":7,"n_rows":649,"n_cols":2,"rows_kept":649,"cut":false,"hidden":true,"merged":[]}
["Department"]
["W116010 -Other Admin & Support"]
["W400000 -Chancellor"]
["W400010 -Chancellor Emeritus"]
["W400012 -Academic Recruitment"]
["W400013 -University  Expenses"]
["W400014 -Business Devlopmt & Innovation"]
["W400015 -Government Relations"]
["W400016 -Office of Management"]
["W400017 -GCA-Grants & Contracts Admin"]
["W400018 -Analytics CoE & Systems Suppt"]
["W400100 -Adv-Executive Office"]
["W400110 -Adv-Alumni Affairs"]
["W400112 -Adv-Annual Funds"]
["W400113 -Adv-Corp/Foundation Relatns"]
["W400114 -Adv-Central Admin/Operations"]
["W400120 -Adv-Cancer Walk"]
["W400130 -Adv-Planned Giving"]
["W400131 -Adv-Marlboro Hospital"]
["W400133 -Adv-Alumni & Parent Relations"]
["W400134 -Adv-Patience Assistance"]
["W400135 -Adv-Clinton Hospital"]
["W400136 -Adv-Events"]
["W400140 -Adv-Individual Giving"]
["W400141 -Adv-Advancement Services"]
["W400142 -Adv-Grateful Patient Program"]
["W400143 -Adv-Communication & Stewardshp"]
["W400145 -Adv-UMMMC Giving"]
["W400200 -Government Relations-UMMHC"]
["W400300 -Communications"]
["W400301 -Convocation"]
["W400302 -University Events Operations"]
["W400400 -Diversity & Inclusion"]
["W400500 -University Relations"]
["W400713 -Health Law and Policy"]
["W400717 -Office of Survey Research"]
["W400800 -MassAHEC Network"]
["W400900 -Molecular Medicine"]
["W400910 -Molecular Med-CFAR"]
["W400920 -Molecular Med - BIG"]
["W400939 -Deep Sequencing Core"]
["W400943 -Seahorse Analyzer Research Fac"]
["W400950 -Molecular Medicine - Diabetes"]
["W401000 -Administration & Finance"]
["W401011 -OOR-Research Core Admin"]
["W401300 -Office Of Clinical Affairs"]
["W401410 -DC Commonwealth Med-Ops"]
["W401411 -Prov. Rate & Admin Cost Reim."]
["W401422 -Marketing & Communications"]
["W401428 -Corporate Strategy Advisor"]
["W401429 -Growth & Technology Solutions"]
["W401453 -Pharmacy"]
["W401458 -Strategic Growth & Bus Dev"]
["W401470 -Support Services"]
["W401486 -MuniMed In-State Revenue"]
["W401488 -DSRIP - Technical Assistance"]
["W401500 -Dining Services"]
["W401540 -Biotech 2 Cafeteria"]
["W401600 -Commed IS"]
["W401800 -Disability Evaluation Services"]
["W401880 -DES Business Plan"]
["W401920 -Third Party Liability"]
["W401923 -Bus Transformation Sol OH"]
["W401927 -Client Relations"]
["W401929 -CWM Chief Operating Officer"]
["W401932 -CWM Finance"]
["W401939 -Clinical Del Solution Admin"]
["W401945 -Data Management Services"]
["W401950 -Disability & Community Service"]
["W402000 -Cell Biology"]
["W402010 -OR Mouse Project"]
["W402036 -Transgenic Animal Modeling Cor"]
["W402400 -Microbio & Physio System MaPS"]
["W402500 -Cancer Center"]
["W402510 -Cancer Research Office (CRO)"]
["W402530 -Tissue Bank Facility"]
["W402531 -IVIS Imaging System"]
["W402532 -Veterinary Pathology Services"]
["W403000 -MaPS"]
["W403036 -Peptide Synthesis"]
["W403400 -Gene Function & Expression"]
["W403410 -Gene Function-Confocal Micr"]
["W403430 -RNAi Core"]
["W403440 -Zebrafish Core Facility"]
["W403700 -Bioinformatics & Integratv Bio"]
["W404000 -Biochemistry & Molecular Pharm"]
["W404010 -Biochemistry"]
["W404011 -Pharmacology"]
["W404036 -Protein Chem Lab"]
["W404041 -Small Molecule Screening"]
["W404500 -Neurobiology"]
["W404501 -Neurodiagnostics"," "]
["W404630 -Morphology Core"]
["W405200 -Gene Therapy Center"]
["W405230 -Vector Core Facility"]
["W405400 -RNA Therapeutics Institute"]
["W405600 -Stem Cell Therapeutics Center"]
["W405610 -Stem Cell Registry"]
["W405615 -Stem Cell Bank"]
["W406000 -Clinical Labs"]
["W406800 -Wellstone Program"]
["W407000 -Office of Research"]
["W407010 -OOR-Operations"]
["W407011 -OOR-Discretionary"]
["W407013 -GCA-Office of Sponsored Progra"]
["W407014 -Clin. Research Ops & Oversite"]
["W407016 -OOR-Loan Repayment"]
["W407017 -OOR-IACUC/IBC"]
["W407031 -Machine Shop"]
["W407033 -Study Initiation Funds"]
["W407034 -OCR Pharmacy"]
["W407051 -OOR-Animal Medicine-Capital"]
["W407052 -OOR-Center Grants"]
["W407055 -OOR-Information Services"]
["W407057 -OOR-Renovations & Maintenance"]
["W407058 -OOR-Self Insurance Fund"]
["W407070 -Summer Undergrad Res Pgm"]
["W407100 -Office of Technology Managemnt"]
["W407110 -OTM-Patent Development"]
["W407112 -OTM-Technology Transfer"]
["W407113 -OTM-Inventors"]
["W407114 -OTM-Contract"]
["W407120 -OTM-Fees & Royalties"]
["W407130 -OTM-Incubators"]
["W407131 -OTM-Ventures"]
["W407150 -OTM-University-Amherst"]
["W407200 -Animal Medicine"]
["W407230 -AM-A-Level Revenue Ops"]
["W407231 -AM-BRNI Revenue Ops"]
["W407232 -AM-Surgical"]
["W407233 -AM-Animal Rsrch Contract Sup"]
["W407234 -AM-LRB Revenue Ops"]
["W407235 -AM-Biotech II Revenue Ops"]
["W407236 -AM-Rose Gordon Revenue Ops"]
["W407237 -AM-Vet Services"]
["W407239 -AM-Sherman Ctr Revenue Ops"]
["W407500 -Center for ID & Vac Research"]
["W407531 -Tissue Culture Supply Center"]
["W407600 -HCFS Administration"]
["W407612 -Benefits Coord. Consult."]
["W407618 -HCFS - Financial Compliance"]
["W407619 -Bus Transformation Sol"]
["W40761A -Public Health Initiatives"]
["W407625 -Revenue Operations Program"]
["W407638 -State Supplementary PMTS ADMIN"]
["W407639 -Supplemental Nutritional Asst."]
["W407642 -Specialty Programs"]
["W407644 -Medical Appeals"]
["W407700 -Ctr for International Health"]
["W407924 -Integrated Eligibility System"]
["W407930 -PPHS Admin"]
["W407970 -Research & Evaluation"]
["W407980 -DHEP Business Development"]
["W408000 -Continuing Education"]
["W408030 -Continuing Education Revenue"]
["W408032 -CME-State Programs"]
["W408033 -CME-Regional Programs"]
["W408200 -Shriver Center"]
["W408500 -UMMS Online Program"]
["W408530 -UMMS Online Program"]
["W409000 -Student Affairs"]
["W409002 -SSF-Commencement"]
["W409003 -SSF-Student Service"]
["W409004 -SSF-Student Activity"]
["W409005 -Student Revenue Operations"]
["W409007 -SRO-Vending"]
["W409008 -SRO-Yearbook"]
["W409009 -SRO-Student Health C"]
["W409010 -SRO-Outdoor Club"]
["W409011 -Elective Fee"]
["W409012 -SSF-Equipment Maintenance"]
["W409013 -Minority Student Affairs"]
["W409014 -EA-Ctr for Acad Achievement"]
["W409015 -SSF-PDA Software"]
["W409200 -Financial Aid"]
["W409210 -Financial Aid-Scholarships"]
["W409230 -Late Reg/Pay Fee-Med Sch"]
["W409231 -Late Reg/Pay Fee-Grad School"]
["W409232 -CS-Scholarship"]
["W409233 -Parking Violation Sc"]
["W409300 -Three Schools Committee"]
["W409800 -School Services"]
["W409811 -Room Reservations"]
["W409812 -ADA"]
["W409814 -Science Education"]
["W409816 -HS Health Career"]
["W409817 -Outreach Program"]
["W409819 -Regional Science Center"]
["W410100 -Educational Affairs"]
["W410110 -EA-Research & Evaluation"]
["W410112 -EA-Medical Simulation"]
["W410500 -Medical Education"]
["W410530 -OME-Phys Patient Soc"]
["W410531 -OME-Education Policy Committee"]
["W410532 -OME-EPC-Summer Program"]
["W410533 -OME-Comm Base Program"]
["W410534 -Certified Patient Instruct."]
["W410535 -OME-Curriculum Development"]
["W410536 -OME-International Student Prog"]
["W410537 -EA-Research & Evaluation"]
["W410541 -EA-Medical Simulation"]
["W410570 -EA-Primary Care Sys Integ"]
["W410610 -Cape Cod Hospital"]
["W410620 -Berkshire Medical Center"]
["W410630 -Baystate Medical Center"]
["W410640 -St Vincent Hospital"]
["W411000 -Admissions"]
["W411030 -Admissions Fee"]
["W412400 -Medical Humanities"]
["W412500 -Ethicist"]
["W412800 -Global Health"]
["W413000 -Dean - Medical School"]
["W413100 -Institutional Research"]
["W414200 -Graduate Medical Education"]
["W414600 -Imaging"]
["W415100 -Rehab Services"]
["W416200 -Child Care Service"]
["W416500 -Bookstore"]
["W416530 -Bookstore"]
["W416531 -Bookstore-Alumni Catalog"]
["W416800 -MassBiologics of UMMS"]
["W416810 -Medimmune Revenue"]
["W416811 -Red Cross Revenue"]
["W416812 -Tetanus Sales"]
["W416813 -Royalty Revenue"]
["W416830 -Administration"]
["W416832 -Technical Services"]
["W416833 -Production"]
["W416834 -Vial Filling"]
["W416835 -IT"]
["W416837 -Quality Assurance"]
["W416838 -Quality Control"]
["W416839 -Clinical Research"]
["W416840 -Process Development"]
["W416841 -Mattapan"]
["W416842 -Engineering"]
["W416843 -Regulatory Affairs"]
["W416844 -Monoclonal Antibodies"]
["W416847 -Product Discovery"]
["W416849 -SARS"]
["W416850 -Childrens Hospital"]
["W416851 -Mattapan Warehouse"]
["W416852 -JP Warehouse"]
["W416853 -Finance"]
["W416855 -Quality Systems"]
["W416857 -Mfg Compliance"]
["W416858 -Metrology"]
["W416890 -MAB-South Coast"]
["W416900 -NE Newborn Screening"]
["W416930 -Administration & Info Mgmt"]
["W416931 -Metabolic Lab Unit (General)"]
["W416932 -Immunology Lab Unit (General)"]
["W416933 -Endocrine Lab Unit (General)"]
["W416937 -Hemoglobin Lab Unit (General)"]
["W416939 -Molecular Lab Unit (General)"]
["W417000 -Faculty Administration"]
["W417020 -FA-Faculty Diversity"]
["W417030 -FA-Professional Development"]
["W417040 -FA-Academic Affairs"]
["W417050 -FA-Gender & Equity"]
["W417200 -IT-Audio Visual"]
["W417201 -IT-Audio Visual Educ Service"]
["W417400 -Library"]
["W417430 -Interlibrary Lending"]
["W417431 -Library Photocopy Service"]
["W417432 -Affiliate/Outreach Librarian"]
["W417433 -Library Fees"]
["W417434 -Interlibrary Borrowing"]
["W417800 -Registrar"]
["W417900 -Clinical Affairs"]
["W419000 -Grad School Biomedical Science"]
["W419010 -GSBS-Student Recruitment"]
["W419011 -GSBS-PhD/MD Program Support"]
["W419012 -GSBS-Postdoc Scholars Office"]
["W419013 -GSBS-AD Clinical Trans Res"]
["W419014 -GSBS-Student Diversity"]
["W419020 -Population Hlth Science Prog"]
["W419021 -CPHR Stipends"]
["W419030 -GSBS-Student Services Fee"]
["W419031 -GSBS-Program Fee"]
["W419032 -GSBS-Application Fee"]
["W419033 -GSBS-Curriculum Fee"]
["W419100 -Grad School of Nursing Admin"]
["W419130 -GSN PhD Program"]
["W419131 -GSN Application Fee"]
["W419132 -GSN Curriculum Fee"]
["W419140 -GSN-Graduate Entry Pathway"]
["W419150 -GSN-Doctorate Nursing Program"]
["W419200 -MD/PHD Program"]
["W455000 -Populat & Quantitive Hlth Sci"]
["W455020 -3D Printing"]
["W465000 -Program in Systems Biology"]
["W477000 -Diabetes Center of Excellence"]
["W488000 -Rare Disease Institute"]
["W495000 -Molecular Cell & Cancer Biolog"]
["W710000 -Medicine"]
["W710010 -Cardiovascular Medicine"]
["W710015 -Hospital Medicine"]
["W710020 -Dermatology"]
["W710025 -Diabetes"]
["W710026 -Diabetes Center of Excellence"]
["W710027 -Humanized Mouse Core"]
["W710030 -Palliative Care"]
["W710035 -Endocrinology"]
["W710040 -Gastroenterology"]
["W710045 -Gen Med/Prim Care"]
["W710046 -Meyers Primary Care Institute"]
["W710055 -Geriatrics Medicine"]
["W710059 -Infectious Disease-HIV Program"]
["W710060 -Infectious Disease"]
["W710065 -Hematology/Oncology"]
["W710070 -Prev/Behav Med"]
["W710071 -CER-Nutrition Core"]
["W710072 -Health Stats and Geography Lab"]
["W710073 -Stress Reduction Clinic"]
["W710074 -MA Tobacco Program"]
["W710075 -Pulmonary Med"]
["W710080 -Renal Medicine"]
["W710085 -Rheumatology"]
["W710086 -Clinical Trials Unit"]
["W710087 -Clinical Informatics"]
["W710088 -Tri-River"]
["W710090 -Transfusion Med-Weinstein"]
["W713000 -Emergency Medicine"]
["W715510 -ASG"]
["W719000 -Tri-River"]
["W800800 -Environmental Hlth & Safety"]
["W800830 -Env Hlth & Safety-Revenue"]
["W800900 -Radiation Safety"]
["W800930 -Radiation Safety Revenue"]
["W802010 -Legal"]
["W802020 -Meyers PCI"]
["W802030 -President's Office Assessment"]
["W802100 -Fringe Benefits"]
["W820500 -Nutri/Food Service"]
["W821000 -Pharmacy"]
["W821030 -Clinical Toxicology"]
["W821200 -Drugs Of Abuse Lab"]
["W821600 -Lab Medicine"]
["W821700 -Hospital Labs"]
["W821900 -Pathology"]
["W821910 -Pathology-IVP"]
["W822000 -Ophthalmology"]
["W822500 -Radiology/Nuclear Medicine"]
["W822510 -Nuclear Medicine"]
["W822520 -Radiology-Translational Anatom"]
["W822530 -Radiology Physics"]
["W822537 -Alld Hlth-Nuclear Me"]
["W822538 -Molecular Imaging Probe Lab"]
["W822539 -NE Center for Stroke Research"]
["W822540 -Advanced MRI Center"]
["W822900 -Anesthesiology"]
["W823000 -Dermatology"]
["W824000 -Surgery"]
["W824010 -Surgery-Trauma Center"]
["W824011 -Surgery-Renal Transplant"]
["W824012 -Surgery-Plastic Surgery"]
["W824013 -Surgery-Vascular Surgery"]
["W824014 -Surgery-Ophthalmology"]
["W824015 -Surgery-General"]
["W824016 -Surgery-Urology"]
["W824017 -Surgery-Neurosurgery"]
["W824019 -Surgery-Pediatric"]
["W824020 -Surgery-Ctr for Outcomes Res"]
["W824021 -Thoracic-Conlan"]
["W824031 -Animal Surgical Services"]
["W824700 -Family Med & Community Health"]
["W824710 -Fam Med/Com Hlth-CFDC"]
["W824730 -Research Health Services"]
["W824731 -Community Faculty Dev Center"]
["W825000 -Orthopedics & Physical Rehab."]
["W825010 -Physiatry-Williams"]
["W825500 -Ob/Gyn"]
["W826000 -Center for Clinical Research"]
["W826011 -CCR-K-12 Award"]
["W826012 -CCR-MS Program"]
["W826016 -CTS-Life Sciences Moment Fund"]
["W826017 -CCTS-Conquering Diseases Recrt"]
["W826020 -CCTS-Clinical Research Ops"]
["W826022 -CCTS-BERD"]
["W826023 -CCTS-Retreat"]
["W826050 -CCR-Biorepository"]
["W826060 -Bioinformatics Core"]
["W826080 -CCTS-Data Services Core"]
["W827500 -Radiation Oncology"]
["W827530 -Radiation Oncology"]
["W830000 -Clinical Admin"]
["W832500 -Neurology"]
["W833000 -Psychiatry"]
["W833010 -Psychiatry-Clinical Research"]
["W833011 -Psychiatry-Adult Division"]
["W833012 -Psychiatry-BNRI"]
["W833013 -Psychiatry-Child Division"]
["W833014 -Psychiatry-SPARC"]
["W833015 -Psychiatry-Neuroimage Research"]
["W833016 -Psychiatry-BSRC"]
["W833017 -Psychiatry-CFFC"]
["W833018 -Pediatrics-Ginns (trnsfer)"]
["W833020 -Psychiatry-State Contracts Chi"]
["W83302A -Continuing Care Units"]
["W833031 -Parents Apart II"]
["W833032 -Psychiatry-Child/Fam Forensic"]
["W833037 -Student Cnslng Serv"]
["W833039 -Psychiatry-CPRT"]
["W833041 -Psychiatry Training"]
["W833050 -Psychiatry - VA Research Svcs"]
["W833060 -Psychiatry-State Contracts"]
["W833070 -CANDO"]
["W833500 -Pediatrics"]
["W833510 -Pediatrics-Child Development"]
["W833511 -Pediatrics-Diabetes"]
["W833512 -Pediatrics-Pulmonary"]
["W833513 -Pediatrics-Development & Behav"]
["W833515 -Pediatrics-Hematology/Oncology"]
["W833518 -Pediatrics-Pierce Lab"]
["W834100 -Otolaryngology"]
["W834500 -Cancer Biology"]
["W835030 -Employee Assistance"]
["W835110 -Health & Criminal Justice"]
["W837000 -Urology"]
["W842000 -Facilities Mgt"]
["W842010 -Facilities Mgt-Admin."]
["W842011 -Facilities Mgt-Fleet"]
["W842012 -Facilities Mgt-Maintenance"]
["W842013 -Facilities Mgt-Grounds"]
["W842014 -Facilities Mgt-Gen. Stores"]
["W842015 -Facilities Mgt-Equip. Serv."]
["W842016 -Facilities Mgt-Planning"]
["W842017 -Facilities Mgt-Engineering"]
["W842030 -Facility Plan, Eng & Const."]
["W842100 -Master Space Planning"]
["W842102 -Space Management - Admin"]
["W842103 -Property Management"]
["W842311 -ASC-Lab Glass Cleaning Svc"]
["W842500 -Public Safety"]
["W842510 -Public Safety"]
["W842511 -Access Control"]
["W842512 -Access Control - Lobbies"]
["W842532 -WCCC Security"]
["W842700 -Parking"]
["W842730 -Medical Center Parking Trust"]
["W843000 -Power Plant"]
["W843010 -Power Plant-Operations"]
["W843011 -Power Plant-Utilities"]
["W843500 -FS-Purchasing"]
["W843530 -Lab Supermarket"]
["W844610 -Postal Services"]
["W844611 -Receiving"]
["W844612 -Transportation"]
["W844613 -Warehouse"]
["W844630 -Postal Services Recharge"]
["W844631 -Courier Service"]
["W845000 -Env Building Services"]
["W845010 -EBS - Clinical"]
["W855000 -Neurosurgery"]
["W860000 -HR-Administration"]
["W860010 -HR-Workers' Compensation"]
["W860011 -Employee Health Clinic"]
["W860013 -HR-Administration"]
["W860014 -HR-Compensation"]
["W860015 -HR-Tuition Assistance"]
["W860016 -HR-Immigration Services"]
["W860017 -HR-Learning Development & Ops"]
["W860018 -HR-Talent Acquisition"]
["W860019 -HR-Worklife"]
["W860021 -HR-Systems & Service Center"]
["W860022 -HR-Compensation"]
["W860023 -HR-Effectiveness"]
["W860024 -HR-Employee Relations"]
["W860027 -HR-Learning & Org Development"]
["W860030 -HR-Temprite Services"]
["W865000 -Financial Services"]
["W865010 -FS-General Accounting"]
["W865020 -GCA-Grant Accounting"]
["W865025 -FS-State Contracts Admin"]
["W865030 -FS-Accounts Payable"]
["W865040 -GCA-Compliance & Cost Analysis"]
["W865050 -FS-Asset Management"]
["W865060 -FS-Bursar"]
["W865070 -FS-Campus Systems Support"]
["W865080 -FS-Payroll"]
["W865090 -FS-Learning Center"]
["W867500 -FS-Budget & Planning"]
["W875000 -Information Technology"]
["W875010 -IT-Chief Information Officer"]
["W875012 -IT-Academic Technology"]
["W875013 -IT-Desktop Services"]
["W875014 -IT-Systems Engineering"]
["W875015 -IT-Telecommunications"]
["W875016 -IT-Data Center"]
["W875021 -IT-Projects"]
["W875025 -IT-CHCF/IT Engineering"]
["W875026 -IT-Project Management"]
["W875028 -Help desk"]
["W875031 -IT-Network Trust"]
["W875034 -IT-Service & Software"]
["W875036 -IT-Network Engineering"]
["W875037 -IT-Research Computing"]
["W875038 -IT-Customer Services"]
["W875039 -IT-Infrastructure Services"]
["W875042 -IT-Security & Compliance"]
["W875043 -IT-Engineering"]
["W882000 -Property Administration"]
["W882010 -Biotech II"]
["W882011 -Biotech IV"]
["W882012 -BNRI"]
["W882013 -Property - Shrewsbury"]
["W882017 -Century Drive"]
["W882019 -LRB"]
["W882028 -Biotech V"]
["W882031 -Advanced Therapeutics Center"]
["W882510 -University SSO-BDL Student"]
["W895020 -University Health Solutions"]
["W900100 -UMMHC-Hospital"]
["W900200 -UMMHC-Group Practice"]
["W900300 -UMMHC - Community Medical Grp"]
["W833060 -Psychiatry-State Contracts"]
["W833070 -CANDO"]
["W833500 -Pediatrics"]
["W833510 -Pediatrics-Child Development"]
["W833511 -Pediatrics-Diabetes"]
["W833512 -Pediatrics-Pulmonary"]
["W833513 -Pediatrics-Development & Behav"]
["W833515 -Pediatrics-Hematology/Oncology"]
["W833518 -Pediatrics-Pierce Lab"]
["W834100 -Otolaryngology"]
["W834500 -Cancer Biology"]
["W835000 -Contr, Creden & Support Serv"]
["W835010 -Contracts Division - Admin"]
["W835011 -Contracts - Child & Adol Psych"]
["W835012 -Contracts - Adult Psychiatry"]
["W835013 -Communities of Care"]
["W83501A -Contracts-Continuing Care Unit"]
["W83501B -Contracts - BIRT"]
["W83501C -Contracts - IRTP"]
["W83501D -WCC/CMCC"]
["W835030 -Employee Assistance"]
["W835032 -EAP Contracts"]
["W835033 -NYSAP"]
["W835034 -Credentialing"]
["W835100 -Health & Criminal Justice"]
["W835110 -Health & Criminal Justice"]
["W835114 -DOC Hlth Svc Contract Start-Up"]
["W835115 -UMass Correctional Health"]
["W835120 -FMC Devens"]
["W835130 -New Business Development"]
["W835160 -Worcester County Sheriff's Dep"]
["W835170 -Correctional Health Consortium"]
["W835180 -FCC Butner"]
["W835185 -FCI Berlin"]
["W835186 -FCI Ray Brook"]
["W835200 -Medical Examiner"]
["W837000 -Urology"]
["W842000 -Facilities Mgt"]
["W842010 -Facilities Mgt-Admin."]
["W842011 -Facilities Mgt-Fleet"]
["W842012 -Facilities Mgt-Maintenance"]
["W842013 -Facilities Mgt-Grounds"]
["W842014 -Facilities Mgt-Gen. Stores"]
["W842015 -Facilities Mgt-Equip. Serv."]
["W842016 -Facilities Mgt-Planning"]
["W842017 -Facilities Mgt-Engineering"]
["W842030 -Facility Plan, Eng & Const."]
["W842100 -Master Space Planning"]
["W842102 -Space Management - Admin"]
["W842103 -Property Management"]
["W842311 -ASC-Lab Glass Cleaning Svc"]
["W842500 -Public Safety"]
["W842510 -Public Safety"]
["W842511 -Access Control"]
["W842512 -Access Control - Lobbies"]
["W842532 -WCCC Security"]
["W842700 -Parking"]
["W842730 -Medical Center Parking Trust"]
["W843000 -Power Plant"]
["W843010 -Power Plant-Operations"]
["W843011 -Power Plant-Utilities"]
["W843500 -FS-Purchasing"]
["W843530 -Lab Supermarket"]
["W844610 -Postal Services"]
["W844611 -Receiving"]
["W844612 -Transportation"]
["W844613 -Warehouse"]
["W844630 -Postal Services Recharge"]
["W844631 -Courier Service"]
["W845000 -Env Building Services"]
["W845010 -EBS - Clinical"]
["W855000 -Neurosurgery"]
["W860000 -HR-Administration"]
["W860010 -HR-Workers' Compensation"]
["W860011 -Employee Health Clinic"]
["W860013 -HR-Administration"]
["W860014 -HR-Compensation"]
["W860015 -HR-Tuition Assistance"]
["W860016 -HR-Immigration Services"]
["W860017 -HR-Learning Development & Ops"]
["W860018 -HR-Talent Acquisition"]
["W860019 -HR-Worklife"]
["W860021 -HR-Systems & Service Center"]
["W860022 -HR-Compensation"]
["W860023 -HR-Effectiveness"]
["W860024 -HR-Employee Relations"]
["W860030 -HR-Temprite Services"]
["W865000 -Financial Services"]
["W865010 -FS-General Accounting"]
["W865020 -GCA-Grant Accounting"]
["W865025 -FS-State Contracts Admin"]
["W865030 -FS-Accounts Payable"]
["W865040 -GCA-Compliance & Cost Analysis"]
["W865050 -FS-Asset Management"]
["W865060 -FS-Bursar"]
["W865070 -FS-Campus Systems Support"]
["W865080 -FS-Payroll"]
["W865090 -FS-Learning Center"]
["W867500 -FS-Budget & Planning"]
["W875000 -Information Technology"]
["W875010 -IT-Chief Information Officer"]
["W875012 -IT-Academic Technology"]
["W875013 -IT-Desktop Services"]
["W875014 -IT-Systems Engineering"]
["W875015 -IT-Telecommunications"]
["W875016 -IT-Data Center"]
["W875021 -IT-Projects"]
["W875025 -IT-CHCF/IT Engineering"]
["W875026 -IT-Project Management"]
["W875028 -Help desk"]
["W875031 -IT-Network Trust"]
["W875034 -IT-Service & Software"]
["W875036 -IT-Network Engineering"]
["W875037 -IT-Research Computing"]
["W875038 -IT-Customer Services"]
["W875039 -IT-Infrastructure Services"]
["W875042 -IT-Security & Compliance"]
["W875043 -IT-Engineering"]
["W882000 -Property Administration"]
["W882010 -Biotech II"]
["W882011 -Biotech IV"]
["W882012 -BNRI"]
["W882013 -Property - Shrewsbury"]
["W882017 -Century Drive"]
["W882019 -LRB"]
["W882028 -Biotech V"]
["W882031 -Advanced Therapeutics Center"]
["W882032 -Waltham Facility Operations"]
["W882510 -University SSO-BDL Student"]
["W895020 -University Health Solutions"]
["W900100 -UMMHC-Hospital"]
["W900200 -UMMHC-Group Practice"]
["W900300 -UMMHC - Community Medical Grp"]

{"sheet":"Location","index":8,"n_rows":100,"n_cols":1,"rows_kept":100,"cut":false,"hidden":true,"merged":[]}
["ADOL UNITS"]
["AMBULATORY"]
["ANDERSON"]
["ASHBURTON"]
["ASHERMAN"]
["BAY MED CT"]
["BEACON ST"]
["BEHA BARN"]
["BEN BLDG"]
["BIO FIVE"]
["BIO FOUR"]
["BIO ONE"]
["BIO THREE"]
["BIO TWO"]
["BOYSGIRLS"]
["BROCKTON"]
["BRUDNICK"]
["BRYAN BLDG"]
["CARSON CTR"]
["CARVER"]
["CCNI"]
["CENTURY"]
["CERC"]
["CHANG"]
["CHELSEA"]
["CHINA TRAD"]
["CHL UMMCHL"]
["CLIN HOSP"]
["CLINIC"]
["COR MEN HT"]
["DDS M BOST"]
["DDS WEST"]
["DDSCENTRAL"]
["DEVENS"]
["DMH CEN OF"]
["DMH MMHC"]
["EDITH NOUR"]
["FARMHOUSE"]
["FER DEV CT"]
["FITCH FAM"]
["FRANKLIN"]
["FULLER"]
["FULLER MHC"]
["HAHNEMANN"]
["HARRISON"]
["HIGGINS"]
["HOAG/PIN"]
["HOGAN REG"]
["HOLYOKE"]
["HOSPITAL"]
["LEM SHAT"]
["LINCOLN"]
["LRB"]
["MA HOSP SC"]
["MAPLE"]
["MAR ANIM"]
["MARL HOSP"]
["MBL_BOS"]
["MED SCHOOL"]
["MEMORIAL"]
["MONSON"]
["MORGAN"]
["NE AIDS CT"]
["NEW HAMP"]
["NQUINCY"]
["OOC"]
["PARK GARG"]
["POCASSET"]
["PWR PLANT"]
["QUINCY MHC"]
["REED/ROSE"]
["S CNT PED"]
["SCHRAFTT"]
["SHAFFNER"]
["SHATTUCK"]
["SHAW BLDG"]
["SHRIVER"]
["SLJ"]
["SMITHBARNE"]
["SOUTH ST"]
["SOUTHCOAST"]
["STANIFORD"]
["STATE LABS"]
["STODDARD"]
["TAUNTON"]
["TEWKSBURY"]
["TRANASSIST"]
["TRI RIVER"]
["UMASS CITY"]
["VERMONT"]
["W MA OFFC"]
["WASHNGT ST"]
["WCHOC"]
["WESTBORO"]
["WESTFIELD"]
["WING MEMOR"]
["WORC FOUND"]
["WORC STATE"]
["WRENTHAM"]
["WSU"]

{"sheet":"Pay","index":9,"n_rows":2,"n_cols":1,"rows_kept":2,"cut":false,"hidden":true,"merged":[]}
["Hourly"]
["Bi-Weekly"]